418  
CXUS52 KMFL 011354  
CLMAPF  
 
CLIMATE REPORT  
NATIONAL WEATHER SERVICE MIAMI, FL  
850 AM EST TUE DEC 1 2020  
   
...............................
 
 
   
..THE NAPLES CLIMATE SUMMARY FOR THE MONTH OF NOVEMBER 2020
 
 
CLIMATE NORMAL PERIOD 1981 TO 2010  
CLIMATE RECORD PERIOD 1942 TO 2020  
 
WEATHER OBSERVED NORMAL DEPART LAST YEAR'S  
VALUE DATE(S) VALUE FROM VALUE DATE(S)  
NORMAL    
............................................................
 
 
TEMPERATURE (F)  
RECORD  
HIGH 92 11/04/2015  
11/10/1946  
08/04/1944  
LOW 31 11/25/1970  
HIGHEST 90 11/01 91 11/07  
11/06  
LOWEST 62 11/03 56 11/21  
11/20  
11/18  
AVG. MAXIMUM 84.0 81.2 2.8 82.7  
AVG. MINIMUM 69.0 62.9 6.1 64.8  
MEAN 76.5 72.1 4.4 73.8  
DAYS MAX >= 90 1 4  
DAYS MAX <= 32 0 0  
DAYS MIN <= 32 0 0  
DAYS MIN <= 0 0 0  
 
PRECIPITATION (INCHES)  
RECORD  
MAXIMUM 9.69 1946  
MINIMUM T 2016  
TOTALS 2.70 2.04 0.66 1.70  
DAILY AVG. 0.09 0.07 0.02 0.06  
DAYS >= .01 10 3  
DAYS >= .10 4 3  
DAYS >= .50 2 1  
DAYS >= 1.00 1 1  
GREATEST  
24 HR. TOTAL 1.18 11/09 TO 11/09 1.18  
 
DEGREE_DAYS  
HEATING TOTAL 0 13 -13 6  
SINCE 7/1 0 14 -14 6  
COOLING TOTAL 352 224 128 276  
SINCE 1/1 4804 3819 985 4592    
.............................................................
 
 
WIND (MPH)  
AVERAGE WIND SPEED 9.9  
HIGHEST WIND SPEED/DIRECTION 37/060 DATE 11/09  
HIGHEST GUST SPEED/DIRECTION 55/150 DATE 11/11  
 
SKY COVER  
POSSIBLE SUNSHINE (PERCENT) MM  
AVERAGE SKY COVER 0.30  
NUMBER OF DAYS FAIR 18  
NUMBER OF DAYS PC 10  
NUMBER OF DAYS CLOUDY 2  
 
AVERAGE RH (PERCENT) 76  
 
WEATHER CONDITIONS. NUMBER OF DAYS WITH  
0  
3  
0  
0  
0  
0  
1  
HAZE 5  
 
- INDICATES NEGATIVE NUMBERS.  
R INDICATES RECORD WAS SET OR TIED.  
MM INDICATES DATA IS MISSING.  
T INDICATES TRACE AMOUNT.  
 

 
 
CLICK HERE TO GO TO PREVIOUS BULLETINS.

The Nexlab FL Page Main Text Page

The Nexlab FL Page Main Text Page