185  
CXUS52 KMFL 011357  
CLMMIA  
 
CLIMATE REPORT  
NATIONAL WEATHER SERVICE MIAMI, FL  
854 AM EST TUE DEC 1 2020  
   
...............................
 
 
   
..THE MIAMI CLIMATE SUMMARY FOR THE MONTH OF NOVEMBER 2020
 
 
CLIMATE NORMAL PERIOD 1981 TO 2010  
CLIMATE RECORD PERIOD 1895 TO 2020  
 
WEATHER OBSERVED NORMAL DEPART LAST YEAR'S  
VALUE DATE(S) VALUE FROM VALUE  
NORMAL    
.........................................................
 
 
TEMPERATURE (F)  
RECORD  
HIGH 91 11/01/2019  
11/06/2002  
10/22/2041  
LOW 36 11/21/1914  
HIGHEST 87 11/01 91  
LOWEST 68 11/30 57  
11/29  
11/24  
AVG. MAXIMUM 82.7 81.7 1.0 83.2  
AVG. MINIMUM 72.2 68.1 4.1 68.7  
MEAN 77.4 74.9 2.5 75.9  
DAYS MAX >= 90 0 1  
DAYS MAX <= 32 0 0  
DAYS MIN <= 32 0 0  
DAYS MIN <= 0 0 0  
 
PRECIPITATION (INCHES)  
RECORD  
MAXIMUM 17.72 1925  
MINIMUM 0.09 1970  
TOTALS 9.60 3.27 6.33 1.62  
DAILY AVG. 0.32 0.11 0.21  
DAYS >= .01 18 10  
DAYS >= .10 11 5  
DAYS >= .50 5 1  
DAYS >= 1.00 3 0  
GREATEST  
24 HR. TOTAL 2.83 11/08 TO 11/08 0.51  
 
DEGREE_DAYS  
HEATING TOTAL 0 3 -3 4  
SINCE 7/1 0 3 -3 4  
COOLING TOTAL 381 300 81 340  
SINCE 1/1 5209 4372 837 5011    
..........................................................
 
 
WIND (MPH)  
AVERAGE WIND SPEED 10.0  
HIGHEST WIND SPEED/DIRECTION 40/090 DATE 11/08  
HIGHEST GUST SPEED/DIRECTION 50/090 DATE 11/08  
 
SKY COVER  
POSSIBLE SUNSHINE (PERCENT) MM  
AVERAGE SKY COVER 0.60  
NUMBER OF DAYS FAIR 4  
NUMBER OF DAYS PC 17  
NUMBER OF DAYS CLOUDY 9  
 
AVERAGE RH (PERCENT) 77  
 
WEATHER CONDITIONS. NUMBER OF DAYS WITH  
 
THUNDERSTORM 3 MIXED PRECIP 0  
HEAVY RAIN 8 RAIN 9  
LIGHT RAIN 21 FREEZING RAIN 0  
LT FREEZING RAIN 0 HAIL 0  
HEAVY SNOW 0 SNOW 0  
LIGHT SNOW 0 SLEET 0  
FOG 17 FOG W/VIS <= 1/4 MILE 2  
HAZE 1  
 
 
- INDICATES NEGATIVE NUMBERS.  
R INDICATES RECORD WAS SET OR TIED.  
MM INDICATES DATA IS MISSING.  
T INDICATES TRACE AMOUNT.  
 

 
 
CLICK HERE TO GO TO PREVIOUS BULLETINS.

The Nexlab FL Page Main Text Page