494  
CXUS52 KMFL 011423  
CLMFLL  
 
CLIMATE REPORT  
NATIONAL WEATHER SERVICE MIAMI, FL  
923 AM EST MON FEB 01 2021  
   
...............................
 
 
...THE FORT LAUDERDALE CLIMATE SUMMARY FOR THE MONTH OF JANUARY 2021...  
 
CLIMATE NORMAL PERIOD: 1981 TO 2010  
CLIMATE RECORD PERIOD: 1912 TO 2021  
 
WEATHER OBSERVED NORMAL DEPART LAST YEAR'S  
VALUE DATE(S) VALUE FROM VALUE  
NORMAL    
..........................................................
 
 
TEMPERATURE (F)  
RECORD  
HIGH 88 01/14/1979  
01/26/1965  
01/20/1947  
LOW 28 01/20/1977  
01/19/1977  
HIGHEST 86 01/27 87  
LOWEST 47 01/10 39  
AVG. MAXIMUM 76.5 76.3 0.2 77.6  
AVG. MINIMUM 60.7 61.6 -0.9 62.9  
MEAN 68.6 69.0 -0.4 70.3  
DAYS MAX >= 90 0 0  
DAYS MAX <= 32 0 0  
DAYS MIN <= 32 0 0  
DAYS MIN <= 0 0 0  
 
PRECIPITATION (INCHES)  
RECORD  
MAXIMUM 10.03 1993  
MINIMUM 0.00 1951  
TOTALS 0.45 3.63 -3.18 1.82  
DAILY AVG. 0.01 0.12 -0.11 0.06  
DAYS >= .01 2 8  
DAYS >= .10 2 5  
DAYS >= .50 0 1  
DAYS >= 1.00 0 0  
GREATEST  
24 HR. TOTAL 0.45 01/13 TO 01/14 0.93  
 
DEGREE DAYS  
HEATING TOTAL 20 48 -28 30  
SINCE 7/1 60 79 -19 45  
COOLING TOTAL 140 170 -30 200  
SINCE 1/1 140 170 -30 200    
..........................................................
 
 
WIND (MPH)  
AVERAGE WIND SPEED 7.3  
HIGHEST WIND SPEED/DIRECTION 24/140 DATE 01/01  
HIGHEST GUST SPEED/DIRECTION 29/160 DATE 01/01  
29/340 01/28  
 
SKY COVER  
POSSIBLE SUNSHINE (PERCENT) MM  
AVERAGE SKY COVER 0.52  
NUMBER OF DAYS FAIR 8  
NUMBER OF DAYS PC 18  
NUMBER OF DAYS CLOUDY 5  
 
AVERAGE RH (PERCENT) 72  
 
WEATHER CONDITIONS. NUMBER OF DAYS WITH  
THUNDERSTORM 0 MIXED PRECIP 0  
HEAVY RAIN 1 RAIN 1  
LIGHT RAIN 4 FREEZING RAIN 0  
LT FREEZING RAIN 0 HAIL 0  
HEAVY SNOW 0 SNOW 0  
LIGHT SNOW 0 SLEET 0  
FOG 4 FOG W/VIS <= 1/4 MILE 0  
HAZE 0  
 
- INDICATES NEGATIVE NUMBERS.  
R INDICATES RECORD WAS SET OR TIED.  
MM INDICATES DATA IS MISSING.  
T INDICATES TRACE AMOUNT.  
 

 
 
CLICK HERE TO GO TO PREVIOUS BULLETINS.

The Nexlab FL Page Main Text Page

The Nexlab FL Page Main Text Page