146  
CXUS52 KMFL 011536  
CLMPBI  
 
CLIMATE REPORT  
NATIONAL WEATHER SERVICE MIAMI, FL  
1036 AM EST MON MAR 01 2021  
   
...............................
 
 
...THE WEST PALM BEACH CLIMATE SUMMARY FOR THE MONTH OF FEBRUARY 2021...  
 
CLIMATE NORMAL PERIOD: 1981 TO 2010  
CLIMATE RECORD PERIOD: 1888 TO 2021  
 
WEATHER OBSERVED NORMAL DEPART LAST YEAR'S  
VALUE DATE(S) VALUE FROM VALUE  
NORMAL    
..........................................................
 
 
TEMPERATURE (F)  
RECORD  
HIGH 91 02/04/2016  
LOW 27 02/09/1895  
HIGHEST 89 02/19 88  
LOWEST 39 02/04 47  
AVG. MAXIMUM 81.8 76.5 5.3 80.1  
AVG. MINIMUM 65.5 59.1 6.4 64.8  
MEAN 73.6 67.8 5.8 72.5  
DAYS MAX >= 90 0 0  
DAYS MAX <= 32 0 0  
DAYS MIN <= 32 0 0  
DAYS MIN <= 0 0 0  
 
PRECIPITATION (INCHES)  
RECORD  
MAXIMUM 8.71 1983  
MINIMUM 0.00 1911  
TOTALS 2.62 2.82 -0.20 2.58  
DAILY AVG. 0.09 0.10 -0.01 0.09  
DAYS >= .01 11 8  
DAYS >= .10 5 5  
DAYS >= .50 2 3  
DAYS >= 1.00 1 0  
GREATEST  
24 HR. TOTAL 1.27 02/16 TO 02/17 0.84  
 
DEGREE DAYS  
HEATING TOTAL 30 48 -18 24  
SINCE 7/1 143 205 -62 73  
COOLING TOTAL 277 127 150 249  
SINCE 1/1 382 236 146 445    
..........................................................
 
 
WIND (MPH)  
AVERAGE WIND SPEED 10.6  
HIGHEST WIND SPEED/DIRECTION 31/280 DATE 02/01  
HIGHEST GUST SPEED/DIRECTION 41/290 DATE 02/01  
 
SKY COVER  
POSSIBLE SUNSHINE (PERCENT) MM  
AVERAGE SKY COVER 0.49  
NUMBER OF DAYS FAIR 6  
NUMBER OF DAYS PC 21  
NUMBER OF DAYS CLOUDY 1  
 
AVERAGE RH (PERCENT) 71  
 
WEATHER CONDITIONS. NUMBER OF DAYS WITH  
THUNDERSTORM 5 MIXED PRECIP 0  
HEAVY RAIN 3 RAIN 4  
LIGHT RAIN 11 FREEZING RAIN 0  
LT FREEZING RAIN 0 HAIL 0  
HEAVY SNOW 0 SNOW 0  
LIGHT SNOW 0 SLEET 0  
FOG 12 FOG W/VIS <= 1/4 MILE 2  
HAZE 1  
 
- INDICATES NEGATIVE NUMBERS.  
R INDICATES RECORD WAS SET OR TIED.  
MM INDICATES DATA IS MISSING.  
T INDICATES TRACE AMOUNT.  
 

 
 
CLICK HERE TO GO TO PREVIOUS BULLETINS.

The Nexlab FL Page Main Text Page