358  
CXUS52 KMFL 010834  
CLMPBI  
 
CLIMATE REPORT  
NATIONAL WEATHER SERVICE MIAMI, FL  
434 AM EDT THU APR 01 2021  
   
...............................
 
 
   
..THE WEST PALM BEACH CLIMATE SUMMARY FOR THE MONTH OF MARCH 2021
 
 
CLIMATE NORMAL PERIOD: 1981 TO 2010  
CLIMATE RECORD PERIOD: 1888 TO 2021  
 
WEATHER OBSERVED NORMAL DEPART LAST YEAR'S  
VALUE DATE(S) VALUE FROM VALUE  
NORMAL    
..........................................................
 
 
TEMPERATURE (F)  
RECORD  
HIGH 95 03/31/2011  
03/26/1928  
LOW 26 03/02/1920  
HIGHEST 88 03/28 94  
03/30  
LOWEST 56 03/22 50  
AVG. MAXIMUM 82.0 78.7 3.3 84.1  
AVG. MINIMUM 66.7 62.2 4.5 69.7  
MEAN 74.4 70.5 3.9 76.9  
DAYS MAX >= 90 0 3  
DAYS MAX <= 32 0 0  
DAYS MIN <= 32 0 0  
DAYS MIN <= 0 0 0  
 
PRECIPITATION (INCHES)  
RECORD  
MAXIMUM 16.78 1982  
MINIMUM 0.00 1922  
TOTALS 0.96 4.59 -3.63 0.17  
DAILY AVG. 0.03 0.15 -0.12 0.01  
DAYS >= .01 3 2  
DAYS >= .10 2 0  
DAYS >= .50 1 0  
DAYS >= 1.00 0 0  
GREATEST  
24 HR. TOTAL 0.55 03/06 TO 03/06 0.09  
 
DEGREE DAYS  
HEATING TOTAL 0 24 -24 2  
SINCE 7/1 143 227 -84 75  
COOLING TOTAL 298 193 105 379  
SINCE 1/1 680 428 252 824    
..........................................................
 
 
WIND (MPH)  
AVERAGE WIND SPEED 10.8  
HIGHEST WIND SPEED/DIRECTION 25/010 DATE 03/07  
HIGHEST GUST SPEED/DIRECTION 34/010 DATE 03/07  
 
SKY COVER  
POSSIBLE SUNSHINE (PERCENT) MM  
AVERAGE SKY COVER 0.49  
NUMBER OF DAYS FAIR 3  
NUMBER OF DAYS PC 27  
NUMBER OF DAYS CLOUDY 1  
 
AVERAGE RH (PERCENT) 67  
 
WEATHER CONDITIONS. NUMBER OF DAYS WITH  
THUNDERSTORM 0 MIXED PRECIP 0  
HEAVY RAIN 2 RAIN 2  
LIGHT RAIN 4 FREEZING RAIN 0  
LT FREEZING RAIN 0 HAIL 0  
HEAVY SNOW 0 SNOW 0  
LIGHT SNOW 0 SLEET 0  
FOG 2 FOG W/VIS <= 1/4 MILE 0  
HAZE 1  
 
- INDICATES NEGATIVE NUMBERS.  
R INDICATES RECORD WAS SET OR TIED.  
MM INDICATES DATA IS MISSING.  
T INDICATES TRACE AMOUNT.  
 

 
 
CLICK HERE TO GO TO PREVIOUS BULLETINS.

The Nexlab FL Page Main Text Page