620  
CXUS52 KMFL 011139  
CLMFLL  
 
CLIMATE REPORT  
NATIONAL WEATHER SERVICE MIAMI, FL  
739 AM EDT SAT MAY 01 2021  
   
...............................
 
 
   
..THE FORT LAUDERDALE CLIMATE SUMMARY FOR THE MONTH OF APRIL 2021
 
 
CLIMATE NORMAL PERIOD: 1981 TO 2010  
CLIMATE RECORD PERIOD: 1912 TO 2021  
 
WEATHER OBSERVED NORMAL DEPART LAST YEAR'S  
VALUE DATE(S) VALUE FROM VALUE  
NORMAL    
..........................................................
 
 
TEMPERATURE (F)  
RECORD  
HIGH 98 04/04/1980  
04/04/1926  
LOW 40 04/07/1960  
HIGHEST 93 04/25 95  
LOWEST 59 04/02 63  
AVG. MAXIMUM 84.0 82.7 1.3 87.1  
AVG. MINIMUM 70.4 69.7 0.7 73.3  
MEAN 77.2 76.2 1.0 80.2  
DAYS MAX >= 90 4 10  
DAYS MAX <= 32 0 0  
DAYS MIN <= 32 0 0  
DAYS MIN <= 0 0 0  
 
PRECIPITATION (INCHES)  
RECORD  
MAXIMUM 19.47 1979  
MINIMUM 0.02 1946  
TOTALS 2.74 2.89 -0.15 3.43  
DAILY AVG. 0.09 0.10 -0.01 0.11  
DAYS >= .01 6 11  
DAYS >= .10 4 7  
DAYS >= .50 2 3  
DAYS >= 1.00 1 1  
GREATEST  
24 HR. TOTAL 1.32 04/11 TO 04/12 1.09  
 
DEGREE DAYS  
HEATING TOTAL 0 1 -1 0  
SINCE 7/1 81 111 -30 70  
COOLING TOTAL 374 337 37 464  
SINCE 1/1 1105 947 158 1228    
..........................................................
 
 
WIND (MPH)  
AVERAGE WIND SPEED 10.5  
HIGHEST WIND SPEED/DIRECTION 36/200 DATE 04/20  
HIGHEST GUST SPEED/DIRECTION 42/200 DATE 04/20  
 
SKY COVER  
POSSIBLE SUNSHINE (PERCENT) MM  
AVERAGE SKY COVER 0.47  
NUMBER OF DAYS FAIR 8  
NUMBER OF DAYS PC 19  
NUMBER OF DAYS CLOUDY 3  
 
AVERAGE RH (PERCENT) 70  
 
WEATHER CONDITIONS. NUMBER OF DAYS WITH  
THUNDERSTORM 6 MIXED PRECIP 0  
HEAVY RAIN 1 RAIN 5  
LIGHT RAIN 7 FREEZING RAIN 0  
LT FREEZING RAIN 0 HAIL 0  
HEAVY SNOW 0 SNOW 0  
LIGHT SNOW 0 SLEET 0  
FOG 5 FOG W/VIS <= 1/4 MILE 0  
HAZE 1  
 
- INDICATES NEGATIVE NUMBERS.  
R INDICATES RECORD WAS SET OR TIED.  
MM INDICATES DATA IS MISSING.  
T INDICATES TRACE AMOUNT.  
 

 
 
CLICK HERE TO GO TO PREVIOUS BULLETINS.

The Nexlab FL Page Main Text Page