460  
CXUS52 KMFL 010929  
CLMAPF  
 
CLIMATE REPORT  
NATIONAL WEATHER SERVICE MIAMI, FL  
529 AM EDT THU JUL 01 2021  
   
...............................
 
 
   
..THE NAPLES CLIMATE SUMMARY FOR THE MONTH OF JUNE 2021
 
 
CLIMATE NORMAL PERIOD: 1991 TO 2020  
CLIMATE RECORD PERIOD: 1942 TO 2021  
 
WEATHER OBSERVED NORMAL DEPART LAST YEAR'S  
VALUE DATE(S) VALUE FROM VALUE DATE(S)  
NORMAL    
............................................................
 
 
TEMPERATURE (F)  
RECORD  
HIGH 98 06/26/2019  
06/06/1985  
06/05/1985  
LOW 61 06/04/1955  
HIGHEST 93 06/07 96 06/27  
LOWEST 70 06/02 71 06/16  
06/13  
AVG. MAXIMUM 89.3 89.8 -0.5 91.3  
AVG. MINIMUM 74.6 74.4 0.2 76.0  
MEAN 82.0 82.1 -0.1 83.6  
DAYS MAX >= 90 15 25  
DAYS MAX <= 32 0 0  
DAYS MIN <= 32 0 0  
DAYS MIN <= 0 0 0  
 
PRECIPITATION (INCHES)  
RECORD  
MAXIMUM 21.28 2005  
MINIMUM 0.91 1980  
TOTALS 9.92 7.41 2.51 9.40  
DAILY AVG. 0.33 0.25 0.08 0.31  
DAYS >= .01 17 10  
DAYS >= .10 12 9  
DAYS >= .50 10 5  
DAYS >= 1.00 3 3  
GREATEST  
24 HR. TOTAL 2.42 05/31 TO 06/01 3.19  
 
DEGREE DAYS  
HEATING TOTAL 0 0 0 0  
SINCE 7/1 174 222 -48 67  
COOLING TOTAL 517 513 4 563  
SINCE 1/1 1804 1635 169 2177    
............................................................
 
 
WIND (MPH)  
AVERAGE WIND SPEED 7.5  
HIGHEST WIND SPEED/DIRECTION 31/100 DATE 06/28  
HIGHEST GUST SPEED/DIRECTION 42/060 DATE 06/28  
 
SKY COVER  
POSSIBLE SUNSHINE (PERCENT) MM  
AVERAGE SKY COVER 0.26  
NUMBER OF DAYS FAIR 24  
NUMBER OF DAYS PC 6  
NUMBER OF DAYS CLOUDY 0  
 
AVERAGE RH (PERCENT) 78  
 
WEATHER CONDITIONS. NUMBER OF DAYS WITH  
THUNDERSTORM 22 MIXED PRECIP 0  
HEAVY RAIN 9 RAIN 10  
LIGHT RAIN 19 FREEZING RAIN 0  
LT FREEZING RAIN 0 HAIL 0  
HEAVY SNOW 0 SNOW 0  
LIGHT SNOW 0 SLEET 0  
FOG 16 FOG W/VIS <= 1/4 MILE 0  
HAZE 4  
 
- INDICATES NEGATIVE NUMBERS.  
R INDICATES RECORD WAS SET OR TIED.  
MM INDICATES DATA IS MISSING.  
T INDICATES TRACE AMOUNT.  
 

 
 
CLICK HERE TO GO TO PREVIOUS BULLETINS.

The Nexlab FL Page Main Text Page

The Nexlab FL Page Main Text Page