824  
CXUS54 KMOB 011430  
CLMPNS  
 
CLIMATE REPORT  
NATIONAL WEATHER SERVICE MOBILE AL  
908 AM CDT THU OCT 1 2020  
   
...............................
 
 
   
..THE PENSACOLA CLIMATE SUMMARY FOR THE MONTH OF SEPTEMBER 2020
 
 
CLIMATE NORMAL PERIOD 1981 TO 2010  
CLIMATE RECORD PERIOD 1879 TO 2020  
 
WEATHER OBSERVED NORMAL DEPART LAST YEAR'S  
VALUE DATE(S) VALUE FROM VALUE DATE(S)  
NORMAL    
............................................................
 
 
TEMPERATURE (F)  
RECORD  
HIGH 102 09/18/2019  
09/05/1925  
LOW 43 09/29/1967  
HIGHEST 98 09/05 102 09/18  
LOWEST 52 09/30 70 09/23  
AVG. MAXIMUM 85.7 86.5 -0.8 93.8  
AVG. MINIMUM 71.9 70.3 1.6 75.4  
MEAN 78.8 78.4 0.4 84.6  
DAYS MAX >= 90 11 6.3 4.7 26  
DAYS MAX <= 32 0 0.0 0.0 0  
DAYS MIN <= 32 0 0.0 0.0 0  
DAYS MIN <= 0 0 0.0 0.0 0  
 
PRECIPITATION (INCHES)  
RECORD  
MAXIMUM 19.91 1998  
MINIMUM T 2019  
TOTALS 18.51 5.98 12.53 T  
DAILY AVG. 0.62 0.20 0.42 T  
DAYS >= .01 12 8.8 3.2 0  
DAYS >= .10 7 6.0 1.0 0  
DAYS >= .50 3 3.1 -0.1 0  
DAYS >= 1.00 2 2.0 0.0 0  
GREATEST  
24 HR. TOTAL 11.85 09/16 TO 09/16  
 
DEGREE_DAYS  
COOLING TOTAL 423 403 20 595  
SINCE 1/1 2828 2370 458 2964    
.............................................................
 
 
WIND (MPH)  
AVERAGE WIND SPEED MM  
HIGHEST WIND SPEED/DIRECTION 74/160 DATE 09/16  
HIGHEST GUST SPEED/DIRECTION 92/160 DATE 09/16  
 
SKY COVER  
POSSIBLE SUNSHINE (PERCENT)  
AVERAGE SKY COVER 0.30  
NUMBER OF DAYS FAIR 18  
NUMBER OF DAYS PC 9  
NUMBER OF DAYS CLOUDY 3  
 
AVERAGE RH (PERCENT) 75  
 
WEATHER CONDITIONS. NUMBER OF DAYS WITH  
THUNDERSTORM 4 MIXED PRECIP 0  
HEAVY RAIN 6 RAIN 5  
LIGHT RAIN 15 FREEZING RAIN 0  
LT FREEZING RAIN 0 HAIL 0  
HEAVY SNOW 0 SNOW 0  
LIGHT SNOW 0 SLEET 0  
FOG 10 FOG W/VIS <= 1/4 MILE 1  
HAZE 1  
 
- INDICATES NEGATIVE NUMBERS.  
R INDICATES RECORD WAS SET OR TIED.  
MM INDICATES DATA IS MISSING.  
T INDICATES TRACE AMOUNT.  
 

 
 
CLICK HERE TO GO TO PREVIOUS BULLETINS.

The Nexlab AL Page
The Nexlab FL Page
The Nexlab MS Page Main Text Page