271  
CXUS54 KMOB 011243  
CLMMOB  
 
CLIMATE REPORT  
NATIONAL WEATHER SERVICE MOBILE AL  
611 AM CST SUN NOV 1 2020  
   
...............................
 
 
   
..THE MOBILE CLIMATE SUMMARY FOR THE MONTH OF OCTOBER 2020
 
 
CLIMATE NORMAL PERIOD 1981 TO 2010  
CLIMATE RECORD PERIOD 1842 TO 2020  
 
WEATHER OBSERVED NORMAL DEPART LAST YEAR'S  
VALUE DATE(S) VALUE FROM VALUE DATE(S)  
NORMAL    
............................................................
 
 
TEMPERATURE (F)  
RECORD  
HIGH 98 10/04/2019  
10/03/2019  
LOW 30 10/31/1993  
HIGHEST 90 10/07 98 10/04  
10/03  
LOWEST 44 10/31 39 10/31  
AVG. MAXIMUM 80.7 79.2 1.5 83.3  
AVG. MINIMUM 60.8 57.6 3.2 62.2  
MEAN 70.8 68.4 2.4 72.7  
DAYS MAX >= 90 1 0.5 0.5 8  
DAYS MAX <= 32 0 0.0 0.0 0  
DAYS MIN <= 32 0 0.0 0.0 0  
DAYS MIN <= 0 0 0.0 0.0 0  
 
PRECIPITATION (INCHES)  
RECORD  
MAXIMUM 13.44 2017  
MINIMUM 0.00 2016  
TOTALS 3.54 3.69 -0.15 11.13  
DAILY AVG. 0.11 0.12 -0.01 0.36  
DAYS >= .01 8 6.9 1.1 13  
DAYS >= .10 5 4.4 0.6 9  
DAYS >= .50 2 2.2 -0.2 6  
DAYS >= 1.00 1 1.3 -0.3 5  
GREATEST  
24 HR. TOTAL 1.78 10/28 TO 10/28  
 
DEGREE_DAYS  
HEATING TOTAL 25 53 -28 27  
SINCE 7/1 27 55 -28 27  
COOLING TOTAL 212 158 54 275  
SINCE 1/1 2568 2462 106 3110    
.............................................................
 
 
WIND (MPH)  
AVERAGE WIND SPEED 7.5  
HIGHEST WIND SPEED/DIRECTION 55/160 DATE 10/28  
HIGHEST GUST SPEED/DIRECTION 91/160 DATE 10/28  
 
SKY COVER  
POSSIBLE SUNSHINE (PERCENT)  
AVERAGE SKY COVER 0.40  
NUMBER OF DAYS FAIR 14  
NUMBER OF DAYS PC 11  
NUMBER OF DAYS CLOUDY 6  
 
AVERAGE RH (PERCENT) 73  
 
WEATHER CONDITIONS. NUMBER OF DAYS WITH  
THUNDERSTORM 2 MIXED PRECIP 0  
HEAVY RAIN 5 RAIN 5  
LIGHT RAIN 7 FREEZING RAIN 0  
LT FREEZING RAIN 0 HAIL 0  
HEAVY SNOW 0 SNOW 0  
LIGHT SNOW 0 SLEET 0  
FOG 16 FOG W/VIS <= 1/4 MILE 1  
HAZE 6  
 
 
- INDICATES NEGATIVE NUMBERS.  
R INDICATES RECORD WAS SET OR TIED.  
MM INDICATES DATA IS MISSING.  
T INDICATES TRACE AMOUNT.  
 

 
 
CLICK HERE TO GO TO PREVIOUS BULLETINS.

The Nexlab AL Page
The Nexlab FL Page
The Nexlab MS Page Main Text Page