241  
CXUS54 KMOB 011909  
CLMPNS  
 
CLIMATE REPORT  
NATIONAL WEATHER SERVICE MOBILE AL  
1236 PM CST TUE DEC 1 2020  
   
...............................
 
 
   
..THE PENSACOLA CLIMATE SUMMARY FOR THE MONTH OF NOVEMBER 2020
 
 
CLIMATE NORMAL PERIOD 1981 TO 2010  
CLIMATE RECORD PERIOD 1879 TO 2020  
 
WEATHER OBSERVED NORMAL DEPART LAST YEAR'S  
VALUE DATE(S) VALUE FROM VALUE DATE(S)  
NORMAL    
............................................................
 
 
TEMPERATURE (F)  
RECORD  
HIGH 89 11/04/2016  
LOW 22 11/25/1950  
HIGHEST 87 11/11 84 11/27  
LOWEST 35 11/30 29 11/13  
AVG. MAXIMUM 76.9 70.3 6.6 71.5  
AVG. MINIMUM 57.6 51.2 6.4 47.7  
MEAN 67.3 60.7 6.6 59.6  
DAYS MAX >= 90 0 0.0 0.0 0  
DAYS MAX <= 32 0 0.0 0.0 0  
DAYS MIN <= 32 0 0.5 -0.5 1  
DAYS MIN <= 0 0 0.0 0.0 0  
 
PRECIPITATION (INCHES)  
RECORD  
MAXIMUM 13.27 1995  
MINIMUM 0.09 2017  
TOTALS 2.20 4.73 -2.53 1.09  
DAILY AVG. 0.07 0.16 -0.09 0.04  
DAYS >= .01 6 7.2 -1.2 4  
DAYS >= .10 4 5.3 -1.3 3  
DAYS >= .50 1 2.7 -1.7 1  
DAYS >= 1.00 1 1.6 -0.6 0  
GREATEST  
24 HR. TOTAL 1.50 11/29 TO 11/29  
 
 
DEGREE_DAYS  
HEATING TOTAL 62 174 -112 189  
SINCE 7/1 72 212 -140 198  
COOLING TOTAL 135 46 89 32  
SINCE 1/1 3253 2596 657 3314    
.............................................................
 
 
WIND (MPH)  
AVERAGE WIND SPEED 7.9  
HIGHEST WIND SPEED/DIRECTION 28/280 DATE 11/29  
HIGHEST GUST SPEED/DIRECTION 51/300 DATE 11/29  
 
SKY COVER  
POSSIBLE SUNSHINE (PERCENT)  
AVERAGE SKY COVER 0.30  
NUMBER OF DAYS FAIR 22  
NUMBER OF DAYS PC 5  
NUMBER OF DAYS CLOUDY 3  
 
AVERAGE RH (PERCENT) 68  
 
WEATHER CONDITIONS. NUMBER OF DAYS WITH  
THUNDERSTORM 2 MIXED PRECIP 0  
HEAVY RAIN 2 RAIN 3  
LIGHT RAIN 5 FREEZING RAIN 0  
LT FREEZING RAIN 0 HAIL 0  
HEAVY SNOW 0 SNOW 0  
LIGHT SNOW 0 SLEET 0  
FOG 4 FOG W/VIS <= 1/4 MILE 2  
HAZE 0  
 
- INDICATES NEGATIVE NUMBERS.  
R INDICATES RECORD WAS SET OR TIED.  
MM INDICATES DATA IS MISSING.  
T INDICATES TRACE AMOUNT.  
 

 
 
CLICK HERE TO GO TO PREVIOUS BULLETINS.

The Nexlab AL Page
The Nexlab FL Page
The Nexlab MS Page Main Text Page