512  
CXUS54 KMOB 080702 CCB  
CLMPNS  
 
CLIMATE REPORT  
NATIONAL WEATHER SERVICE MOBILE AL  
504 PM CST FRI JAN 01 2021  
   
...............................
 
 
   
..THE PENSACOLA CLIMATE SUMMARY FOR THE MONTH OF DECEMBER 2020
 
 
CLIMATE NORMAL PERIOD: 1981 TO 2010  
CLIMATE RECORD PERIOD: 1879 TO 2020  
 
WEATHER OBSERVED NORMAL DEPART LAST YEAR'S  
VALUE DATE(S) VALUE FROM VALUE DATE(S)  
NORMAL    
............................................................
 
 
TEMPERATURE (F)  
RECORD  
HIGH 81 12/10/2019  
12/18/2016  
12/06/2014  
LOW 11 12/24/1989  
12/25/1983  
12/13/1962  
HIGHEST 78 12/12 81 12/10  
LOWEST 29 12/26 33 12/03  
AVG. MAXIMUM 64.8 62.6 2.2 66.5  
AVG. MINIMUM 43.4 44.4 -1.0 49.6  
MEAN 54.1 53.5 0.6 58.0  
DAYS MAX >= 90 0 0.0 0.0 0  
DAYS MAX <= 32 0 0.1 -0.1 0  
DAYS MIN <= 32 4 3.5 0.5 0  
DAYS MIN <= 0 0 0.0 0.0 0  
 
PRECIPITATION (INCHES)  
RECORD  
MAXIMUM 16.55 2018  
MINIMUM 0.18 1889  
TOTALS 4.76 4.55 0.21 7.16  
DAILY AVG. 0.15 0.15 0.00 0.23  
DAYS >= .01 9 9.0 0.0 13  
DAYS >= .10 7 6.0 1.0 9  
DAYS >= .50 3 2.7 0.3 4  
DAYS >= 1.00 2 1.4 0.6 3  
GREATEST  
24 HR. TOTAL 1.72 12/04 TO 12/04  
 
SNOWFALL (INCHES)  
RECORDS  
TOTAL T 2017  
SNOW DEPTH 0  
TOTALS 0.0  
SINCE 7/1 0.0  
SNOWDEPTH AVG. 0  
DAYS >= 1.0 0  
GREATEST  
SNOW DEPTH 0  
24 HR TOTAL 0.0  
 
DEGREE DAYS  
HEATING TOTAL 344 370 -26 234  
SINCE 7/1 416 582 -166 432  
COOLING TOTAL 15 13 2 25  
SINCE 1/1 3247 2609 638 3339    
............................................................
 
 
WIND (MPH)  
AVERAGE WIND SPEED 7.8  
HIGHEST WIND SPEED/DIRECTION 29/320 DATE 12/24  
HIGHEST GUST SPEED/DIRECTION 43/300 DATE 12/24  
 
SKY COVER  
POSSIBLE SUNSHINE (PERCENT)  
AVERAGE SKY COVER 0.34  
NUMBER OF DAYS FAIR 17  
NUMBER OF DAYS PC 9  
NUMBER OF DAYS CLOUDY 5  
 
AVERAGE RH (PERCENT) 73  
 
WEATHER CONDITIONS. NUMBER OF DAYS WITH  
THUNDERSTORM 2 MIXED PRECIP 0  
HEAVY RAIN 5 RAIN 5  
LIGHT RAIN 14 FREEZING RAIN 0  
LT FREEZING RAIN 0 HAIL 0  
HEAVY SNOW 0 SNOW 0  
LIGHT SNOW 0 SLEET 0  
FOG 12 FOG W/VIS <= 1/4 MILE 1  
HAZE 3  
 
- INDICATES NEGATIVE NUMBERS.  
R INDICATES RECORD WAS SET OR TIED.  
MM INDICATES DATA IS MISSING.  
T INDICATES TRACE AMOUNT.  
 

 
 
CLICK HERE TO GO TO PREVIOUS BULLETINS.

The Nexlab AL Page
The Nexlab FL Page
The Nexlab MS Page Main Text Page