127  
CXUS54 KMOB 011714  
CLMMOB  
 
CLIMATE REPORT  
NATIONAL WEATHER SERVICE MOBILE AL  
1114 AM CST MON FEB 01 2021  
   
...............................
 
 
   
..THE MOBILE CLIMATE SUMMARY FOR THE MONTH OF JANUARY 2021
 
 
CLIMATE NORMAL PERIOD: 1981 TO 2010  
CLIMATE RECORD PERIOD: 1842 TO 2021  
 
WEATHER OBSERVED NORMAL DEPART LAST YEAR'S  
VALUE DATE(S) VALUE FROM VALUE DATE(S)  
NORMAL    
............................................................
 
 
TEMPERATURE (F)  
RECORD  
HIGH 84 01/11/1949  
LOW 3 01/21/1985  
HIGHEST 75 01/25 78 01/15  
01/31 01/14  
 
LOWEST 25 01/10 26 01/22  
01/21  
AVG. MAXIMUM 61.1 60.8 0.3 63.2  
AVG. MINIMUM 40.5 40.0 0.5 43.8  
MEAN 50.8 50.4 0.4 53.5  
DAYS MAX >= 90 0 0.0 0.0 0  
DAYS MAX <= 32 0 0.1 -0.1 0  
DAYS MIN <= 32 7 7.7 -0.7 5  
DAYS MIN <= 0 0 0.0 0.0 0  
 
PRECIPITATION (INCHES)  
RECORD  
MAXIMUM 16.92 1998  
MINIMUM 0.55 2003  
TOTALS 1.40 5.65 -4.25 4.57  
DAILY AVG. 0.05 0.18 -0.13 0.15  
DAYS >= .01 10 9.9 0.1 11  
DAYS >= .10 4 7.0 -3.0 8  
DAYS >= .50 0 3.4 -3.4 2  
DAYS >= 1.00 0 1.8 -1.8 1  
GREATEST  
24 HR. TOTAL 0.42 01/07 TO 01/07  
 
SNOWFALL (INCHES)  
RECORDS  
TOTAL 0.0  
TOTALS 0.0  
SINCE 7/1 0.0  
SNOWDEPTH AVG. 0  
DAYS >= 1.0 0  
GREATEST  
SNOW DEPTH 0  
24 HR TOTAL 0.0  
 
DEGREE DAYS  
HEATING TOTAL 435 459 -24 359  
SINCE 7/1 1009 1121 -112 927  
COOLING TOTAL 6 7 -1 10  
SINCE 1/1 6 7 -1 10    
............................................................
 
 
WIND (MPH)  
AVERAGE WIND SPEED 7.3  
HIGHEST WIND SPEED/DIRECTION 31/110 DATE 01/07  
HIGHEST GUST SPEED/DIRECTION 44/110 DATE 01/07  
 
SKY COVER  
POSSIBLE SUNSHINE (PERCENT)  
AVERAGE SKY COVER 0.53  
NUMBER OF DAYS FAIR 11  
NUMBER OF DAYS PC 12  
NUMBER OF DAYS CLOUDY 8  
 
AVERAGE RH (PERCENT) 73  
 
WEATHER CONDITIONS. NUMBER OF DAYS WITH  
THUNDERSTORM 0 MIXED PRECIP 0  
HEAVY RAIN 3 RAIN 3  
LIGHT RAIN 9 FREEZING RAIN 0  
LT FREEZING RAIN 0 HAIL 0  
HEAVY SNOW 0 SNOW 0  
LIGHT SNOW 0 SLEET 0  
FOG 16 FOG W/VIS <= 1/4 MILE 2  
HAZE 7  
 
- INDICATES NEGATIVE NUMBERS.  
R INDICATES RECORD WAS SET OR TIED.  
MM INDICATES DATA IS MISSING.  
T INDICATES TRACE AMOUNT.  
 

 
 
CLICK HERE TO GO TO PREVIOUS BULLETINS.

The Nexlab AL Page
The Nexlab FL Page
The Nexlab MS Page Main Text Page