402  
CXUS54 KMOB 011807 CCA  
CLMPNS  
 
CLIMATE REPORT...CORRECTED  
NATIONAL WEATHER SERVICE MOBILE AL  
1114 AM CST MON FEB 01 2021  
   
...............................
 
 
   
..THE PENSACOLA CLIMATE SUMMARY FOR THE MONTH OF JANUARY 2021
 
 
CLIMATE NORMAL PERIOD: 1981 TO 2010  
CLIMATE RECORD PERIOD: 1879 TO 2021  
 
WEATHER OBSERVED NORMAL DEPART LAST YEAR'S  
VALUE DATE(S) VALUE FROM VALUE DATE(S)  
NORMAL    
............................................................
 
 
TEMPERATURE (F)  
RECORD  
HIGH 81 01/11/1949  
 
LOW 5 01/21/1985  
HIGHEST 76 01/27 79 01/15  
01/03  
LOWEST 29 01/10 29 01/21  
AVG. MAXIMUM 62.8 60.5 2.3 65.8  
AVG. MINIMUM 44.8 42.2 2.6 48.5  
MEAN 53.8 51.4 2.4 57.2  
DAYS MAX >= 90 0 0.0 0.0 0  
DAYS MAX <= 32 0 0.1 -0.1 0  
DAYS MIN <= 32 3 5.2 -2.2 2  
DAYS MIN <= 0 0 0.0 0.0 0  
 
PRECIPITATION (INCHES)  
RECORD  
MAXIMUM 18.77 1991  
MINIMUM 0.21 2003  
TOTALS 2.78 4.63 -1.85 7.36  
DAILY AVG. 0.09 0.15 -0.06 0.24  
DAYS >= .01 8 8.9 -0.9 13  
DAYS >= .10 5 6.6 -1.6 11  
DAYS >= .50 2 3.2 -1.2 6  
DAYS >= 1.00 1 1.4 -0.4 1  
GREATEST  
24 HR. TOTAL 1.03 01/26 TO 01/26  
 
SNOWFALL (INCHES)  
RECORDS  
TOTAL 0.0  
SNOW DEPTH 0.0  
TOTALS 0.0  
SINCE 7/1 0.0  
SNOWDEPTH AVG. 0  
DAYS >= 1.0 0  
GREATEST  
SNOW DEPTH 0  
24 HR TOTAL 0.0  
 
DEGREE DAYS  
HEATING TOTAL 349 429 -80 270  
SINCE 7/1 765 1010 -245 702  
COOLING TOTAL 8 6 2 35  
SINCE 1/1 8 6 2 35    
............................................................
 
 
WIND (MPH)  
AVERAGE WIND SPEED 8.3  
HIGHEST WIND SPEED/DIRECTION 29/320 DATE 01/31  
HIGHEST GUST SPEED/DIRECTION 39/320 DATE 01/31  
 
SKY COVER  
POSSIBLE SUNSHINE (PERCENT)  
AVERAGE SKY COVER 0.45  
NUMBER OF DAYS FAIR 13  
NUMBER OF DAYS PC 10  
NUMBER OF DAYS CLOUDY 8  
 
AVERAGE RH (PERCENT) 72  
 
WEATHER CONDITIONS. NUMBER OF DAYS WITH  
THUNDERSTORM 2 MIXED PRECIP 0  
HEAVY RAIN 5 RAIN 5  
LIGHT RAIN 10 FREEZING RAIN 0  
LT FREEZING RAIN 0 HAIL 0  
HEAVY SNOW 0 SNOW 0  
LIGHT SNOW 0 SLEET 0  
FOG 14 FOG W/VIS <= 1/4 MILE 3  
HAZE 0  
 
- INDICATES NEGATIVE NUMBERS.  
R INDICATES RECORD WAS SET OR TIED.  
MM INDICATES DATA IS MISSING.  
T INDICATES TRACE AMOUNT.  
 

 
 
CLICK HERE TO GO TO PREVIOUS BULLETINS.

The Nexlab AL Page
The Nexlab FL Page
The Nexlab MS Page Main Text Page