327  
CXUS54 KMOB 011203  
CLMMOB  
 
CLIMATE REPORT  
NATIONAL WEATHER SERVICE MOBILE AL  
603 AM CST MON MAR 01 2021  
   
...............................
 
 
   
..THE MOBILE CLIMATE SUMMARY FOR THE MONTH OF FEBRUARY 2021
 
 
CLIMATE NORMAL PERIOD: 1981 TO 2010  
CLIMATE RECORD PERIOD: 1842 TO 2021  
 
WEATHER OBSERVED NORMAL DEPART LAST YEAR'S  
VALUE DATE(S) VALUE FROM VALUE DATE(S)  
NORMAL    
............................................................
 
 
TEMPERATURE (F)  
RECORD  
HIGH 84 02/13/1962  
LOW -1 02/13/1899  
HIGHEST 80 02/28 78 02/11  
LOWEST 19 02/16 29 02/28  
AVG. MAXIMUM 61.4 64.4 -3.0 66.5  
AVG. MINIMUM 40.2 43.3 -3.1 44.5  
MEAN 50.8 53.8 -3.0 55.5  
DAYS MAX >= 90 0 0.0 0.0 0  
DAYS MAX <= 32 0 0.0 0.0 0  
DAYS MIN <= 32 9 3.9 5.1 6  
DAYS MIN <= 0 0 0.0 0.0 0  
 
PRECIPITATION (INCHES)  
RECORD  
MAXIMUM 11.89 1983  
MINIMUM 1.09 1999  
TOTALS 3.94 5.12 -1.18 5.01  
DAILY AVG. 0.14 0.18 -0.04 0.17  
DAYS >= .01 13 8.7 4.3 10  
DAYS >= .10 8 6.2 1.8 7  
DAYS >= .50 3 3.7 -0.7 3  
DAYS >= 1.00 1 1.5 -0.5 2  
GREATEST  
24 HR. TOTAL 1.17 02/11 TO 02/11  
 
SNOWFALL (INCHES)  
RECORDS  
TOTAL 6.0 1895  
TOTALS T  
SINCE 7/1  
SNOWDEPTH AVG. 0  
DAYS >= 1.0 0  
GREATEST  
SNOW DEPTH 0  
24 HR TOTAL T 02/16 TO 02/16  
 
DEGREE DAYS  
HEATING TOTAL 407 321 86 290  
SINCE 7/1 1416 1443 -27 1217  
COOLING TOTAL 19 9 10 21  
SINCE 1/1 25 7 18 31    
............................................................
 
 
WIND (MPH)  
AVERAGE WIND SPEED 8.5  
HIGHEST WIND SPEED/DIRECTION 25/340 DATE 02/01  
HIGHEST GUST SPEED/DIRECTION 45/310 DATE 02/15  
 
SKY COVER  
POSSIBLE SUNSHINE (PERCENT)  
AVERAGE SKY COVER 0.67  
NUMBER OF DAYS FAIR 4  
NUMBER OF DAYS PC 12  
NUMBER OF DAYS CLOUDY 12  
 
AVERAGE RH (PERCENT) 77  
 
WEATHER CONDITIONS. NUMBER OF DAYS WITH  
THUNDERSTORM 5 MIXED PRECIP 0  
HEAVY RAIN 8 RAIN 8  
LIGHT RAIN 10 FREEZING RAIN 0  
LT FREEZING RAIN 0 HAIL 0  
HEAVY SNOW 0 SNOW 0  
LIGHT SNOW 1 SLEET 0  
FOG 19 FOG W/VIS <= 1/4 MILE 7  
HAZE 3  
 
- INDICATES NEGATIVE NUMBERS.  
R INDICATES RECORD WAS SET OR TIED.  
MM INDICATES DATA IS MISSING.  
T INDICATES TRACE AMOUNT.  
 

 
 
CLICK HERE TO GO TO PREVIOUS BULLETINS.

The Nexlab AL Page
The Nexlab FL Page
The Nexlab MS Page Main Text Page