998  
CXUS54 KMOB 011517  
CLMMOB  
 
CLIMATE REPORT  
NATIONAL WEATHER SERVICE MOBILE AL  
1017 AM CDT THU APR 01 2021  
   
...............................
 
 
   
..THE MOBILE CLIMATE SUMMARY FOR THE MONTH OF MARCH 2021
 
 
CLIMATE NORMAL PERIOD: 1981 TO 2010  
CLIMATE RECORD PERIOD: 1842 TO 2021  
 
WEATHER OBSERVED NORMAL DEPART LAST YEAR'S  
VALUE DATE(S) VALUE FROM VALUE DATE(S)  
NORMAL    
............................................................
 
 
TEMPERATURE (F)  
RECORD  
HIGH 91 03/27/1910  
LOW 21 03/14/1993  
HIGHEST 82 03/17 87 03/29  
03/26  
03/31  
LOWEST 36 03/04 38 03/07  
03/08  
AVG. MAXIMUM 73.8 71.2 2.6 77.8  
AVG. MINIMUM 52.2 49.1 3.1 58.8  
MEAN 63.0 60.2 2.8 68.3  
DAYS MAX >= 90 0 0.0 0.0 0  
DAYS MAX <= 32 0 0.0 0.0 0  
DAYS MIN <= 32 0 1.1 -1.1 0  
DAYS MIN <= 0 0 0.0 0.0 0  
 
PRECIPITATION (INCHES)  
RECORD  
MAXIMUM 20.23 1929  
MINIMUM 0.24 2006  
TOTALS 5.72 6.14 -0.42 0.97  
DAILY AVG. 0.18 0.20 -0.02 0.03  
DAYS >= .01 10 8.6 1.4 6  
DAYS >= .10 6 6.0 0.0 3  
DAYS >= .50 4 3.2 0.8 1  
DAYS >= 1.00 2 2.1 -0.1 0  
GREATEST  
24 HR. TOTAL 2.23 03/23 TO 03/24  
 
SNOWFALL (INCHES)  
RECORDS  
TOTAL 2.7 1993  
TOTALS 0.1 1993  
SINCE 7/1 0.0  
SNOWDEPTH AVG. 0  
DAYS >= 1.0 0  
GREATEST  
SNOW DEPTH 0  
24 HR TOTAL 0.0  
 
DEGREE DAYS  
HEATING TOTAL 133 189 -56 52  
SINCE 7/1 1549 1630 -81 1269  
COOLING TOTAL 78 39 39 161  
SINCE 1/1 103 55 48 192    
............................................................
 
 
WIND (MPH)  
AVERAGE WIND SPEED 9.1  
HIGHEST WIND SPEED/DIRECTION 35/180 DATE 03/17  
HIGHEST GUST SPEED/DIRECTION 50/210 DATE 03/17  
 
SKY COVER  
POSSIBLE SUNSHINE (PERCENT)  
AVERAGE SKY COVER 0.63  
NUMBER OF DAYS FAIR 6  
NUMBER OF DAYS PC 12  
NUMBER OF DAYS CLOUDY 13  
 
AVERAGE RH (PERCENT) 73  
 
WEATHER CONDITIONS. NUMBER OF DAYS WITH  
THUNDERSTORM 6 MIXED PRECIP 0  
HEAVY RAIN 8 RAIN 5  
LIGHT RAIN 13 FREEZING RAIN 0  
LT FREEZING RAIN 0 HAIL 0  
HEAVY SNOW 0 SNOW 0  
LIGHT SNOW 0 SLEET 0  
FOG 20 FOG W/VIS <= 1/4 MILE 5  
HAZE 9  
 
- INDICATES NEGATIVE NUMBERS.  
R INDICATES RECORD WAS SET OR TIED.  
MM INDICATES DATA IS MISSING.  
T INDICATES TRACE AMOUNT.  
 

 
 
CLICK HERE TO GO TO PREVIOUS BULLETINS.

The Nexlab AL Page
The Nexlab FL Page
The Nexlab MS Page Main Text Page