173  
CXUS54 KMOB 011503  
CLMPNS  
 
CLIMATE REPORT  
NATIONAL WEATHER SERVICE MOBILE AL  
1003 AM CDT TUE JUN 01 2021  
   
...............................
 
 
   
..THE PENSACOLA CLIMATE SUMMARY FOR THE MONTH OF MAY 2021
 
 
CLIMATE NORMAL PERIOD: 1991 TO 2020  
CLIMATE RECORD PERIOD: 1879 TO 2021  
 
WEATHER OBSERVED NORMAL DEPART LAST YEAR'S  
VALUE DATE(S) VALUE FROM VALUE DATE(S)  
NORMAL    
............................................................
 
 
TEMPERATURE (F)  
RECORD  
HIGH 102 05/27/1953  
LOW 44 05/04/1921  
05/07/1898  
HIGHEST 90 05/29 94 05/31  
LOWEST 58 05/07 52 05/01  
AVG. MAXIMUM 82.9 85.1 -2.2 84.4  
AVG. MINIMUM 66.6 66.9 -0.3 65.6  
MEAN 74.8 76.0 -1.2 75.0  
DAYS MAX >= 90 1 3.5 -2.5 4  
DAYS MAX <= 32 0 0.0 0.0 0  
DAYS MIN <= 32 0 0.0 0.0 0  
DAYS MIN <= 0 0 0.0 0.0 0  
 
PRECIPITATION (INCHES)  
RECORD  
MAXIMUM 12.56 1946  
MINIMUM 0.04 1898  
TOTALS 8.49 3.90 4.59 1.66  
DAILY AVG. 0.27 0.13 0.14 0.05  
DAYS >= .01 8 7.6 0.4 8  
DAYS >= .10 7 5.0 2.0 5  
DAYS >= .50 5 2.4 2.6 1  
DAYS >= 1.00 4 1.2 2.8 1  
GREATEST  
24 HR. TOTAL 3.97 05/04 TO 05/05  
 
DEGREE DAYS  
HEATING TOTAL 0 1 -1 0  
SINCE 7/1 1192 1303 -111 947  
COOLING TOTAL 314 342 -28 319  
SINCE 1/1 553 562 -9 761    
............................................................
 
 
WIND (MPH)  
AVERAGE WIND SPEED 8.8  
HIGHEST WIND SPEED/DIRECTION 32/300 DATE 05/12  
HIGHEST GUST SPEED/DIRECTION 58/260 DATE 05/12  
 
SKY COVER  
POSSIBLE SUNSHINE (PERCENT)  
AVERAGE SKY COVER 0.25  
NUMBER OF DAYS FAIR 20  
NUMBER OF DAYS PC 10  
NUMBER OF DAYS CLOUDY 1  
 
AVERAGE RH (PERCENT) 71  
 
WEATHER CONDITIONS. NUMBER OF DAYS WITH  
THUNDERSTORM 7 MIXED PRECIP 0  
HEAVY RAIN 8 RAIN 7  
LIGHT RAIN 7 FREEZING RAIN 0  
LT FREEZING RAIN 0 HAIL 0  
HEAVY SNOW 0 SNOW 0  
LIGHT SNOW 0 SLEET 0  
FOG 8 FOG W/VIS <= 1/4 MILE 2  
HAZE 0  
 
- INDICATES NEGATIVE NUMBERS.  
R INDICATES RECORD WAS SET OR TIED.  
MM INDICATES DATA IS MISSING.  
T INDICATES TRACE AMOUNT.  
 

 
 
CLICK HERE TO GO TO PREVIOUS BULLETINS.

The Nexlab AL Page
The Nexlab FL Page
The Nexlab MS Page Main Text Page

The Nexlab AL Page
The Nexlab FL Page
The Nexlab MS Page Main Text Page