048  
CXUS54 KMOB 021609  
CLMPNS  
 
CLIMATE REPORT  
NATIONAL WEATHER SERVICE MOBILE AL  
1109 AM CDT MON AUG 02 2021  
   
...............................
 
 
   
..THE PENSACOLA CLIMATE SUMMARY FOR THE MONTH OF JULY 2021
 
 
CLIMATE NORMAL PERIOD: 1991 TO 2020  
CLIMATE RECORD PERIOD: 1879 TO 2021  
 
WEATHER OBSERVED NORMAL DEPART LAST YEAR'S  
VALUE DATE(S) VALUE FROM VALUE DATE(S)  
NORMAL    
............................................................
 
 
TEMPERATURE (F)  
RECORD  
HIGH 106 07/14/1980  
LOW 61 07/16/1967  
07/15/1967  
HIGHEST 97 07/23 97 07/11  
LOWEST 73 07/12 73 07/08  
07/09  
07/12  
AVG. MAXIMUM 90.4 91.6 -1.2 90.8  
AVG. MINIMUM 76.1 75.3 0.8 75.9  
MEAN 83.3 83.5 -0.2 83.4  
DAYS MAX >= 90 16 20.1 -4.1 22  
DAYS MAX <= 32 0 0.0 0.0 0  
DAYS MIN <= 32 0 0.0 0.0 0  
DAYS MIN <= 0 0 0.0 0.0 0  
 
PRECIPITATION (INCHES)  
RECORD  
MAXIMUM 20.36 1979  
MINIMUM 1.69 1970  
TOTALS 8.78 7.89 0.89 8.86  
DAILY AVG. 0.28 0.25 0.03 0.30  
DAYS >= .01 23 15.3 7.7 20  
DAYS >= .10 16 10.6 5.4 13  
DAYS >= .50 7 5.1 1.9 6  
DAYS >= 1.00 2 2.4 -0.4 4  
GREATEST  
24 HR. TOTAL 2.05 07/05 TO 07/06  
 
DEGREE DAYS  
COOLING TOTAL 572 572 0 558  
SINCE 1/1 1624 1636 -12    
............................................................
 
 
WIND (MPH)  
AVERAGE WIND SPEED 5.9  
HIGHEST WIND SPEED/DIRECTION 28/210 DATE 07/11  
HIGHEST GUST SPEED/DIRECTION 39/050 DATE 07/31  
 
SKY COVER  
POSSIBLE SUNSHINE (PERCENT)  
AVERAGE SKY COVER 0.27  
NUMBER OF DAYS FAIR 21  
NUMBER OF DAYS PC 10  
NUMBER OF DAYS CLOUDY 0  
 
AVERAGE RH (PERCENT) 79  
 
WEATHER CONDITIONS. NUMBER OF DAYS WITH  
THUNDERSTORM 21 MIXED PRECIP 0  
HEAVY RAIN 15 RAIN 12  
LIGHT RAIN 24 FREEZING RAIN 0  
LT FREEZING RAIN 0 HAIL 0  
HEAVY SNOW 0 SNOW 0  
LIGHT SNOW 0 SLEET 0  
FOG 21 FOG W/VIS <= 1/4 MILE 2  
HAZE 6  
 
- INDICATES NEGATIVE NUMBERS.  
R INDICATES RECORD WAS SET OR TIED.  
MM INDICATES DATA IS MISSING.  
T INDICATES TRACE AMOUNT.  
 

 
 
CLICK HERE TO GO TO PREVIOUS BULLETINS.

The Nexlab AL Page
The Nexlab FL Page
The Nexlab MS Page Main Text Page

The Nexlab AL Page
The Nexlab FL Page
The Nexlab MS Page Main Text Page