997  
CXUS54 KMOB 011424  
CLMPNS  
 
CLIMATE REPORT  
NATIONAL WEATHER SERVICE MOBILE AL  
924 AM CDT WED SEP 01 2021  
   
...............................
 
 
   
..THE PENSACOLA CLIMATE SUMMARY FOR THE MONTH OF AUGUST 2021
 
 
CLIMATE NORMAL PERIOD: 1991 TO 2020  
CLIMATE RECORD PERIOD: 1879 TO 2021  
 
WEATHER OBSERVED NORMAL DEPART LAST YEAR'S  
VALUE DATE(S) VALUE FROM VALUE DATE(S)  
NORMAL    
............................................................
 
 
TEMPERATURE (F)  
RECORD  
HIGH 104 08/01/1986  
LOW 60 08/14/2004  
HIGHEST 97 08/01 95 08/16  
LOWEST 73 08/17 72 08/21  
AVG. MAXIMUM 91.4 91.0 0.4 90.3  
AVG. MINIMUM 76.1 75.0 1.1 76.1  
MEAN 83.8 83.0 0.8 83.2  
DAYS MAX >= 90 24 19.1 4.9 22  
DAYS MAX <= 32 0 0.0 0.0 0  
DAYS MIN <= 32 0 0.0 0.0 0  
DAYS MIN <= 0 0 0.0 0.0 0  
 
PRECIPITATION (INCHES)  
RECORD  
MAXIMUM 21.43 1935  
MINIMUM 0.72 1891  
TOTALS 10.99 7.50 3.49 13.21  
DAILY AVG. 0.35 0.24 0.11 0.43  
DAYS >= .01 20 14.7 5.3 19  
DAYS >= .10 12 9.8 2.2 12  
DAYS >= .50 5 4.8 0.2 8  
DAYS >= 1.00 3 2.4 0.6 6  
GREATEST  
24 HR. TOTAL 3.67 08/29 TO 08/30  
 
DEGREE DAYS  
COOLING TOTAL 590 558 32 458  
SINCE 1/1 2214 2194 20    
............................................................
 
 
WIND (MPH)  
AVERAGE WIND SPEED 7.0  
HIGHEST WIND SPEED/DIRECTION 38/190 DATE 08/30  
HIGHEST GUST SPEED/DIRECTION 54/200 DATE 08/30  
 
SKY COVER  
POSSIBLE SUNSHINE (PERCENT)  
AVERAGE SKY COVER 0.29  
NUMBER OF DAYS FAIR 21  
NUMBER OF DAYS PC 9  
NUMBER OF DAYS CLOUDY 1  
 
AVERAGE RH (PERCENT) 77  
 
WEATHER CONDITIONS. NUMBER OF DAYS WITH  
THUNDERSTORM 19 MIXED PRECIP 0  
HEAVY RAIN 12 RAIN 12  
LIGHT RAIN 23 FREEZING RAIN 0  
LT FREEZING RAIN 0 HAIL 0  
HEAVY SNOW 0 SNOW 0  
LIGHT SNOW 0 SLEET 0  
FOG 16 FOG W/VIS <= 1/4 MILE 0  
HAZE 4  
 
- INDICATES NEGATIVE NUMBERS.  
R INDICATES RECORD WAS SET OR TIED.  
MM INDICATES DATA IS MISSING.  
T INDICATES TRACE AMOUNT.  
 

 
 
CLICK HERE TO GO TO PREVIOUS BULLETINS.

The Nexlab AL Page
The Nexlab FL Page
The Nexlab MS Page Main Text Page

The Nexlab AL Page
The Nexlab FL Page
The Nexlab MS Page Main Text Page