055  
CXUS51 KPBZ 011253  
CLMMGW  
 
CLIMATE REPORT  
NATIONAL WEATHER SERVICE PITTSBURGH PA  
853 AM EDT WED SEP 01 2021  
   
...............................
 
 
   
..THE MORGANTOWN WV CLIMATE SUMMARY FOR THE MONTH OF AUGUST 2021
 
 
CLIMATE NORMAL PERIOD 1991 TO 2020  
CLIMATE RECORD PERIOD 1872 TO 2021  
 
WEATHER OBSERVED NORMAL DEPART LAST YEAR'S  
VALUE DATE(S) VALUE FROM VALUE DATE(S)  
NORMAL    
............................................................
 
 
TEMPERATURE (F)  
RECORD  
HIGH 105 08/26/1893  
LOW 38 08/29/1982  
HIGHEST 93 08/12 92 1 92 08/13  
LOWEST 57 08/02 50 7 53 08/20  
08/03  
AVG. MAXIMUM 85.0 83.1 1.9 84.6  
AVG. MINIMUM 66.1 62.5 3.6 64.5  
MEAN 75.5 72.8 2.7 74.5  
DAYS MAX >= 90 6 3.7 2.3 5  
DAYS MAX <= 32 0 0.0 0.0 0  
DAYS MIN <= 32 0 0.0 0.0 0  
DAYS MIN <= 0 0 0.0 0.0 0  
 
PRECIPITATION (INCHES)  
RECORD  
MAXIMUM 10.64 1954  
MINIMUM 0.41 1881  
TOTALS 7.21 3.65 3.56 2.52  
DAILY AVG. 0.23 0.12 0.11 0.08  
DAYS >= .01 18 10.5 7.5 11  
DAYS >= .10 14 6.4 7.6 7  
DAYS >= .50 4 2.5 1.5 2  
DAYS >= 1.00 2 0.9 1.1 0  
GREATEST  
24 HR. TOTAL 1.22 08/16 TO 08/16 0.90  
 
DEGREE DAYS  
HEATING TOTAL 0 4 -4 0  
SINCE 7/1 0 1 -1 MM  
COOLING TOTAL 334 245 89 306  
SINCE 1/1 974 799 175 MM    
............................................................
 
 
WIND (MPH)  
AVERAGE WIND SPEED 3.3  
HIGHEST WIND SPEED/DIRECTION 29/020 DATE 08/12  
HIGHEST GUST SPEED/DIRECTION 48/010 DATE 08/12  
 
AVERAGE RH (PERCENT) 74  
 
WEATHER CONDITIONS. NUMBER OF DAYS WITH  
THUNDERSTORM 12 MIXED PRECIP 0  
HEAVY RAIN 9 RAIN 10  
LIGHT RAIN 18 FREEZING RAIN 0  
LT FREEZING RAIN 0 HAIL 0  
HEAVY SNOW 0 SNOW 0  
LIGHT SNOW 0 SLEET 0  
FOG 28 FOG W/VIS <= 1/4 MILE 5  
HAZE 10  
 
- INDICATES NEGATIVE NUMBERS.  
R INDICATES RECORD WAS SET OR TIED.  
MM INDICATES DATA IS MISSING.  
T INDICATES TRACE AMOUNT.  
 

 
 
CLICK HERE TO GO TO PREVIOUS BULLETINS.

The Nexlab OH Page
The Nexlab PA Page
The Nexlab WV Page
The Nexlab MD Page Main Text Page

The Nexlab OH Page
The Nexlab PA Page
The Nexlab WV Page
The Nexlab MD Page Main Text Page