757  
CXUS51 KPBZ 011301  
CLSPHD  
 
CLIMATE REPORT  
NATIONAL WEATHER SERVICE PITTSBURGH PA  
901 AM EDT WED SEP 01 2021  
   
...............................
 
 
...THE NEW PHILADELPHIA OH CLIMATE SUMMARY FOR THE SEASON, FROM  
6/1/2021 TO 8/31/2021...  
 
CLIMATE NORMAL PERIOD 1991 TO 2020  
CLIMATE RECORD PERIOD 1948 TO 2021  
 
WEATHER OBSERVED NORMAL DEPART LAST YEAR'S  
VALUE DATE(S) VALUE FROM VALUE DATE(S)  
NORMAL    
............................................................
 
 
TEMPERATURE (F)  
RECORD  
HIGH 102 07/17/1988  
LOW 30 06/11/1972  
HIGHEST 93 06/28 91 2 94 07/06  
06/29  
08/13  
08/25  
LOWEST 45 06/16 42 3 40 06/01  
AVG. MAXIMUM 83.2 82.2 1.0 85.1  
AVG. MINIMUM 62.6 60.4 2.2 61.6  
MEAN 72.9 71.3 1.6  
DAYS MAX >= 90 7 10.7 -3.7 25  
DAYS MAX <= 32 0 0.0 0.0 0  
DAYS MIN <= 32 0 0.0 0.0 0  
DAYS MIN <= 0 0 0.0 0.0 0  
 
PRECIPITATION (INCHES)  
RECORD  
MAXIMUM 20.18 1980  
MINIMUM 6.32  
TOTALS 11.87 11.62 0.25 8.20  
DAILY AVG. 0.13 0.13 0.00 0.09  
DAYS >= .01 37 44.8 -7.8  
DAYS >= .10 26 21.1 4.9  
DAYS >= .50 9 8.1 0.9  
DAYS >= 1.00 1 2.9 -1.9  
GREATEST  
24 HR. TOTAL 1.36  
STORM TOTAL 1.04  
(MM/DD(HH))  
 
DEGREE DAYS  
HEATING TOTAL 19 40 -21  
SINCE 7/1 0 6 -6 MM  
COOLING TOTAL 771 623 148  
SINCE 1/1 840 686 154 MM    
............................................................
 
 
WIND (MPH)  
AVERAGE WIND SPEED 3.7  
HIGHEST WIND SPEED/DIRECTION 25/310 DATE 07/15  
HIGHEST GUST SPEED/DIRECTION 36/300 DATE 07/07  
 
AVERAGE RH (PERCENT) 77  
 
WEATHER CONDITIONS. NUMBER OF DAYS WITH  
THUNDERSTORM 28 MIXED PRECIP 0  
HEAVY RAIN 22 RAIN 25  
LIGHT RAIN 38 FREEZING RAIN 0  
LT FREEZING RAIN 0 HAIL 0  
HEAVY SNOW 0 SNOW 0  
LIGHT SNOW 0 SLEET 0  
FOG 67 FOG W/VIS <= 1/4 MILE 24  
HAZE 14  
 
- INDICATES NEGATIVE NUMBERS.  
R INDICATES RECORD WAS SET OR TIED.  
MM INDICATES DATA IS MISSING.  
T INDICATES TRACE AMOUNT.  
 

 
 
CLICK HERE TO GO TO PREVIOUS BULLETINS.

The Nexlab OH Page
The Nexlab PA Page
The Nexlab WV Page
The Nexlab MD Page Main Text Page