916  
CXUS52 KTAE 012216  
CLMTLH  
 
CLIMATE REPORT  
NATIONAL WEATHER SERVICE TALLAHASSEE FL  
606 PM EDT THU OCT 01 2020  
   
...............................
 
 
   
..THE TALLAHASSEE CLIMATE SUMMARY FOR THE MONTH OF SEPTEMBER 2020
 
 
CLIMATE NORMAL PERIOD 1981 TO 2010  
CLIMATE RECORD PERIOD 1896 TO 2020  
 
WEATHER OBSERVED NORMAL DEPART LAST YEAR'S  
VALUE DATE(S) VALUE FROM VALUE DATE(S)  
NORMAL    
............................................................
 
 
TEMPERATURE (F)  
RECORD  
HIGH 102 09/16/1927  
LOW 40 09/30/1967  
HIGHEST 98 09/05 MM MM 101 09/18  
LOWEST 52 09/30 MM MM 66 09/24  
09/23  
09/07  
AVG. MAXIMUM 86.5 88.4 -1.9 95.0  
AVG. MINIMUM 71.4 68.1 3.3 71.9  
MEAN 79.0 78.2 0.8 83.4  
DAYS MAX >= 90 12 12.6 -0.6 29  
DAYS MAX <= 32 0 0.0 0.0 0  
DAYS MIN <= 32 0 0.0 0.0 0  
DAYS MIN <= 0 0 0.0 0.0 0  
 
PRECIPITATION (INCHES)  
RECORD  
MAXIMUM 23.85 1924  
MINIMUM T 2019  
TOTALS 9.55 4.69 4.86 T  
 
SNOWFALL (INCHES)  
RECORDS  
TOTAL 0.0  
TOTALS 0.0 0.0 0.0 0.0  
SINCE 7/1 0.0 0.0 0.0 0.0  
 
DEGREE DAYS  
HEATING TOTAL 0 1 -1 0  
SINCE 7/1 0 0 0 0  
COOLING TOTAL 428 399 29 559  
SINCE 1/1 2763 2352 411 2891    
............................................................
 
 
WIND (MPH)  
AVERAGE WIND SPEED 6.6  
RESULTANT WIND SPEED/DIRECTION 4/070  
HIGHEST WIND SPEED/DIRECTION 30/160 DATE 09/16  
HIGHEST GUST SPEED/DIRECTION 40/160 DATE 09/16  
 
SKY COVER  
POSSIBLE SUNSHINE (PERCENT) MM  
AVERAGE SKY COVER 0.55  
NUMBER OF DAYS FAIR 8  
NUMBER OF DAYS PC 17  
NUMBER OF DAYS CLOUDY 5  
 
AVERAGE RH (PERCENT) 73  
 
WEATHER CONDITIONS. NUMBER OF DAYS WITH  
THUNDERSTORM 8 MIXED PRECIP 0  
HEAVY RAIN 7 RAIN 8  
LIGHT RAIN 15 FREEZING RAIN 0  
LT FREEZING RAIN 0 HAIL 0  
HEAVY SNOW 0 SNOW 0  
LIGHT SNOW 0 SLEET 0  
FOG 16 FOG W/VIS <= 1/4 MILE 4  
HAZE 0  
 
- INDICATES NEGATIVE NUMBERS.  
R INDICATES RECORD WAS SET OR TIED.  
MM INDICATES DATA IS MISSING.  
T INDICATES TRACE AMOUNT.  
 

 
 
CLICK HERE TO GO TO PREVIOUS BULLETINS.

The Nexlab FL Page
The Nexlab GA Page
The Nexlab AL Page Main Text Page