153  
CXUS52 KTAE 012219  
CLMDHN  
 
CLIMATE REPORT  
NATIONAL WEATHER SERVICE TALLAHASSEE FL  
606 PM EDT THU OCT 01 2020  
   
...............................
 
 
   
..THE DOTHAN CLIMATE SUMMARY FOR THE MONTH OF SEPTEMBER 2020
 
 
CLIMATE NORMAL PERIOD 1981 TO 2010  
CLIMATE RECORD PERIOD 1965 TO 2020  
 
WEATHER OBSERVED NORMAL DEPART LAST YEAR'S  
VALUE DATE(S) VALUE FROM VALUE DATE(S)  
NORMAL    
............................................................
 
 
TEMPERATURE (F)  
RECORD  
HIGH MM MM  
LOW 51 09/30/2016  
09/25/2012  
01/01/2000  
HIGHEST 96 09/04 9 87 102 09/17  
09/05  
LOWEST 51R 09/30 MM MM 63 09/23  
AVG. MAXIMUM 85.3 87.5 -2.2 95.4  
AVG. MINIMUM 68.9 65.6 3.3 70.7  
MEAN 77.1 76.6 0.5 83.0  
DAYS MAX >= 90 13 10.2 2.8 28  
DAYS MAX <= 32 0 0.0 0.0 0  
DAYS MIN <= 32 0 0.0 0.0 0  
DAYS MIN <= 0 0 0.0 0.0 0  
 
PRECIPITATION (INCHES)  
TOTALS 7.61R 3.59 4.02 0.06  
 
SNOWFALL (INCHES)  
TOTALS 0.0 0.0 0.0 0.0  
SINCE 7/1 0.0 0.0 0.0 0.0  
 
DEGREE DAYS  
HEATING TOTAL 2 2 0 0  
SINCE 7/1 2 0 2 0  
COOLING TOTAL 372 348 24 548  
SINCE 1/1 2690 2228 462 2911    
............................................................
 
 
WIND (MPH)  
AVERAGE WIND SPEED 7.0  
RESULTANT WIND SPEED/DIRECTION 4/070  
HIGHEST WIND SPEED/DIRECTION 29/160 DATE 09/16  
HIGHEST GUST SPEED/DIRECTION 39/070 DATE 09/16  
 
SKY COVER  
POSSIBLE SUNSHINE (PERCENT) MM  
AVERAGE SKY COVER 0.39  
NUMBER OF DAYS FAIR 15  
NUMBER OF DAYS PC 8  
NUMBER OF DAYS CLOUDY 7  
 
AVERAGE RH (PERCENT) 78  
 
WEATHER CONDITIONS. NUMBER OF DAYS WITH  
THUNDERSTORM 4 MIXED PRECIP 0  
HEAVY RAIN 6 RAIN 5  
LIGHT RAIN 14 FREEZING RAIN 0  
LT FREEZING RAIN 0 HAIL 0  
HEAVY SNOW 0 SNOW 0  
LIGHT SNOW 0 SLEET 0  
FOG 17 FOG W/VIS <= 1/4 MILE 1  
HAZE 2  
 
- INDICATES NEGATIVE NUMBERS.  
R INDICATES RECORD WAS SET OR TIED.  
MM INDICATES DATA IS MISSING.  
T INDICATES TRACE AMOUNT.  
 

 
 
CLICK HERE TO GO TO PREVIOUS BULLETINS.

The Nexlab FL Page
The Nexlab GA Page
The Nexlab AL Page Main Text Page