425  
CXUS52 KTAE 012220 RRA  
CLMVLD  
 
CLIMATE REPORT  
NATIONAL WEATHER SERVICE TALLAHASSEE FL  
606 PM EDT THU OCT 01 2020  
   
...............................
 
 
   
..THE VALDOSTA CLIMATE SUMMARY FOR THE MONTH OF SEPTEMBER 2020
 
 
CLIMATE NORMAL PERIOD 1981 TO 2010  
CLIMATE RECORD PERIOD 1948 TO 2020  
 
WEATHER OBSERVED NORMAL DEPART LAST YEAR'S  
VALUE DATE(S) VALUE FROM VALUE DATE(S)  
NORMAL    
............................................................
 
 
TEMPERATURE (F)  
HIGHEST 99 09/05 99 0 100 09/25  
LOWEST 53 09/30 MM MM 61 09/23  
AVG. MAXIMUM 87.4 87.7 -0.3 93.6  
AVG. MINIMUM 70.3 67.0 3.3 69.5  
MEAN 78.9 1.5 81.5  
DAYS MAX >= 90 13 9.8 3.2 27  
DAYS MAX <= 32 0 0.0 0.0 0  
DAYS MIN <= 32 0 0.0 0.0 0  
DAYS MIN <= 0 0 0.0 0.0 0  
 
PRECIPITATION (INCHES)  
TOTALS 3.83R 0.02  
 
SNOWFALL (INCHES)  
TOTALS 0.0  
 
DEGREE DAYS  
HEATING TOTAL 0 1 -1 0  
SINCE 7/1 0 0 0 0  
COOLING TOTAL 425 371 54 502  
SINCE 1/1 2695 2225 470 2689    
............................................................
 
 
WIND (MPH)  
AVERAGE WIND SPEED 5.0  
HIGHEST WIND SPEED/DIRECTION 29/170 DATE 09/16  
HIGHEST GUST SPEED/DIRECTION 34/170 DATE 09/16  
 
SKY COVER  
POSSIBLE SUNSHINE (PERCENT) MM  
AVERAGE SKY COVER 0.43  
NUMBER OF DAYS FAIR 11  
NUMBER OF DAYS PC 15  
NUMBER OF DAYS CLOUDY 4  
 
AVERAGE RH (PERCENT) 74  
 
WEATHER CONDITIONS. NUMBER OF DAYS WITH  
THUNDERSTORM 0 MIXED PRECIP 0  
HEAVY RAIN 8 RAIN 8  
LIGHT RAIN 12 FREEZING RAIN 0  
LT FREEZING RAIN 0 HAIL 0  
HEAVY SNOW 0 SNOW 0  
LIGHT SNOW 0 SLEET 0  
FOG 15 FOG W/VIS <= 1/4 MILE 1  
HAZE 4  
 
- INDICATES NEGATIVE NUMBERS.  
R INDICATES RECORD WAS SET OR TIED.  
MM INDICATES DATA IS MISSING.  
T INDICATES TRACE AMOUNT.  
 

 
 
CLICK HERE TO GO TO PREVIOUS BULLETINS.

The Nexlab FL Page
The Nexlab GA Page
The Nexlab AL Page Main Text Page