811  
CXUS52 KTAE 011447  
CLMDHN  
 
CLIMATE REPORT  
NATIONAL WEATHER SERVICE TALLAHASSEE FL  
947 AM EST TUE DEC 01 2020  
   
...............................
 
 
   
..THE DOTHAN CLIMATE SUMMARY FOR THE MONTH OF NOVEMBER 2020
 
 
CLIMATE NORMAL PERIOD 1981 TO 2010  
CLIMATE RECORD PERIOD 1965 TO 2020  
 
WEATHER OBSERVED NORMAL DEPART LAST YEAR'S  
VALUE DATE(S) VALUE FROM VALUE DATE(S)  
NORMAL    
............................................................
 
 
TEMPERATURE (F)  
RECORD  
HIGH MM MM  
LOW 20 11/19/2014  
HIGHEST 87 11/11 9 78 81 11/30  
LOWEST 34 11/30 MM MM 27 11/13  
AVG. MAXIMUM 76.4 71.0 5.4 69.0  
AVG. MINIMUM 53.5 46.4 7.1 44.6  
MEAN 64.9 58.7 6.2 56.8  
DAYS MAX >= 90 0 0.0 0.0 0  
DAYS MAX <= 32 0 0.0 0.0 0  
DAYS MIN <= 32 0 1.1 -1.1 2  
DAYS MIN <= 0 0 0.0 0.0 0  
 
PRECIPITATION (INCHES)  
TOTALS 1.68 4.19 -2.51 1.99  
 
SNOWFALL (INCHES)  
TOTALS 0.0 0.0 0.0 0.0  
SINCE 7/1 0.0 0.0 0.0 0.0  
 
DEGREE DAYS  
HEATING TOTAL 92 218 -126 252  
SINCE 7/1 109 278 -169 266  
COOLING TOTAL 98 29 69 14  
SINCE 1/1 3028 2392 636 3211    
............................................................
 
 
WIND (MPH)  
AVERAGE WIND SPEED 7.4  
RESULTANT WIND SPEED/DIRECTION 4/030  
HIGHEST WIND SPEED/DIRECTION 36/290 DATE 11/30  
HIGHEST GUST SPEED/DIRECTION 44/300 DATE 11/30  
 
SKY COVER  
POSSIBLE SUNSHINE (PERCENT) MM  
AVERAGE SKY COVER 0.36  
NUMBER OF DAYS FAIR 15  
NUMBER OF DAYS PC 10  
NUMBER OF DAYS CLOUDY 5  
 
AVERAGE RH (PERCENT) 70  
 
WEATHER CONDITIONS. NUMBER OF DAYS WITH  
THUNDERSTORM 0 MIXED PRECIP 0  
HEAVY RAIN 4 RAIN 4  
LIGHT RAIN 9 FREEZING RAIN 0  
LT FREEZING RAIN 0 HAIL 0  
HEAVY SNOW 0 SNOW 0  
LIGHT SNOW 1 SLEET 0  
FOG 13 FOG W/VIS <= 1/4 MILE 2  
HAZE 5  
 
- INDICATES NEGATIVE NUMBERS.  
R INDICATES RECORD WAS SET OR TIED.  
MM INDICATES DATA IS MISSING.  
T INDICATES TRACE AMOUNT.  
 

 
 
CLICK HERE TO GO TO PREVIOUS BULLETINS.

The Nexlab FL Page
The Nexlab GA Page
The Nexlab AL Page Main Text Page

The Nexlab FL Page
The Nexlab GA Page
The Nexlab AL Page Main Text Page