210  
CXUS52 KTAE 011436  
CLMVLD  
 
CLIMATE REPORT  
NATIONAL WEATHER SERVICE TALLAHASSEE FL  
936 AM EST FRI JAN 01 2021  
   
...............................
 
 
   
..THE VALDOSTA CLIMATE SUMMARY FOR THE MONTH OF DECEMBER 2020
 
 
CLIMATE NORMAL PERIOD 1981 TO 2010  
CLIMATE RECORD PERIOD 1948 TO 2020  
 
WEATHER OBSERVED NORMAL DEPART LAST YEAR'S  
VALUE DATE(S) VALUE FROM VALUE DATE(S)  
NORMAL    
............................................................
 
 
TEMPERATURE (F)  
HIGHEST 79 12/13 90 -11 84 12/10  
LOWEST 25 12/26 MM MM 27 12/19  
AVG. MAXIMUM 64.4 64.7 -0.3 68.7  
AVG. MINIMUM 38.3 41.4 -3.1 46.6  
MEAN 51.4 -1.7 57.6  
DAYS MAX >= 90 0 0.0 0.0 0  
DAYS MAX <= 32 0 0.0 0.0 0  
DAYS MIN <= 32 10 5.8 4.2 3  
DAYS MIN <= 0 0 0.0 0.0 0  
 
PRECIPITATION (INCHES)  
TOTALS 3.06 4.22  
 
SNOWFALL (INCHES)  
TOTALS MM  
 
DEGREE DAYS  
HEATING TOTAL 420 382 38 255  
SINCE 7/1 508 612 -104 499  
COOLING TOTAL 6 12 -6 35  
SINCE 1/1 3114 2428 686 3039    
............................................................
 
 
WIND (MPH)  
AVERAGE WIND SPEED 2.8  
HIGHEST WIND SPEED/DIRECTION 22/180 DATE 12/24  
HIGHEST GUST SPEED/DIRECTION 36/210 DATE 12/24  
 
SKY COVER  
POSSIBLE SUNSHINE (PERCENT) MM  
AVERAGE SKY COVER 0.30  
NUMBER OF DAYS FAIR 19  
NUMBER OF DAYS PC 9  
NUMBER OF DAYS CLOUDY 3  
 
AVERAGE RH (PERCENT) 69  
 
WEATHER CONDITIONS. NUMBER OF DAYS WITH  
THUNDERSTORM 1 MIXED PRECIP 0  
HEAVY RAIN 6 RAIN 4  
LIGHT RAIN 7 FREEZING RAIN 0  
LT FREEZING RAIN 0 HAIL 0  
HEAVY SNOW 0 SNOW 0  
LIGHT SNOW 0 SLEET 0  
FOG 19 FOG W/VIS <= 1/4 MILE 5  
HAZE 3  
 
- INDICATES NEGATIVE NUMBERS.  
R INDICATES RECORD WAS SET OR TIED.  
MM INDICATES DATA IS MISSING.  
T INDICATES TRACE AMOUNT.  
 

 
 
CLICK HERE TO GO TO PREVIOUS BULLETINS.

The Nexlab FL Page
The Nexlab GA Page
The Nexlab AL Page Main Text Page