837  
CXUS52 KTAE 011451  
CLMDHN  
 
CLIMATE REPORT  
NATIONAL WEATHER SERVICE TALLAHASSEE FL  
951 AM EST MON FEB 01 2021  
   
...............................
 
 
   
..THE DOTHAN CLIMATE SUMMARY FOR THE MONTH OF JANUARY 2021
 
 
CLIMATE NORMAL PERIOD 1981 TO 2010  
CLIMATE RECORD PERIOD 1965 TO 2021  
 
WEATHER OBSERVED NORMAL DEPART LAST YEAR'S  
VALUE DATE(S) VALUE FROM VALUE DATE(S)  
NORMAL    
............................................................
 
 
TEMPERATURE (F)  
RECORD  
HIGH MM MM  
LOW 14 01/07/2014  
HIGHEST 78 01/25 9 69 81 01/03  
LOWEST 28 01/17 MM MM 26 01/22  
AVG. MAXIMUM 60.7 60.1 0.6 64.9  
AVG. MINIMUM 42.2 37.7 4.5 44.8  
MEAN 51.5 48.9 2.6 54.9  
DAYS MAX >= 90 0 0.0 0.0 0  
DAYS MAX <= 32 0 0.0 0.0 0  
DAYS MIN <= 32 5 10.1 -5.1 4  
DAYS MIN <= 0 0 0.0 0.0 0  
 
PRECIPITATION (INCHES)  
TOTALS 4.91 4.63 0.28 2.60  
 
SNOWFALL (INCHES)  
TOTALS 0.0 MM MM 0.0  
SINCE 7/1 0.0 MM MM MM  
 
DEGREE DAYS  
HEATING TOTAL 418 503 -85 338  
SINCE 7/1 957 1216 -259 905  
COOLING TOTAL 7 4 3 31  
SINCE 1/1 7 4 3 31    
............................................................
 
 
WIND (MPH)  
AVERAGE WIND SPEED 7.6  
RESULTANT WIND SPEED/DIRECTION 2/300  
HIGHEST WIND SPEED/DIRECTION 28/210 DATE 01/25  
HIGHEST GUST SPEED/DIRECTION 34/200 DATE 01/25  
34/310 01/27  
 
SKY COVER  
POSSIBLE SUNSHINE (PERCENT) MM  
AVERAGE SKY COVER 0.45  
NUMBER OF DAYS FAIR 15  
NUMBER OF DAYS PC 6  
NUMBER OF DAYS CLOUDY 10  
 
AVERAGE RH (PERCENT) 72  
 
WEATHER CONDITIONS. NUMBER OF DAYS WITH  
THUNDERSTORM 1 MIXED PRECIP 0  
HEAVY RAIN 5 RAIN 6  
LIGHT RAIN 11 FREEZING RAIN 0  
LT FREEZING RAIN 0 HAIL 0  
HEAVY SNOW 0 SNOW 0  
LIGHT SNOW 0 SLEET 0  
FOG 14 FOG W/VIS <= 1/4 MILE 2  
HAZE 5  
 
- INDICATES NEGATIVE NUMBERS.  
R INDICATES RECORD WAS SET OR TIED.  
MM INDICATES DATA IS MISSING.  
T INDICATES TRACE AMOUNT.  
 

 
 
CLICK HERE TO GO TO PREVIOUS BULLETINS.

The Nexlab FL Page
The Nexlab GA Page
The Nexlab AL Page Main Text Page