112  
CXUS52 KTAE 011450  
CLMCTY  
 
CLIMATE REPORT  
NATIONAL WEATHER SERVICE TALLAHASSEE FL  
950 AM EST MON MAR 01 2021  
   
...............................
 
 
   
..THE CROSS CITY CLIMATE SUMMARY FOR THE MONTH OF FEBRUARY 2021
 
 
CLIMATE NORMAL PERIOD 1981 TO 2010  
CLIMATE RECORD PERIOD 1948 TO 2021  
 
WEATHER OBSERVED NORMAL DEPART LAST YEAR'S  
VALUE DATE(S) VALUE FROM VALUE DATE(S)  
NORMAL    
............................................................
 
 
TEMPERATURE (F)  
HIGHEST 84 02/18 83 02/18  
02/27  
LOWEST 25 02/03 31 02/28  
02/04  
02/08  
AVG. MAXIMUM 72.3 71.2  
AVG. MINIMUM 48.3 46.4  
MEAN 60.3 3.4 58.8  
DAYS MAX >= 90 0 0  
DAYS MAX <= 32 0 0  
DAYS MIN <= 32 2 2  
DAYS MIN <= 0 0 0  
 
PRECIPITATION (INCHES)  
TOTALS 7.42 3.83  
 
SNOWFALL (INCHES)  
RECORDS  
TOTAL MM MM  
24 HR TOTAL MM  
SNOW DEPTH MM MM  
TOTALS MM 0.0 MM 0.0  
LIQUID EQUIV MM MM MM 0.00  
SINCE 7/1 MM MM MM MM  
LIQUID 7/1 MM MM MM MM  
SNOWDEPTH AVG. MM 0  
DAYS >= TRACE MM MM MM 0  
DAYS >= 1.0 MM MM MM 0  
GREATEST  
SNOW DEPTH MM 0 MM  
24 HR TOTAL MM 0.0 02/29 TO 02/29  
STORM TOTAL MM MM  
(MM/DD(HH)) MM  
 
DEGREE DAYS  
HEATING TOTAL 156 242 -86 215  
SINCE 7/1 927 1119 -192 837  
COOLING TOTAL 37 16 21 45  
SINCE 1/1 66 33 33 97    
............................................................
 
 
WIND (MPH)  
AVERAGE WIND SPEED 5.5  
HIGHEST WIND SPEED/DIRECTION 22/180 DATE 02/18  
 
SKY COVER  
POSSIBLE SUNSHINE (PERCENT) MM  
AVERAGE SKY COVER 0.55  
NUMBER OF DAYS FAIR 9  
NUMBER OF DAYS PC 5  
NUMBER OF DAYS CLOUDY 13  
 
AVERAGE RH (PERCENT) 78  
 
WEATHER CONDITIONS. NUMBER OF DAYS WITH  
THUNDERSTORM 4 MIXED PRECIP 0  
HEAVY RAIN 3 RAIN 5  
LIGHT RAIN 9 FREEZING RAIN 0  
LT FREEZING RAIN 0 HAIL 0  
HEAVY SNOW 0 SNOW 0  
LIGHT SNOW 0 SLEET 0  
FOG 18 FOG W/VIS <= 1/4 MILE 7  
HAZE 3  
 
- INDICATES NEGATIVE NUMBERS.  
R INDICATES RECORD WAS SET OR TIED.  
MM INDICATES DATA IS MISSING.  
T INDICATES TRACE AMOUNT.  
 

 
 
CLICK HERE TO GO TO PREVIOUS BULLETINS.

The Nexlab FL Page
The Nexlab GA Page
The Nexlab AL Page Main Text Page

The Nexlab FL Page
The Nexlab GA Page
The Nexlab AL Page Main Text Page

The Nexlab FL Page
The Nexlab GA Page
The Nexlab AL Page Main Text Page

The Nexlab FL Page
The Nexlab GA Page
The Nexlab AL Page Main Text Page