303  
CXUS52 KTAE 011629  
CLMAAF  
 
CLIMATE REPORT  
NATIONAL WEATHER SERVICE TALLAHASSEE FL  
1129 AM EST MON MAR 01 2021  
   
...............................
 
 
   
..THE APALACHICOLA CLIMATE SUMMARY FOR THE MONTH OF FEBRUARY 2021
 
 
CLIMATE NORMAL PERIOD 1981 TO 2010  
CLIMATE RECORD PERIOD 1931 TO 2021  
 
WEATHER OBSERVED NORMAL DEPART LAST YEAR'S  
VALUE DATE(S) VALUE FROM VALUE DATE(S)  
NORMAL    
............................................................
 
 
TEMPERATURE (F)  
RECORD  
HIGH 82 02/25/2017  
02/23/2017  
09/22/2629814  
LOW 19 02/04/1996  
HIGHEST 77 02/27 90 -13 77 02/13  
LOWEST 34 02/03 MM MM 35 02/08  
02/04  
AVG. MAXIMUM 66.8 66.1 0.7 68.9  
AVG. MINIMUM 49.0 44.6 4.4 50.3  
MEAN 57.9 55.3 2.6 59.6  
DAYS MAX >= 90 0 0.0 0.0 0  
DAYS MAX <= 32 0 0.0 0.0 0  
DAYS MIN <= 32 0 2.7 -2.7 0  
DAYS MIN <= 0 0 0.0 0.0 0  
 
PRECIPITATION (INCHES)  
RECORD  
MAXIMUM 9.88 1998  
MINIMUM MM  
TOTALS 5.65 4.15 1.50 1.67  
 
DEGREE DAYS  
HEATING TOTAL 215 276 -61 94  
SINCE 7/1 944 1168 -224 714  
COOLING TOTAL 21 5 16 17  
SINCE 1/1 37 4 33 51    
............................................................
 
 
WIND (MPH)  
AVERAGE WIND SPEED 7.6  
HIGHEST WIND SPEED/DIRECTION 38/170 DATE 02/15  
HIGHEST GUST SPEED/DIRECTION 51/160 DATE 02/15  
 
SKY COVER  
POSSIBLE SUNSHINE (PERCENT) MM  
AVERAGE SKY COVER 0.57  
NUMBER OF DAYS FAIR 8  
NUMBER OF DAYS PC 9  
NUMBER OF DAYS CLOUDY 10  
 
AVERAGE RH (PERCENT) 82  
 
WEATHER CONDITIONS. NUMBER OF DAYS WITH  
THUNDERSTORM 3 MIXED PRECIP 0  
HEAVY RAIN 6 RAIN 7  
LIGHT RAIN 11 FREEZING RAIN 0  
LT FREEZING RAIN 0 HAIL 0  
HEAVY SNOW 0 SNOW 0  
LIGHT SNOW 0 SLEET 0  
FOG 19 FOG W/VIS <= 1/4 MILE 8  
HAZE 2  
 
- INDICATES NEGATIVE NUMBERS.  
R INDICATES RECORD WAS SET OR TIED.  
MM INDICATES DATA IS MISSING.  
T INDICATES TRACE AMOUNT.  
 

 
 
CLICK HERE TO GO TO PREVIOUS BULLETINS.

The Nexlab FL Page
The Nexlab GA Page
The Nexlab AL Page Main Text Page