427  
CXUS52 KTAE 131520  
CLMTLH  
 
CLIMATE REPORT  
NATIONAL WEATHER SERVICE TALLAHASSEE FL  
1129 AM EST MON MAR 01 2021  
   
...............................
 
 
   
..THE TALLAHASSEE CLIMATE SUMMARY FOR THE MONTH OF FEBRUARY 2021
 
 
CLIMATE NORMAL PERIOD 1981 TO 2010  
CLIMATE RECORD PERIOD 1896 TO 2021  
 
WEATHER OBSERVED NORMAL DEPART LAST YEAR'S  
VALUE DATE(S) VALUE FROM VALUE DATE(S)  
NORMAL    
............................................................
 
 
TEMPERATURE (F)  
RECORD  
HIGH 89 02/28/1948  
LOW -2 02/13/1899  
HIGHEST 82 02/27 83 02/19  
02/28  
02/13  
LOWEST 27 02/04 29 02/28  
AVG. MAXIMUM 67.3 67.5 -0.2 69.0  
AVG. MINIMUM 46.0 41.9 4.1 45.5  
MEAN 56.6 54.7 1.9 57.3  
DAYS MAX >= 90 0 0.0 0.0 0  
DAYS MAX <= 32 0 0.0 0.0 0  
DAYS MIN <= 32 3 5.7 -2.7 3  
DAYS MIN <= 0 0 0.0 0.0 0  
 
PRECIPITATION (INCHES)  
RECORD  
MAXIMUM 12.36 2013  
MINIMUM 0.45 1911  
TOTALS 3.58 4.85 -1.27 5.10  
 
SNOWFALL (INCHES)  
RECORDS  
TOTAL 2.8 1958  
TOTALS 0.0 0.0 0.0 0.0  
SINCE 7/1 0.0 0.1 -0.1 0.0  
 
DEGREE DAYS  
HEATING TOTAL 254 297 -43 248  
SINCE 7/1 1150 1343 -193 1001  
COOLING TOTAL 27 9 18 33  
SINCE 1/1 39 9 30 78    
............................................................
 
 
WIND (MPH)  
AVERAGE WIND SPEED 6.3  
RESULTANT WIND SPEED/DIRECTION 1/070  
HIGHEST WIND SPEED/DIRECTION 32/026 DATE 02/02  
HIGHEST GUST SPEED/DIRECTION 37/290 DATE 02/01  
 
SKY COVER  
POSSIBLE SUNSHINE (PERCENT) MM  
AVERAGE SKY COVER 0.66  
NUMBER OF DAYS FAIR 6  
NUMBER OF DAYS PC 5  
NUMBER OF DAYS CLOUDY 16  
 
AVERAGE RH (PERCENT) 76  
 
WEATHER CONDITIONS. NUMBER OF DAYS WITH  
THUNDERSTORM 3 MIXED PRECIP 0  
HEAVY RAIN 2 RAIN 5  
LIGHT RAIN 14 FREEZING RAIN 0  
LT FREEZING RAIN 0 HAIL 0  
HEAVY SNOW 0 SNOW 0  
LIGHT SNOW 0 SLEET 0  
FOG 19 FOG W/VIS <= 1/4 MILE 9  
HAZE 2  
 
- INDICATES NEGATIVE NUMBERS.  
R INDICATES RECORD WAS SET OR TIED.  
MM INDICATES DATA IS MISSING.  
T INDICATES TRACE AMOUNT.  
 

 
 
CLICK HERE TO GO TO PREVIOUS BULLETINS.

The Nexlab FL Page
The Nexlab GA Page
The Nexlab AL Page Main Text Page