495  
CXUS52 KTAE 011342  
CLMABY  
 
CLIMATE REPORT  
NATIONAL WEATHER SERVICE TALLAHASSEE FL  
942 AM EDT SAT MAY 01 2021  
   
...............................
 
 
   
..THE ALBANY CLIMATE SUMMARY FOR THE MONTH OF APRIL 2021
 
 
CLIMATE NORMAL PERIOD 1981 TO 2010  
CLIMATE RECORD PERIOD 1930 TO 2021  
 
WEATHER OBSERVED NORMAL DEPART LAST YEAR'S  
VALUE DATE(S) VALUE FROM VALUE DATE(S)  
NORMAL    
............................................................
 
 
TEMPERATURE (F)  
RECORD  
HIGH 97 MM  
LOW 31 04/08/2007  
HIGHEST 92 04/13 9 83 91 04/09  
LOWEST 34 04/03 MM MM 41 04/11  
AVG. MAXIMUM 78.9 79.1 -0.2 80.6  
AVG. MINIMUM 53.3 53.4 -0.1 55.3  
MEAN 66.1 66.2 -0.1 67.9  
DAYS MAX >= 90 2 0.4 1.6 1  
DAYS MAX <= 32 0 0.0 0.0 0  
DAYS MIN <= 32 0 0.1 -0.1 0  
DAYS MIN <= 0 0 0.0 0.0 0  
 
PRECIPITATION (INCHES)  
RECORD  
MAXIMUM MM MM  
MINIMUM MM MM  
TOTALS 5.40 3.64 1.76 6.78  
 
SNOWFALL (INCHES)  
TOTALS 0.0  
 
DEGREE DAYS  
HEATING TOTAL 63 65 -2 28  
SINCE 7/1 1454 1836 -382 1243  
COOLING TOTAL 106 102 4 124  
SINCE 1/1 249 140 109 360    
............................................................
 
 
WIND (MPH)  
AVERAGE WIND SPEED 5.3  
HIGHEST WIND SPEED/DIRECTION 36/290 DATE 04/24  
HIGHEST GUST SPEED/DIRECTION 35/220 DATE 04/14  
 
SKY COVER  
POSSIBLE SUNSHINE (PERCENT) MM  
AVERAGE SKY COVER 0.24  
NUMBER OF DAYS FAIR 22  
NUMBER OF DAYS PC 7  
NUMBER OF DAYS CLOUDY 1  
 
AVERAGE RH (PERCENT) 64  
 
WEATHER CONDITIONS. NUMBER OF DAYS WITH  
THUNDERSTORM 3 MIXED PRECIP 0  
HEAVY RAIN 2 RAIN 3  
LIGHT RAIN 7 FREEZING RAIN 0  
LT FREEZING RAIN 0 HAIL 0  
HEAVY SNOW 0 SNOW 0  
LIGHT SNOW 0 SLEET 0  
FOG 12 FOG W/VIS <= 1/4 MILE 2  
HAZE 2  
 
- INDICATES NEGATIVE NUMBERS.  
R INDICATES RECORD WAS SET OR TIED.  
MM INDICATES DATA IS MISSING.  
T INDICATES TRACE AMOUNT.  
 

 
 
CLICK HERE TO GO TO PREVIOUS BULLETINS.

The Nexlab FL Page
The Nexlab GA Page
The Nexlab AL Page Main Text Page

The Nexlab FL Page
The Nexlab GA Page
The Nexlab AL Page Main Text Page

The Nexlab FL Page
The Nexlab GA Page
The Nexlab AL Page Main Text Page