864  
CXUS52 KTAE 011350  
CLMABY  
 
CLIMATE REPORT  
NATIONAL WEATHER SERVICE TALLAHASSEE FL  
950 AM EDT TUE JUN 01 2021  
   
...............................
 
 
   
..THE ALBANY CLIMATE SUMMARY FOR THE MONTH OF MAY 2021
 
 
CLIMATE NORMAL PERIOD 1991 TO 2020  
CLIMATE RECORD PERIOD 1930 TO 2021  
 
WEATHER OBSERVED NORMAL DEPART LAST YEAR'S  
VALUE DATE(S) VALUE FROM VALUE DATE(S)  
NORMAL    
............................................................
 
 
TEMPERATURE (F)  
RECORD  
HIGH 102 MM  
LOW 44 05/06/2013  
05/18/2011  
05/05/2004  
HIGHEST 97 05/24 9 88 93 05/22  
05/25  
LOWEST 48 05/08 MM MM 47 05/08  
AVG. MAXIMUM 88.0 87.5 0.5 86.0  
AVG. MINIMUM 61.7 63.1 -1.4 62.0  
MEAN 74.9 75.3 -0.4 74.0  
DAYS MAX >= 90 14 12.6 1.4 8  
DAYS MAX <= 32 0 0.0 0.0 0  
DAYS MIN <= 32 0 0.0 0.0 0  
DAYS MIN <= 0 0 0.0 0.0 0  
 
PRECIPITATION (INCHES)  
RECORD  
MAXIMUM MM MM  
MINIMUM MM MM  
TOTALS 1.29 2.41 -1.12 4.28  
 
SNOWFALL (INCHES)  
TOTALS MM  
 
DEGREE DAYS  
HEATING TOTAL 1 4 -3 4  
SINCE 7/1 1455 1680 -225 1247  
COOLING TOTAL 314 323 -9 293  
SINCE 1/1 563 501 62 653    
............................................................
 
 
WIND (MPH)  
AVERAGE WIND SPEED 6.6  
HIGHEST WIND SPEED/DIRECTION 40/300 DATE 05/04  
HIGHEST GUST SPEED/DIRECTION 62/300 DATE 05/04  
 
SKY COVER  
POSSIBLE SUNSHINE (PERCENT) MM  
AVERAGE SKY COVER 0.19  
NUMBER OF DAYS FAIR 23  
NUMBER OF DAYS PC 8  
NUMBER OF DAYS CLOUDY 0  
 
AVERAGE RH (PERCENT) 62  
 
WEATHER CONDITIONS. NUMBER OF DAYS WITH  
THUNDERSTORM 4 MIXED PRECIP 0  
HEAVY RAIN 2 RAIN 4  
LIGHT RAIN 6 FREEZING RAIN 0  
LT FREEZING RAIN 0 HAIL 0  
HEAVY SNOW 0 SNOW 0  
LIGHT SNOW 0 SLEET 0  
FOG 7 FOG W/VIS <= 1/4 MILE 0  
HAZE 2  
 
- INDICATES NEGATIVE NUMBERS.  
R INDICATES RECORD WAS SET OR TIED.  
MM INDICATES DATA IS MISSING.  
T INDICATES TRACE AMOUNT.  
 

 
 
CLICK HERE TO GO TO PREVIOUS BULLETINS.

The Nexlab FL Page
The Nexlab GA Page
The Nexlab AL Page Main Text Page

The Nexlab FL Page
The Nexlab GA Page
The Nexlab AL Page Main Text Page