435  
CXUS52 KTAE 011350  
CLMABY  
 
CLIMATE REPORT  
NATIONAL WEATHER SERVICE TALLAHASSEE FL  
950 AM EDT THU JUL 01 2021  
   
...............................
 
 
   
..THE ALBANY CLIMATE SUMMARY FOR THE MONTH OF JUNE 2021
 
 
CLIMATE NORMAL PERIOD 1991 TO 2020  
CLIMATE RECORD PERIOD 1930 TO 2021  
 
WEATHER OBSERVED NORMAL DEPART LAST YEAR'S  
VALUE DATE(S) VALUE FROM VALUE DATE(S)  
NORMAL    
............................................................
 
 
TEMPERATURE (F)  
RECORD  
HIGH 106 MM  
LOW 59 06/08/2006  
HIGHEST 101 06/15 9 92 97 06/21  
LOWEST 63 06/01 MM MM 60 06/17  
AVG. MAXIMUM 93.5 91.2 2.3 90.7  
AVG. MINIMUM 72.2 70.6 1.6 71.0  
MEAN 82.9 80.9 2.0 80.9  
DAYS MAX >= 90 27 21.1 5.9 19  
DAYS MAX <= 32 0 0.0 0.0 0  
DAYS MIN <= 32 0 0.0 0.0 0  
DAYS MIN <= 0 0 0.0 0.0 0  
 
PRECIPITATION (INCHES)  
RECORD  
MAXIMUM MM MM  
MINIMUM MM MM  
TOTALS 3.12 5.06 -1.94 2.23  
 
SNOWFALL (INCHES)  
TOTALS MM  
 
DEGREE DAYS  
HEATING TOTAL 0 0 0 0  
SINCE 7/1 1455 1684 -229 1247  
COOLING TOTAL 546 477 69 485  
SINCE 1/1 1109 978 131 1138    
............................................................
 
 
WIND (MPH)  
AVERAGE WIND SPEED 5.6  
HIGHEST WIND SPEED/DIRECTION 31/190 DATE 06/06  
31/150 06/29  
HIGHEST GUST SPEED/DIRECTION 40/150 DATE 06/29  
 
SKY COVER  
POSSIBLE SUNSHINE (PERCENT) MM  
AVERAGE SKY COVER 0.32  
NUMBER OF DAYS FAIR 18  
NUMBER OF DAYS PC 10  
NUMBER OF DAYS CLOUDY 2  
 
AVERAGE RH (PERCENT) 66  
 
WEATHER CONDITIONS. NUMBER OF DAYS WITH  
THUNDERSTORM 12 MIXED PRECIP 0  
HEAVY RAIN 6 RAIN 7  
LIGHT RAIN 13 FREEZING RAIN 0  
LT FREEZING RAIN 0 HAIL 0  
HEAVY SNOW 0 SNOW 0  
LIGHT SNOW 0 SLEET 0  
FOG 11 FOG W/VIS <= 1/4 MILE 0  
HAZE 3  
 
- INDICATES NEGATIVE NUMBERS.  
R INDICATES RECORD WAS SET OR TIED.  
MM INDICATES DATA IS MISSING.  
T INDICATES TRACE AMOUNT.  
 

 
 
CLICK HERE TO GO TO PREVIOUS BULLETINS.

The Nexlab FL Page
The Nexlab GA Page
The Nexlab AL Page Main Text Page