329  
CXUS52 KTBW 041309  
CLMFMY  
 
CLIMATE REPORT  
NATIONAL WEATHER SERVICE TAMPA BAY FL  
200 PM EDT SUN JUL 04 2021  
   
...............................
 
 
   
..THE FORT MYERS CLIMATE SUMMARY FOR THE MONTH OF JUNE 2021
 
 
   
..TIED 12TH WARMEST SINCE RECORDS BEGAN IN 1902
 
 
CLIMATE NORMAL PERIOD: 1991 TO 2020  
CLIMATE RECORD PERIOD: 1902 TO 2021  
 
WEATHER OBSERVED NORMAL DEPART LAST YEAR'S  
VALUE DATE(S) VALUE FROM VALUE DATE(S)  
NORMAL    
............................................................
 
 
TEMPERATURE (F)  
ALL-TIME JUNE RECORD  
HIGH 103 06/17/1981  
06/16/1981  
LOW 60 06/01/1984  
06/03/1916  
 
JUNE 2021  
HIGHEST 95 06/09 MM MM 96 06/27  
06/25  
LOWEST 71 06/16 MM MM 70 06/16  
06/17  
06/24  
AVG. MAXIMUM 91.4 91.0 0.4 90.7  
AVG. MINIMUM 74.6 73.6 1.0 74.6  
MEAN 83.0 82.3 0.7 82.7  
DAYS MAX >= 90 25 22.0 3.0 21  
DAYS MAX <= 32 0 0.0 0.0 0  
DAYS MIN <= 32 0 0.0 0.0 0  
DAYS MIN <= 0 0 0.0 0.0 0  
 
PRECIPITATION (INCHES)  
ALL-TIME JUNE RECORD  
MAXIMUM 27.61 1912  
MINIMUM 1.99 1980  
 
JUNE 2021  
TOTALS 11.58 9.66 1.92 8.32  
DAILY AVG. 0.39 0.32 0.07 0.28  
DAYS >= .01 16 16.7 -0.7 15  
DAYS >= .10 14 12.1 1.9 11  
DAYS >= .50 7 6.1 0.9 6  
DAYS >= 1.00 3 3.4 -0.4 2  
GREATEST  
24 HR. TOTAL 4.90 06/02 TO 06/03  
 
DEGREE DAYS  
HEATING TOTAL 0 0 0 0  
SINCE 7/1 193 253 -60 107  
COOLING TOTAL 545 519 26 537  
SINCE 1/1 1848 1648 200 2084    
............................................................
 
 
WIND (MPH)  
AVERAGE WIND SPEED 6.7  
HIGHEST WIND SPEED/DIRECTION 41/100 DATE 06/24  
HIGHEST GUST SPEED/DIRECTION 57/110 DATE 06/24  
 
SKY COVER (DOES NOT INCLUDE ANY CLOUDS ABOVE 12000 FEET)  
POSSIBLE SUNSHINE (PERCENT) MM  
AVERAGE SKY COVER 0.23  
NUMBER OF DAYS FAIR 26  
NUMBER OF DAYS PC 4  
NUMBER OF DAYS CLOUDY 0  
 
AVERAGE RH (PERCENT) 78  
 
WEATHER CONDITIONS. NUMBER OF DAYS WITH  
THUNDERSTORM 16 MIXED PRECIP 0  
HEAVY RAIN 13 RAIN 14  
LIGHT RAIN 21 FREEZING RAIN 0  
LT FREEZING RAIN 0 HAIL 0  
HEAVY SNOW 0 SNOW 0  
LIGHT SNOW 0 SLEET 0  
FOG 15 FOG W/VIS <= 1/4 MILE 3  
HAZE 3    
.............................................................
 
 
 
REMARKS  
THE JUNE 2021 MONTHLY AVERAGE TEMPERATURE OF 83.0 DEGREES TIES  
WITH 1927 AS THE 12TH WARMEST JUNE SINCE RECORDS BEGAN IN 1902.  
THE WARMEST JUNE HAD AN AVERAGE TEMPERATURE OF 85.9 DEGREES WHICH  
OCCURRED IN 1981 AND THE COOLEST JUNE HAD AN AVERAGE TEMPERATURE  
OF 78.5 DEGREES IN 1908.  
 
THE JUNE 2021 MONTHLY RAINFALL TOTAL OF 11.58 INCHES RANKS AS THE  
30TH WETTEST/91ST DRIEST JUNE SINCE RECORDS BEGAN IN 1902.  
 
- INDICATES NEGATIVE NUMBERS.  
R INDICATES RECORD WAS SET OR TIED.  
MM INDICATES DATA IS MISSING.  
T INDICATES TRACE AMOUNT.  
 

 
 
CLICK HERE TO GO TO PREVIOUS BULLETINS.

The Nexlab FL Page Main Text Page

The Nexlab FL Page Main Text Page

The Nexlab FL Page Main Text Page