301  
CXUS51 KCTP 011417  
CLMIPT  
 
CLIMATE REPORT  
NATIONAL WEATHER SERVICE STATE COLLEGE PA  
1017 AM EDT SAT AUG 01 2020  
   
...............................
 
 
   
..THE WILLIAMSPORT PA CLIMATE SUMMARY FOR THE MONTH OF JULY 2020
 
 
CLIMATE NORMAL PERIOD 1981 TO 2010  
CLIMATE RECORD PERIOD 1895 TO 2020  
 
WEATHER OBSERVED NORMAL DEPART LAST YEAR'S  
VALUE DATE(S) VALUE FROM VALUE DATE(S)  
NORMAL    
............................................................
 
 
TEMPERATURE (F)  
RECORD  
HIGH 106 07/09/1936  
LOW 43 07/20/1965  
07/09/1963  
07/12/1945  
HIGHEST 100 07/27 95 07/21  
LOWEST 60 07/14 56 07/01  
AVG. MAXIMUM 90.0 83.6 6.4 86.5  
AVG. MINIMUM 66.4 61.9 4.5 65.7  
MEAN 78.2 72.7 5.5 76.1  
DAYS MAX >= 90 19 4.8 14.2 6  
DAYS MAX <= 32 0 0.0 0.0 0  
DAYS MIN <= 32 0 0.0 0.0 0  
DAYS MIN <= 0 0 0.0 0.0 0  
 
PRECIPITATION (INCHES)  
RECORD  
MAXIMUM 11.99 2018  
MINIMUM 0.75 1909  
TOTALS 1.86 4.34 -2.48 6.54  
DAILY AVG. 0.06 0.14 -0.08 0.21  
DAYS >= .01 10 11.4 -1.4 12  
DAYS >= .10 5 7.6 -2.6 10  
DAYS >= .50 0 3.1 -3.1 4  
DAYS >= 1.00 0 1.0 -1.0 2  
GREATEST  
24 HR. TOTAL 0.43 07/28 TO 07/28 1.86 07/02 TO 07/02  
 
SNOWFALL (INCHES)  
RECORDS  
TOTAL 0.0 MM  
TOTALS 0.0 0.0 0.0 0.0  
SINCE 7/1 0.0 0.0 0.0 MM  
SNOWDEPTH AVG. 0 0  
DAYS >= 1.0 0 0.0 0.0 0  
GREATEST  
SNOW DEPTH 0 0 MM  
24 HR TOTAL MM 0.0 07/31 TO 07/31  
 
DEGREE DAYS  
HEATING TOTAL 0 4 -4 0  
SINCE 7/1 0 0 0 0  
COOLING TOTAL 417 244 173 353  
SINCE 1/1 652 433 219 536    
............................................................
 
 
WIND (MPH)  
AVERAGE WIND SPEED 5.0  
HIGHEST WIND SPEED/DIRECTION 25/150 DATE 07/16  
HIGHEST GUST SPEED/DIRECTION 37/140 DATE 07/16  
 
SKY COVER  
POSSIBLE SUNSHINE (PERCENT) MM  
AVERAGE SKY COVER 0.34  
NUMBER OF DAYS FAIR 19  
NUMBER OF DAYS PC 11  
NUMBER OF DAYS CLOUDY 1  
 
WEATHER CONDITIONS. NUMBER OF DAYS WITH  
THUNDERSTORM 5 MIXED PRECIP 0  
HEAVY RAIN 4 RAIN 3  
LIGHT RAIN 16 FREEZING RAIN 0  
LT FREEZING RAIN 0 HAIL 0  
HEAVY SNOW 0 SNOW 0  
LIGHT SNOW 0 SLEET 0  
FOG 11 FOG W/VIS <= 1/4 MILE 1  
HAZE 2  
 
- INDICATES NEGATIVE NUMBERS.  
R INDICATES RECORD WAS SET OR TIED.  
MM INDICATES DATA IS MISSING.  
T INDICATES TRACE AMOUNT.  
 

 
 
CLICK HERE TO GO TO PREVIOUS BULLETINS.

The Nexlab PA Page Main Text Page