986  
CXUS51 KBOX 011300  
CLSPVD  
 
CLIMATE REPORT  
NATIONAL WEATHER SERVICE BOSTON/NORTON MA  
709 AM EST TUE DEC 1 2020  
   
...............................
 
 
 
...THE PROVIDENCE RI CLIMATE SUMMARY FOR THE SEASON, FROM  
9/1/2020 TO 11/30/2020...  
 
CLIMATE NORMAL PERIOD 1981 TO 2010  
CLIMATE RECORD PERIOD 1904 TO 2020  
 
WEATHER OBSERVED NORMAL DEPART LAST YEAR'S  
VALUE DATE(S) VALUE FROM VALUE  
NORMAL    
.........................................................
 
 
TEMPERATURE (F)  
RECORD  
HIGH 100 09/11/1983  
LOW 6 11/24/1989  
HIGHEST 87 09/04 MM MM 85  
LOWEST 20 11/19 MM MM 18  
AVG. MAXIMUM 66.3 63.6 2.7  
AVG. MINIMUM 46.7 45.0 1.7  
MEAN 56.5 54.3 2.2  
DAYS MAX >= 90 0 0.6 -0.6  
DAYS MAX <= 32 0 0.1 -0.1  
DAYS MIN <= 32 12 12.3 -0.3  
DAYS MIN <= 0 0 0.0 0.0  
 
PRECIPITATION (INCHES)  
RECORD  
MAXIMUM 25.26 2005  
MINIMUM 2.53 1946  
TOTALS 12.85 12.36 0.49  
DAYS >= .01 26 28.2 -2.2  
DAYS >= .10 17 18.9 -1.9  
DAYS >= .50 8 8.1 -0.1  
DAYS >= 1.00 5 3.6 1.4  
GREATEST  
24 HR. TOTAL 2.74 11/30 TO 11/30  
 
SNOWFALL (INCHES)  
RECORDS  
TOTAL 10.2 1945  
SNOW DEPTH 7 11/24/1989  
11/12/1987  
TOTALS 1.6 1.5 0.1  
SINCE 7/1 1.6 1.5 0.1  
SNOWDEPTH AVG. 0  
GREATEST  
SNOW DEPTH 0 MM  
24 HR TOTAL 1.6 10/30 TO 10/30  
 
DEGREE_DAYS  
HEATING TOTAL 850 1066 -216  
SINCE 7/1 850 1075 -225  
COOLING TOTAL 105 88 17  
SINCE 1/1 1043 744 299    
..........................................................
 
 
WIND (MPH)  
AVERAGE WIND SPEED 7.7  
RESULTANT WIND SPEED/DIRECTION 2/261  
HIGHEST WIND SPEED/DIRECTION 41/190 DATE 09/30  
HIGHEST GUST SPEED/DIRECTION 57/150 DATE 11/30  
 
SKY COVER  
POSSIBLE SUNSHINE (PERCENT) MM  
AVERAGE SKY COVER 0.50  
NUMBER OF DAYS FAIR 29  
NUMBER OF DAYS PC 35  
NUMBER OF DAYS CLOUDY 27  
 
AVERAGE RH (PERCENT) 72  
 
- INDICATES NEGATIVE NUMBERS.  
R INDICATES RECORD WAS SET OR TIED.  
MM INDICATES DATA IS MISSING.  
T INDICATES TRACE AMOUNT.  
 

 
 
CLICK HERE TO GO TO PREVIOUS BULLETINS.

The Nexlab MA Page
The Nexlab RI Page
The Nexlab NH Page
The Nexlab CT Page Main Text Page