385  
CXUS52 KCAE 012022  
CLMDNL  
 
CLIMATE REPORT  
NATIONAL WEATHER SERVICE COLUMBIA SC  
418 PM EDT SAT AUG 1 2020  
   
...............................
 
 
 
...THE AUGUSTA DANIEL FIELD GA CLIMATE SUMMARY FOR THE MONTH OF JULY 2020...  
 
CLIMATE NORMAL PERIOD 1981 TO 2010  
CLIMATE RECORD PERIOD 9999 TO 9999  
 
WEATHER OBSERVED NORMAL DEPART  
VALUE DATE(S) VALUE FROM  
NORMAL    
............................................
 
 
TEMPERATURE (F)  
HIGHEST 99 07/20 MM MM  
07/19  
07/15  
LOWEST 72 07/24 MM MM  
AVG. MAXIMUM 94.5 91.8 2.7  
AVG. MINIMUM 76.0 72.4 3.6  
MEAN 85.2 82.1 3.1  
DAYS MAX >= 90 29 21.6 7.4  
DAYS MAX <= 32 0 0.0 0.0  
DAYS MIN <= 32 0 0.0 0.0  
DAYS MIN <= 0 0 0.0 0.0  
 
PRECIPITATION (INCHES)  
TOTALS 10.17 5.27 4.90  
DAYS >= .01 10 MM MM  
DAYS >= .10 6 MM MM  
DAYS >= .50 3 MM MM  
DAYS >= 1.00 2 MM MM  
GREATEST  
24 HR. TOTAL 5.13 07/07 TO 07/07  
 
SNOWFALL (INCHES)  
DAYS >= TRACE 0  
 
DEGREE_DAYS  
HEATING TOTAL 0 0 0  
SINCE 7/1 0 0 0  
COOLING TOTAL 635 530 105  
SINCE 1/1 1568 1321 247    
.............................................
 
 
WIND (MPH)  
AVERAGE WIND SPEED 4.8  
RESULTANT WIND SPEED/DIRECTION 1/148  
HIGHEST WIND SPEED/DIRECTION 30/200 DATE 07/24  
HIGHEST GUST SPEED/DIRECTION 38/160 DATE 07/28  
 
SKY COVER  
POSSIBLE SUNSHINE (PERCENT) MM  
AVERAGE SKY COVER 0.20  
NUMBER OF DAYS FAIR 25  
NUMBER OF DAYS PC 3  
NUMBER OF DAYS CLOUDY 3  
 
AVERAGE RH (PERCENT) 65  
 
WEATHER CONDITIONS. NUMBER OF DAYS WITH  
 
THUNDERSTORM 11 MIXED PRECIP 0  
HEAVY RAIN 6 RAIN 6  
LIGHT RAIN 11 FREEZING RAIN 0  
LT FREEZING RAIN 0 HAIL 0  
HEAVY SNOW 0 SNOW 0  
LIGHT SNOW 0 SLEET 0  
FOG 9 FOG W/VIS <= 1/4 MILE 2  
HAZE 8  
 
- INDICATES NEGATIVE NUMBERS.  
R INDICATES RECORD WAS SET OR TIED.  
MM INDICATES DATA IS MISSING.  
T INDICATES TRACE AMOUNT.  
 

 
 
CLICK HERE TO GO TO PREVIOUS BULLETINS.

The Nexlab SC Page
The Nexlab GA Page Main Text Page