810  
CXUS52 KCAE 011526  
CLMDNL  
 
CLIMATE REPORT  
NATIONAL WEATHER SERVICE COLUMBIA SC  
1026 AM EST WED FEB 01 2023  
   
...............................
 
 
...THE AUGUSTA DANIEL FIELD GA CLIMATE SUMMARY FOR THE MONTH OF JANUARY 2023...  
 
CLIMATE NORMAL PERIOD: 1991 TO 2020  
CLIMATE RECORD PERIOD: 9999 TO 9999  
 
WEATHER OBSERVED NORMAL DEPART LAST YEAR'S  
VALUE DATE(S) VALUE FROM VALUE  
NORMAL    
..........................................................
 
 
TEMPERATURE (F)  
HIGHEST 74 01/02 MM MM  
LOWEST 29 01/15 MM MM  
AVG. MAXIMUM 61.4 58.1 3.3  
AVG. MINIMUM 44.3 39.8 4.5  
MEAN 52.9 49.0 3.9  
DAYS MAX >= 90 0 0.0 0.0  
DAYS MAX <= 32 0 0.2 -0.2  
DAYS MIN <= 32 3 8.8 -5.8  
DAYS MIN <= 0 0 0.0 0.0  
 
PRECIPITATION (INCHES)  
TOTALS 7.12 3.77 3.35  
DAYS >= .01 12 9.6 2.4  
DAYS >= .10 7 5.6 1.4  
DAYS >= .50 5 2.1 2.9  
DAYS >= 1.00 3 0.8 2.2  
GREATEST  
24 HR. TOTAL 2.03 01/03 TO 01/04  
 
DAYS >= TRACE MM  
 
DEGREE DAYS  
HEATING TOTAL 368 502 -134  
SINCE 7/1 1150 1227 -77  
COOLING TOTAL 1 4 -3  
SINCE 1/1 1 4 -3    
..........................................................
 
 
WIND (MPH)  
AVERAGE WIND SPEED 5.5  
RESULTANT WIND SPEED/DIRECTION 1/240  
HIGHEST WIND SPEED/DIRECTION 22/270 DATE 01/12  
22/200 01/19  
HIGHEST GUST SPEED/DIRECTION 35/260 DATE 01/12  
 
SKY COVER  
POSSIBLE SUNSHINE (PERCENT) MM  
AVERAGE SKY COVER 0.38  
NUMBER OF DAYS FAIR 13  
NUMBER OF DAYS PC 7  
NUMBER OF DAYS CLOUDY 5  
 
AVERAGE RH (PERCENT) 68  
 
WEATHER CONDITIONS. NUMBER OF DAYS WITH  
THUNDERSTORM 3 MIXED PRECIP 0  
HEAVY RAIN 7 RAIN 7  
LIGHT RAIN 13 FREEZING RAIN 0  
LT FREEZING RAIN 0 HAIL 0  
HEAVY SNOW 0 SNOW 0  
LIGHT SNOW 0 SLEET 0  
FOG 15 FOG W/VIS <= 1/4 MILE 7  
HAZE 1  
 
- INDICATES NEGATIVE NUMBERS.  
R INDICATES RECORD WAS SET OR TIED.  
MM INDICATES DATA IS MISSING.  
T INDICATES TRACE AMOUNT.  
 

 
 
CLICK HERE TO GO TO PREVIOUS BULLETINS.

The Nexlab SC Page
The Nexlab GA Page Main Text Page