790  
CXUS52 KGSP 011543  
CLMAVL  
 
CLIMATE REPORT  
NATIONAL WEATHER SERVICE GREENVILLE-SPARTANBURG SC  
1043 AM EST WED FEB 01 2023  
   
...............................
 
 
   
..THE ASHEVILLE NC CLIMATE SUMMARY FOR THE MONTH OF JANUARY 2023
 
 
CLIMATE NORMAL PERIOD 1991 TO 2020  
CLIMATE RECORD PERIOD 1869 TO 2023  
 
WEATHER OBSERVED NORMAL DEPART LAST YEAR'S  
VALUE DATE(S) VALUE FROM VALUE DATE(S)  
NORMAL    
............................................................
 
 
TEMPERATURE (F)  
RECORD  
HIGH 80 01/27/1999  
LOW -16 01/21/1985  
HIGHEST 66 01/02 MM MM 73 01/01  
LOWEST 22 01/28 MM MM 12 01/30  
AVG. MAXIMUM 53.5 48.9 4.6 45.9  
AVG. MINIMUM 34.0 28.6 5.4 26.5  
MEAN 43.7 38.7 5.0 36.2  
DAYS MAX >= 90 0 0.0 0.0 0  
DAYS MAX <= 32 0 2.7 -2.7 3  
DAYS MIN <= 32 14 21.6 -7.6 27  
DAYS MIN <= 0 0 0.1 -0.1 0  
 
PRECIPITATION (INCHES)  
RECORD  
MAXIMUM 9.96 1998  
MINIMUM 0.27 1907  
TOTALS 4.99 4.13 0.86 3.33  
DAILY AVG. 0.16 0.13 0.03 0.11  
DAYS >= .01 13 10.5 2.5 9  
DAYS >= .10 9 6.2 2.8 5  
DAYS >= .50 3 2.8 0.2 3  
DAYS >= 1.00 2 1.2 0.8 1  
GREATEST  
24 HR. TOTAL 1.44 01/03 TO 01/04 1.25 01/16 TO 01/16  
STORM TOTAL 1.24 1.25  
(MM/DD(HH)) MM  
 
SNOWFALL (INCHES)  
RECORDS  
TOTAL 17.6 1966  
24 HR TOTAL 14.0 01/07/1988 TO 01/08/1988  
SNOW DEPTH 14 01/08/1988  
TOTALS T 3.6 -3.6 10.6  
LIQUID EQUIV T 0.30 -0.30 1.10  
SINCE 7/1 T 6.3 -6.3 MM  
LIQUID 7/1 -0.10 0.60 -0.70 MM  
SNOWDEPTH AVG. T 1  
DAYS >= TRACE 3 1.6 1.4 8  
DAYS >= 1.0 0 0.9 -0.9 1  
GREATEST  
SNOW DEPTH MM 8 01/17  
24 HR TOTAL MM 10.4 01/16 TO 01/16  
STORM TOTAL 0.0 10.4  
(MM/DD(HH)) MM  
 
DEGREE DAYS  
HEATING TOTAL 656 814 -158 886  
SINCE 7/1 2327 2333 -6 MM  
COOLING TOTAL 0 0 0 0  
SINCE 1/1 0 0 0 MM  
 
FREEZE DATES  
RECORD  
EARLIEST MM  
LATEST MM  
EARLIEST 10/18  
LATEST 04/20    
............................................................
 
 
WIND (MPH)  
AVERAGE WIND SPEED 6.8  
HIGHEST WIND SPEED/DIRECTION 36/330 DATE 01/15  
HIGHEST GUST SPEED/DIRECTION 47/290 DATE 01/12  
 
SKY COVER  
POSSIBLE SUNSHINE (PERCENT) MM  
AVERAGE SKY COVER 0.44  
NUMBER OF DAYS FAIR 12  
NUMBER OF DAYS PC 14  
NUMBER OF DAYS CLOUDY 5  
 
AVERAGE RH (PERCENT) 69  
 
WEATHER CONDITIONS. NUMBER OF DAYS WITH  
THUNDERSTORM 3 MIXED PRECIP 0  
HEAVY RAIN 3 RAIN 7  
LIGHT RAIN 16 FREEZING RAIN 0  
LT FREEZING RAIN 0 HAIL 0  
HEAVY SNOW 0 SNOW 0  
LIGHT SNOW 3 SLEET 0  
FOG 16 FOG W/VIS <= 1/4 MILE 4  
HAZE 0  
 
- INDICATES NEGATIVE NUMBERS.  
R INDICATES RECORD WAS SET OR TIED.  
MM INDICATES DATA IS MISSING.  
T INDICATES TRACE AMOUNT.  
 

 
 
CLICK HERE TO GO TO PREVIOUS BULLETINS.

The Nexlab SC Page
The Nexlab NC Page
The Nexlab GA Page Main Text Page

The Nexlab SC Page
The Nexlab NC Page
The Nexlab GA Page Main Text Page