119  
CXUS52 KGSP 011451  
CLMCLT  
 
CLIMATE REPORT  
NATIONAL WEATHER SERVICE GREENVILLE-SPARTANBURG SC  
1051 AM EDT SAT AUG 01 2020  
   
...............................
 
 
   
..THE CHARLOTTE NC CLIMATE SUMMARY FOR THE MONTH OF JULY 2020
 
 
CLIMATE NORMAL PERIOD 1981 TO 2010  
CLIMATE RECORD PERIOD 1878 TO 2020  
 
WEATHER OBSERVED NORMAL DEPART LAST YEAR'S  
VALUE DATE(S) VALUE FROM VALUE DATE(S)  
NORMAL    
............................................................
 
 
TEMPERATURE (F)  
RECORD  
HIGH 104 07/01/2012  
LOW 53 07/10/1961  
HIGHEST 96 07/19 MM MM 98 07/19  
07/20  
07/21  
LOWEST 65 07/12 MM MM 61 07/25  
AVG. MAXIMUM 92.5 89.0 3.5 92.2  
AVG. MINIMUM 71.6 68.1 3.5 70.9  
MEAN 82.0 78.5 3.5 81.5  
DAYS MAX >= 90 25 13.6 11.4 24  
DAYS MAX <= 32 0 0.0 0.0 0  
DAYS MIN <= 32 0 0.0 0.0 0  
DAYS MIN <= 0 0 0.0 0.0 0  
 
PRECIPITATION (INCHES)  
RECORD  
MAXIMUM 16.55 1916  
MINIMUM 0.53 1983  
TOTALS 3.29 3.68 -0.39 3.53  
DAILY AVG. 0.11 0.12 -0.01 0.11  
DAYS >= .01 12 10.8 1.2 6  
DAYS >= .10 5 6.2 -1.2 5  
DAYS >= .50 2 2.3 -0.3 2  
DAYS >= 1.00 1 0.8 0.2 1  
GREATEST  
24 HR. TOTAL 2.03 07/21 TO 07/21 2.15 07/19 TO 07/20  
STORM TOTAL 2.03 MM  
(MM/DD(HH)) MM  
 
SNOWFALL (INCHES)  
RECORDS  
TOTAL MM MM  
24 HR TOTAL MM  
SNOW DEPTH MM MM  
TOTALS 0.0 0.0 0.0 0.0  
LIQUID EQUIV 0.00 0.00 0.00 0.00  
SINCE 7/1 0.0 0.0 0.0 MM  
LIQUID 7/1 0.00 0.00 0.00 MM  
SNOWDEPTH AVG. 0 0  
DAYS >= TRACE 0 0.0 0.0 0  
DAYS >= 1.0 0 0.0 0.0 0  
GREATEST  
SNOW DEPTH 0 0 MM  
24 HR TOTAL MM MM 0.0  
STORM TOTAL 0.0 MM  
(MM/DD(HH)) MM  
 
DEGREE DAYS  
HEATING TOTAL 0 0 0 0  
SINCE 7/1 0 0 0 0  
COOLING TOTAL 538 420 118 521  
SINCE 1/1 1095 894 201 1258  
 
FREEZE DATES  
RECORD  
EARLIEST MM  
LATEST MM  
EARLIEST 11/03  
LATEST 04/03    
............................................................
 
 
WIND (MPH)  
AVERAGE WIND SPEED 5.3  
HIGHEST WIND SPEED/DIRECTION 31/080 DATE 07/25  
HIGHEST GUST SPEED/DIRECTION 48/060 DATE 07/25  
 
SKY COVER  
POSSIBLE SUNSHINE (PERCENT) MM  
AVERAGE SKY COVER 0.55  
NUMBER OF DAYS FAIR 7  
NUMBER OF DAYS PC 21  
NUMBER OF DAYS CLOUDY 3  
 
AVERAGE RH (PERCENT) 67  
 
WEATHER CONDITIONS. NUMBER OF DAYS WITH  
THUNDERSTORM 19 MIXED PRECIP 0  
HEAVY RAIN 1 RAIN 5  
LIGHT RAIN 18 FREEZING RAIN 0  
LT FREEZING RAIN 0 HAIL 0  
HEAVY SNOW 0 SNOW 0  
LIGHT SNOW 0 SLEET 0  
FOG 5 FOG W/VIS <= 1/4 MILE 0  
HAZE 3  
 
- INDICATES NEGATIVE NUMBERS.  
R INDICATES RECORD WAS SET OR TIED.  
MM INDICATES DATA IS MISSING.  
T INDICATES TRACE AMOUNT.  
 

 
 
CLICK HERE TO GO TO PREVIOUS BULLETINS.

The Nexlab SC Page
The Nexlab NC Page
The Nexlab GA Page Main Text Page