846  
CXUS52 KILM 021244  
CLMFLO  
 
CLIMATE REPORT  
NATIONAL WEATHER SERVICE WILMINGTON NC  
744 AM EST THU FEB 02 2023  
   
...............................
 
 
...THE FLORENCE SOUTH CAROLINA CLIMATE SUMMARY FOR THE MONTH OF JANUARY 2023...  
 
CLIMATE NORMAL PERIOD 1991 TO 2020  
CLIMATE RECORD PERIOD 1948 TO 2023  
 
WEATHER OBSERVED NORMAL DEPART LAST YEAR'S  
VALUE DATE(S) VALUE FROM VALUE DATE(S)  
NORMAL    
............................................................
 
 
TEMPERATURE (F)  
RECORD  
HIGH 85 01/31/1975  
LOW 0 01/21/1985  
HIGHEST 76 01/03 MM MM 82 01/01  
LOWEST 24 01/16 MM MM 18 01/23  
01/30  
AVG. MAXIMUM 62.4 57.1 5.3 55.8  
AVG. MINIMUM 39.9 36.0 3.9 32.0  
MEAN 51.1 46.6 4.5 43.9  
DAYS MAX >= 90 0 0.0 0.0 0  
DAYS MAX <= 32 0 0.4 -0.4 0  
DAYS MIN <= 32 7 13.0 -6.0 20  
DAYS MIN <= 0 0 0.0 0.0 0  
 
PRECIPITATION (INCHES)  
RECORD  
MAXIMUM 7.78 1995  
MINIMUM 0.70 2003  
TOTALS 4.98 3.08 1.90 3.95  
DAILY AVG. 0.16 0.10 0.06  
DAYS >= .01 10 9.7 0.3  
DAYS >= .10 6 5.8 0.2  
DAYS >= .50 3 2.2 0.8  
DAYS >= 1.00 2 0.7 1.3  
GREATEST  
24 HR. TOTAL 2.10 01/22 TO 01/23  
 
DEGREE DAYS  
HEATING TOTAL 425 575 -150 661  
SINCE 7/1 1359 1486 -127  
COOLING TOTAL 2 3 -1 14  
SINCE 1/1 2 3 -1  
 
FREEZE DATES  
RECORD  
EARLIEST 10/14/1988  
LATEST 04/20/1983  
EARLIEST 10/19  
LATEST 03/28    
............................................................
 
 
WIND (MPH)  
AVERAGE WIND SPEED 6.2  
RESULTANT WIND SPEED/DIRECTION 3/250  
HIGHEST WIND SPEED/DIRECTION 36/290 DATE 01/04  
HIGHEST GUST SPEED/DIRECTION 44/300 DATE 01/04  
 
SKY COVER  
AVERAGE SKY COVER 0.36  
 
AVERAGE RH (PERCENT) 69  
 
WEATHER CONDITIONS. NUMBER OF DAYS WITH  
THUNDERSTORM 1 MIXED PRECIP MM  
HEAVY RAIN 4 RAIN 5  
LIGHT RAIN 14 FREEZING RAIN 0  
LT FREEZING RAIN 0 HAIL MM  
HEAVY SNOW 0 SNOW 0  
LIGHT SNOW 0 SLEET MM  
FOG 17 FOG W/VIS <= 1/4 MILE 7  
HAZE 5  
 
- INDICATES NEGATIVE NUMBERS.  
R INDICATES RECORD WAS SET OR TIED.  
MM INDICATES DATA IS MISSING.  
T INDICATES TRACE AMOUNT.  
 

 
 
CLICK HERE TO GO TO PREVIOUS BULLETINS.

The Nexlab NC Page
The Nexlab SC Page Main Text Page