055  
CXUS52 KILM 011922  
CLMCRE  
 
CLIMATE REPORT  
NATIONAL WEATHER SERVICE WILMINGTON NC  
322 PM EDT SAT AUG 01 2020  
   
...............................
 
 
...THE N.MYRTLE BEACH SOUTH CAROLINA CLIMATE SUMMARY FOR THE MONTH OF JULY 2020...  
 
CLIMATE NORMAL PERIOD 1981 TO 2010  
CLIMATE RECORD PERIOD 1931 TO 2020  
 
WEATHER OBSERVED NORMAL DEPART LAST YEAR'S  
VALUE DATE(S) VALUE FROM VALUE DATE(S)  
NORMAL    
............................................................
 
 
TEMPERATURE (F)  
RECORD  
HIGH 101 07/27/2005  
07/05/1990  
07/01/1990  
LOW 54 07/07/1951  
HIGHEST 93 07/03 MM MM 93 07/01  
07/04  
07/31  
LOWEST 72 07/14 MM MM 66 07/29  
AVG. MAXIMUM 89.4 87.6 1.8 88.0  
AVG. MINIMUM 75.8 73.1 2.7 73.6  
MEAN 82.6 80.3 2.3 80.8  
DAYS MAX >= 90 19 7.0 12.0 8  
DAYS MAX <= 32 0 0.0 0.0 0  
DAYS MIN <= 32 0 0.0 0.0 0  
DAYS MIN <= 0 0 0.0 0.0 0  
 
PRECIPITATION (INCHES)  
RECORD  
MAXIMUM 16.39 1960  
MINIMUM 1.24 1955  
TOTALS 3.41 5.90 -2.49 6.55  
DAILY AVG. 0.11 0.19 -0.08  
DAYS >= .01 12 MM MM  
DAYS >= .10 9 MM MM  
DAYS >= .50 4 MM MM  
DAYS >= 1.00 0 MM MM  
GREATEST  
24 HR. TOTAL 1.13 07/07 TO 07/08  
 
DEGREE DAYS  
HEATING TOTAL 0 0 0 0  
SINCE 7/1 0 0 0  
COOLING TOTAL 554 476 78 496  
SINCE 1/1 1239 1045 194  
 
FREEZE DATES  
RECORD  
EARLIEST MM  
LATEST MM  
EARLIEST 01/01  
LATEST 03/29    
............................................................
 
 
WIND (MPH)  
AVERAGE WIND SPEED 6.8  
RESULTANT WIND SPEED/DIRECTION 5/200  
HIGHEST WIND SPEED/DIRECTION 26/230 DATE 07/30  
HIGHEST GUST SPEED/DIRECTION 34/240 DATE 07/30  
 
SKY COVER  
AVERAGE SKY COVER 0.19  
 
AVERAGE RH (PERCENT) 79  
 
WEATHER CONDITIONS. NUMBER OF DAYS WITH  
THUNDERSTORM 12 MIXED PRECIP 0  
HEAVY RAIN 8 RAIN 6  
LIGHT RAIN 16 FREEZING RAIN 0  
LT FREEZING RAIN 0 HAIL 0  
HEAVY SNOW 0 SNOW 0  
LIGHT SNOW 0 SLEET 0  
FOG 15 FOG W/VIS <= 1/4 MILE 1  
HAZE 2  
 
- INDICATES NEGATIVE NUMBERS.  
R INDICATES RECORD WAS SET OR TIED.  
MM INDICATES DATA IS MISSING.  
T INDICATES TRACE AMOUNT.  
 

 
 
CLICK HERE TO GO TO PREVIOUS BULLETINS.

The Nexlab NC Page
The Nexlab SC Page Main Text Page