143  
CXUS53 KABR 011412  
CLM8D3  
 
CLIMATE REPORT  
NATIONAL WEATHER SERVICE ABERDEEN SD  
910 AM CDT WED JUL 1 2020  
   
...............................
 
 
   
..THE SISSETON SD CLIMATE SUMMARY FOR THE MONTH OF JUNE 2020
 
 
CLIMATE NORMAL PERIOD 1981 TO 2010  
CLIMATE RECORD PERIOD 1900 TO 2020  
 
WEATHER OBSERVED NORMAL DEPART LAST YEAR'S  
VALUE DATE(S) VALUE FROM VALUE DATE(S)  
NORMAL    
............................................................
 
 
TEMPERATURE (F)  
RECORD  
HIGH 105 06/02/1934  
LOW 31 06/07/1901  
HIGHEST 99 06/07 MM MM 93 06/07  
LOWEST 51 06/22 MM MM 45 06/13  
06/12  
AVG. MAXIMUM 83.4 77.3 6.1 78.8  
AVG. MINIMUM 59.9 54.8 5.1 56.3  
MEAN 71.7 66.1 5.6 67.5  
DAYS MAX >= 90 5 1.4 3.6 3  
DAYS MAX <= 32 0 0.0 0.0 0  
DAYS MIN <= 32 0 0.0 0.0 0  
DAYS MIN <= 0 0 0.0 0.0 0  
 
PRECIPITATION (INCHES)  
RECORD  
MAXIMUM 9.08 1939  
MINIMUM 0.55 1974  
TOTALS 1.95 3.74 -1.79 2.56  
DAYS >= .01 9 MM MM 14  
DAYS >= .10 5 MM MM 9  
DAYS >= .50 1 MM MM 1  
DAYS >= 1.00 0 MM MM 0  
 
SNOWFALL (INCHES)  
RECORDS  
TOTAL MM MM  
SNOW DEPTH MM MM  
TOTALS 0.0 MM MM 0.0  
SINCE 7/1 34.3 MM MM 88.4  
SNOWDEPTH AVG. 0 MM MM 0  
DAYS >= TRACE 0 MM MM 0  
DAYS >= 1.0 0 MM MM 0  
GREATEST  
SNOW DEPTH 0 MM 0 MM  
 
DEGREE_DAYS  
HEATING TOTAL 9 62 -53 41  
SINCE 7/1 8373 8283 90 9382  
COOLING TOTAL 217 94 123 124  
SINCE 1/1 224 117 107 141  
 
FREEZE DATES  
RECORD  
EARLIEST MM  
LATEST MM  
EARLIEST 10/10 MM  
LATEST 05/12 MM    
.............................................................
 
 
WIND (MPH)  
AVERAGE WIND SPEED 12.4  
RESULTANT WIND SPEED/DIRECTION 4/172  
HIGHEST WIND SPEED/DIRECTION 41/140 DATE 06/14  
HIGHEST GUST SPEED/DIRECTION 57/190 DATE 06/07  
 
SKY COVER  
POSSIBLE SUNSHINE (PERCENT) MM  
AVERAGE SKY COVER 0.00  
NUMBER OF DAYS FAIR 30  
NUMBER OF DAYS PC 0  
NUMBER OF DAYS CLOUDY 0  
 
AVERAGE RH (PERCENT) 61  
 
- INDICATES NEGATIVE NUMBERS.  
R INDICATES RECORD WAS SET OR TIED.  
MM INDICATES DATA IS MISSING.  
T INDICATES TRACE AMOUNT.  
 

 
 
CLICK HERE TO GO TO PREVIOUS BULLETINS.

The Nexlab SD Page
The Nexlab MN Page Main Text Page