835  
CXUS53 KABR 011551  
CLMPIR  
 
CLIMATE REPORT  
NATIONAL WEATHER SERVICE ABERDEEN SD  
951 AM CST WED FEB 01 2023  
   
...............................
 
 
   
..THE PIERRE SD CLIMATE SUMMARY FOR THE MONTH OF JANUARY 2023
 
 
CLIMATE NORMAL PERIOD 1991 TO 2020  
CLIMATE RECORD PERIOD 1892 TO 2023  
 
WEATHER OBSERVED NORMAL DEPART LAST YEAR'S  
VALUE DATE(S) VALUE FROM VALUE DATE(S)  
NORMAL    
............................................................
 
 
TEMPERATURE (F)  
RECORD  
HIGH 68 01/23/1981  
LOW -33 01/29/1966  
HIGHEST 44 01/09 MM MM 56 01/31  
LOWEST -11 01/30 MM MM -14 01/20  
AVG. MAXIMUM 29.1 29.0 0.1 35.3  
AVG. MINIMUM 12.7 9.3 3.4 7.1  
MEAN 20.9 19.1 1.8 21.2  
DAYS MAX >= 90 0 0.0 0.0 0  
DAYS MAX <= 32 20 17.0 3.0 13  
DAYS MIN <= 32 31 30.6 0.4 30  
DAYS MIN <= 0 3 8.3 -5.3 11  
 
PRECIPITATION (INCHES)  
RECORD  
MAXIMUM 1.37 1975  
MINIMUM T 1913  
TOTALS 0.35 0.45 -0.10 0.07  
DAYS >= .01 6 5.9 0.1 3  
DAYS >= .10 1 1.5 -0.5 0  
DAYS >= .50 0 0.1 -0.1 0  
DAYS >= 1.00 0 0.0 0.0 0  
 
SNOWFALL (INCHES)  
RECORDS  
TOTAL 25.4 1949  
SNOW DEPTH 24 01/12/2010  
01/11/2010  
01/10/2010  
TOTALS 3.4 5.1 -1.7 0.3  
SINCE 7/1 24.1 18.9 5.2 MM  
SNOWDEPTH AVG. 8 -1  
DAYS >= TRACE 11 6.0 5.0 8  
DAYS >= 1.0 1 2.0 -1.0 0  
GREATEST  
SNOW DEPTH 8 01/21 MM 01/11  
01/22  
01/23  
01/15  
01/01  
 
DEGREE DAYS  
HEATING TOTAL 1358 1421 -63 1351  
SINCE 7/1 4386 4332 54 MM  
COOLING TOTAL 0 0 0 0  
SINCE 1/1 0 0 0 MM  
 
FREEZE DATES  
RECORD  
EARLIEST MM  
LATEST MM  
EARLIEST 10/06  
LATEST 05/22    
............................................................
 
 
WIND (MPH)  
AVERAGE WIND SPEED 8.0  
RESULTANT WIND SPEED/DIRECTION 4/330  
HIGHEST WIND SPEED/DIRECTION 40/330 DATE 01/27  
HIGHEST GUST SPEED/DIRECTION 54/300 DATE 01/27  
 
SKY COVER  
POSSIBLE SUNSHINE (PERCENT) MM  
AVERAGE SKY COVER 0.50  
NUMBER OF DAYS FAIR 11  
NUMBER OF DAYS PC 9  
NUMBER OF DAYS CLOUDY 11  
 
AVERAGE RH (PERCENT) 81  
 
WEATHER CONDITIONS. NUMBER OF DAYS WITH  
THUNDERSTORM 0 MIXED PRECIP 0  
HEAVY RAIN 0 RAIN 0  
LIGHT RAIN 1 FREEZING RAIN 0  
LT FREEZING RAIN 0 HAIL 0  
HEAVY SNOW 0 SNOW 1  
LIGHT SNOW 10 SLEET 0  
FOG 21 FOG W/VIS <= 1/4 MILE 7  
HAZE 10  
 
- INDICATES NEGATIVE NUMBERS.  
R INDICATES RECORD WAS SET OR TIED.  
MM INDICATES DATA IS MISSING.  
T INDICATES TRACE AMOUNT.  
 

 
 
CLICK HERE TO GO TO PREVIOUS BULLETINS.

The Nexlab SD Page
The Nexlab MN Page Main Text Page