992  
CXUS54 KOHX 011208  
CLMBNA  
 
CLIMATE REPORT  
NATIONAL WEATHER SERVICE NASHVILLE TN  
708 AM CDT SAT AUG 1 2020  
   
...............................
 
 
   
..THE NASHVILLE CLIMATE SUMMARY FOR THE MONTH OF JULY 2020
 
 
CLIMATE NORMAL PERIOD 1981 TO 2010  
CLIMATE RECORD PERIOD 1871 TO 2020  
 
WEATHER OBSERVED NORMAL DEPART LAST YEAR'S  
VALUE DATE(S) VALUE FROM VALUE  
NORMAL    
.........................................................
 
 
TEMPERATURE (F)  
RECORD  
HIGH 107 07/27/1952  
07/28/1952  
LOW 51 07/23/1947  
HIGHEST 98 07/20  
07/19  
07/18  
LOWEST 67 07/12  
AVG. MAXIMUM 93.5 89.3 4.2  
AVG. MINIMUM 72.6 69.5 3.1  
MEAN 83.0 79.4 3.6 81.4  
DAYS MAX >= 90 29  
DAYS MAX <= 32 0  
DAYS MIN <= 32 0  
DAYS MIN <= 0 0  
 
PRECIPITATION (INCHES)  
RECORD  
MAXIMUM 9.43 1878  
MINIMUM 0.46 1890  
TOTALS 4.42 3.64 0.78  
DAYS >= .01 12  
DAYS >= .10 8  
DAYS >= .50 4  
DAYS >= 1.00 1  
GREATEST  
24 HR. TOTAL 1.45 07/28 TO 07/28  
 
SNOWFALL (INCHES)  
TOTALS 0.0 0.0 0.0  
SINCE 7/1 0.0 0.0  
DAYS >= TRACE 0  
DAYS >= 1.0 0  
 
DEGREE_DAYS  
HEATING TOTAL 0 0 0  
SINCE 7/1 0 0 0  
COOLING TOTAL 567 446 121  
SINCE 1/1 1150 949 201    
..........................................................
 
 
WIND (MPH)  
AVERAGE WIND SPEED 4.6  
HIGHEST GUST SPEED/DIRECTION 40/360 DATE 07/20  
 
SKY COVER  
POSSIBLE SUNSHINE (PERCENT) MM  
AVERAGE SKY COVER 0.50  
NUMBER OF DAYS FAIR 7  
NUMBER OF DAYS PC 23  
NUMBER OF DAYS CLOUDY 1  
 
AVERAGE RH (PERCENT) 67  
 
WEATHER CONDITIONS. NUMBER OF DAYS WITH  
0  
7  
0  
0  
0  
0  
0  
HAZE 5  
 
- INDICATES NEGATIVE NUMBERS.  
R INDICATES RECORD WAS SET OR TIED.  
MM INDICATES DATA IS MISSING.  
T INDICATES TRACE AMOUNT.  
 

 
 
CLICK HERE TO GO TO PREVIOUS BULLETINS.

The Nexlab TN Page Main Text Page