318  
CXUS53 KGJT 011216  
CLAEEO  
 
CLIMATE REPORT  
NATIONAL WEATHER SERVICE GRAND JUNCTION CO  
443 AM MST SUN JAN 01 2023  
   
...............................
 
 
   
..THE MEEKER CO CLIMATE SUMMARY FOR THE YEAR OF 2022
 
 
CLIMATE NORMAL PERIOD 1991 TO 2020  
CLIMATE RECORD PERIOD 9999 TO 9999  
 
WEATHER OBSERVED NORMAL DEPART LAST YEAR'S  
VALUE DATE(S) VALUE FROM VALUE DATE(S)  
NORMAL    
............................................................
 
 
TEMPERATURE (F)  
RECORD  
HIGH MM MM  
LOW MM MM  
HIGHEST 95 09/04 MM MM 98 07/09  
LOWEST -16 01/02 MM MM -15 01/11  
12/17  
AVG. MAXIMUM 58.5 60.4 -1.9 61.0  
AVG. MINIMUM 26.4 29.2 -2.8 28.9  
MEAN 42.5 44.8 -2.3 44.9  
DAYS MAX >= 90 26 21.4 4.6 32  
DAYS MAX <= 32 52 38.2 13.8 33  
DAYS MIN <= 32 219 202.4 16.6 204  
DAYS MIN <= 0 44 24.9 19.1 23  
 
PRECIPITATION (INCHES)  
RECORD  
MAXIMUM MM MM  
MINIMUM MM MM  
TOTALS 16.25 15.26 0.99 13.63  
DAILY AVG. 0.05 0.04 0.01 0.04  
DAYS >= .01 100 110.6 -10.6 88  
DAYS >= .10 52 49.1 2.9 40  
DAYS >= .50 5 5.0 0.0 5  
DAYS >= 1.00 1 0.2 0.8 0  
GREATEST  
24 HR. TOTAL 1.10 MM 0.98  
STORM TOTAL 1.01 0.81  
(MM/DD(HH)) MM  
 
SNOWFALL (INCHES)  
RECORDS  
TOTAL MM MM  
24 HR TOTAL MM  
SNOW DEPTH MM MM  
TOTALS MM MM MM MM  
LIQUID EQUIV MM MM MM MM  
SINCE 7/1 MM MM MM MM  
LIQUID 7/1 MM MM MM MM  
SNOWDEPTH AVG. MM MM  
DAYS >= TRACE MM MM MM MM  
DAYS >= 1.0 MM MM MM MM  
GREATEST  
SNOW DEPTH MM MM MM  
24 HR TOTAL MM MM  
STORM TOTAL MM MM  
(MM/DD(HH)) MM  
 
DEGREE DAYS  
HEATING TOTAL 8373 7579 794 7497  
SINCE 7/1 3352 3099 253 2759  
COOLING TOTAL 293 245 48 319  
SINCE 1/1 293 244 49 319  
 
FREEZE DATES  
RECORD  
EARLIEST MM  
LATEST MM  
EARLIEST 09/11  
LATEST 06/15    
............................................................
 
 
WIND (MPH)  
AVERAGE WIND SPEED 5.5  
RESULTANT WIND SPEED/DIRECTION 0/180  
HIGHEST WIND SPEED/DIRECTION 51/230 DATE 04/11  
HIGHEST GUST SPEED/DIRECTION 72/230 DATE 04/11  
 
SKY COVER  
POSSIBLE SUNSHINE (PERCENT) MM  
AVERAGE SKY COVER 0.28  
NUMBER OF DAYS FAIR 244  
NUMBER OF DAYS PC 80  
NUMBER OF DAYS CLOUDY 34  
 
AVERAGE RH (PERCENT) 58  
 
WEATHER CONDITIONS. NUMBER OF DAYS WITH  
THUNDERSTORM 42 MIXED PRECIP 1  
HEAVY RAIN 14 RAIN 29  
LIGHT RAIN 93 FREEZING RAIN 0  
LT FREEZING RAIN 0 HAIL 0  
HEAVY SNOW 14 SNOW 26  
LIGHT SNOW 73 SLEET 0  
FOG 95 FOG W/VIS <= 1/4 MILE 19  
HAZE 17  
 
- INDICATES NEGATIVE NUMBERS.  
R INDICATES RECORD WAS SET OR TIED.  
MM INDICATES DATA IS MISSING.  
T INDICATES TRACE AMOUNT.  
 

 
 
CLICK HERE TO GO TO PREVIOUS BULLETINS.

The Nexlab CO Page
The Nexlab UT Page Main Text Page