205  
CXUS52 KAKQ 021217  
CLMECG  
 
CLIMATE REPORT  
NATIONAL WEATHER SERVICE WAKEFIELD, VA  
816 AM EDT TUE OCT 2 2018  
   
...............................
 
 
 
...THE ELIZABETH CITY NC CLIMATE SUMMARY FOR THE MONTH OF SEPTEMBER 2018...  
 
CLIMATE NORMAL PERIOD 1981 TO 2010  
CLIMATE RECORD PERIOD 1934 TO 2018  
 
WEATHER OBSERVED NORMAL DEPART LAST YEAR'S  
VALUE DATE(S) VALUE FROM VALUE DATE(S)  
NORMAL    
............................................................
 
 
TEMPERATURE (F)  
RECORD  
HIGH 98 09/08/1985  
09/06/1954  
09/04/1944  
LOW 40 09/27/1943  
HIGHEST 91 09/07 85 6 89 09/28  
09/06 09/21  
09/05 09/05  
LOWEST 62 09/30 59 3 55 09/08  
AVG. MAXIMUM 87.2 81.2 6.0 81.9  
AVG. MINIMUM 71.5 63.1 8.4 65.8  
MEAN 79.4 72.2 7.2 73.8  
DAYS MAX >= 90 10 1.6 8.4 0  
DAYS MAX <= 32 0 0.0 0.0 0  
DAYS MIN <= 32 0 0.0 0.0 0  
DAYS MIN <= 0 0 0.0 0.0 0  
 
PRECIPITATION (INCHES)  
RECORD  
MAXIMUM MM MM  
MINIMUM MM MM  
TOTALS 4.37 3.93 0.44 2.42  
DAILY AVG. 0.15 0.13 0.02 0.08  
DAYS >= .01 9 11.4 -2.4 8  
DAYS >= .10 7 5.9 1.1 5  
DAYS >= .50 4 2.5 1.5 1  
DAYS >= 1.00 1 1.4 -0.4 1  
GREATEST  
24 HR. TOTAL 1.12 09/15 TO 09/15  
 
DEGREE_DAYS  
HEATING TOTAL 0 12 -12 0  
SINCE 7/1 0 12 -12 0  
COOLING TOTAL 437 226 211 271  
SINCE 1/1 2138 1522 616 1817    
.............................................................
 
 
WIND (MPH)  
AVERAGE WIND SPEED 7.6  
HIGHEST WIND SPEED/DIRECTION 33/050 DATE 09/13  
HIGHEST GUST SPEED/DIRECTION 46/060 DATE 09/13  
 
SKY COVER  
POSSIBLE SUNSHINE (PERCENT) MM  
AVERAGE SKY COVER 0.30  
 
AVERAGE RH (PERCENT) 82  
 
WEATHER CONDITIONS. NUMBER OF DAYS WITH  
0  
4  
0  
0  
0  
0  
4  
HAZE 2  
 
- INDICATES NEGATIVE NUMBERS.  
R INDICATES RECORD WAS SET OR TIED.  
MM INDICATES DATA IS MISSING.  
T INDICATES TRACE AMOUNT.  
 

 
 
CLICK HERE TO GO TO PREVIOUS BULLETINS.

The Nexlab VA Page
The Nexlab NC Page
The Nexlab MD Page Main Text Page