592  
CXUS56 KOTX 011052  
CLMSFF  
 
CLIMATE REPORT  
NATIONAL WEATHER SERVICE SPOKANE WA  
352 AM PDT THU APR 01 2021  
   
...............................
 
 
...THE SPOKANE WA FELTS AIRPORT CLIMATE SUMMARY FOR THE MONTH OF MARCH 2021...  
 
CLIMATE NORMAL PERIOD 1981 TO 2010  
CLIMATE RECORD PERIOD 9999 TO 9999  
 
WEATHER OBSERVED NORMAL DEPART LAST YEAR'S  
VALUE DATE(S) VALUE FROM VALUE DATE(S)  
NORMAL    
............................................................
 
 
TEMPERATURE (F)  
RECORD  
HIGH MM MM  
LOW MM MM  
 
HIGHEST 67 03/18 MM MM 62 03/20  
LOWEST 25 03/10 MM MM 16 03/15  
03/11  
AVG. MAXIMUM 54.3 50.5 3.8 50.7  
AVG. MINIMUM 30.5 31.1 -0.6 29.8  
MEAN 42.4 40.8 1.6 40.3  
DAYS MAX >= 90 0 0.0 0.0 0  
DAYS MAX <= 32 0 0.3 -0.3 1  
DAYS MIN <= 32 20 17.1 2.9 22  
DAYS MIN <= 0 0 0.0 0.0 0  
 
PRECIPITATION (INCHES)  
RECORD  
MAXIMUM MM MM  
MINIMUM MM MM  
TOTALS 0.35 1.57 -1.22 0.65  
DAILY AVG. 0.01 0.05 -0.04 0.02  
DAYS >= .01 3 MM MM 7  
DAYS >= .10 2 MM MM 2  
DAYS >= .50 0 MM MM 0  
DAYS >= 1.00 0 MM MM 0  
GREATEST  
24 HR. TOTAL 0.18 03/22 TO 03/22 0.27  
 
DEGREE DAYS  
HEATING TOTAL 692 750 -58 759  
SINCE 7/1 4831 5322 -491 4999  
COOLING TOTAL 0 0 0 0  
SINCE 1/1 0 0 0 0    
............................................................
 
 
WIND (MPH)  
AVERAGE WIND SPEED 4.9  
HIGHEST WIND SPEED/DIRECTION 41/230 DATE 03/28  
HIGHEST GUST SPEED/DIRECTION 55/240 DATE 03/28  
 
SKY COVER  
POSSIBLE SUNSHINE (PERCENT) MM  
AVERAGE SKY COVER 0.35  
NUMBER OF DAYS FAIR 17  
NUMBER OF DAYS PC 10  
NUMBER OF DAYS CLOUDY 4  
 
AVERAGE RH (PERCENT) 61  
 
WEATHER CONDITIONS. NUMBER OF DAYS WITH  
THUNDERSTORM 1 MIXED PRECIP 0  
HEAVY RAIN 1 RAIN 2  
LIGHT RAIN 8 FREEZING RAIN 0  
LT FREEZING RAIN 0 HAIL 0  
HEAVY SNOW 0 SNOW 0  
LIGHT SNOW 0 SLEET 0  
FOG 7 FOG W/VIS <= 1/4 MILE 3  
HAZE 2  
 
- INDICATES NEGATIVE NUMBERS.  
R INDICATES RECORD WAS SET OR TIED.  
MM INDICATES DATA IS MISSING.  
T INDICATES TRACE AMOUNT.  
 

 
 
CLICK HERE TO GO TO PREVIOUS BULLETINS.

The Nexlab WA Page
The Nexlab ID Page Main Text Page