346  
CXUS56 KPDT 011526  
CLMYKM  
 
CLIMATE REPORT  
NATIONAL WEATHER SERVICE PENDLETON OR  
826 AM PDT THU APR 01 2021  
   
...............................
 
 
   
..THE YAKIMA WA CLIMATE SUMMARY FOR THE MONTH OF MARCH 2021
 
 
CLIMATE NORMAL PERIOD 1981 TO 2010  
CLIMATE RECORD PERIOD 1946 TO 2021  
 
WEATHER OBSERVED NORMAL DEPART LAST YEAR'S  
VALUE DATE(S) VALUE FROM VALUE DATE(S)  
NORMAL    
............................................................
 
 
TEMPERATURE (F)  
RECORD  
HIGH 80 03/27/2015  
LOW 03/04/1960  
HIGHEST 66 03/26 67 03/20  
LOWEST 22 03/09 18 03/01  
03/30  
AVG. MAXIMUM 58.3 56.2 2.1 56.9  
AVG. MINIMUM 29.5 30.1 -0.6 27.5  
MEAN 43.9 43.2 0.7 42.2  
DAYS MAX >= 90 0 0.0 0.0 0  
DAYS MAX <= 32 0 0.0 0.0 0  
DAYS MIN <= 32 24 20.0 4.0 26  
DAYS MIN <= 0 0 0.0 0.0 0  
 
PRECIPITATION (INCHES)  
RECORD  
MAXIMUM 2.63 1957  
MINIMUM 0.01 1973  
TOTALS 0.08 0.62 -0.54 0.33  
DAILY AVG. 0.00 0.02 -0.02 0.01  
DAYS >= .01 3 6.0 -3.0 7  
DAYS >= .10 0 2.0 -2.0 1  
DAYS >= .50 0 0.0 0.0 0  
DAYS >= 1.00 0 0.0 0.0 0  
GREATEST  
24 HR. TOTAL 0.04 03/14 TO 03/14 0.18 03/13 TO 03/14  
 
DEGREE DAYS  
HEATING TOTAL 646 676 -30 699  
SINCE 7/1 4635 5229 -594 MM  
COOLING TOTAL 0 0 0 0  
SINCE 1/1 0 0 0 MM    
............................................................
 
 
WIND (MPH)  
AVERAGE WIND SPEED 6.9  
RESULTANT WIND SPEED/DIRECTION 4/270  
HIGHEST WIND SPEED/DIRECTION 39/270 DATE 03/28  
HIGHEST GUST SPEED/DIRECTION 56/250 DATE 03/28  
 
AVERAGE RH (PERCENT) 52  
 
WEATHER CONDITIONS. NUMBER OF DAYS WITH  
THUNDERSTORM 0 MIXED PRECIP 0  
HEAVY RAIN 0 RAIN 0  
LIGHT RAIN 5 FREEZING RAIN 0  
LT FREEZING RAIN 0 HAIL 0  
HEAVY SNOW 0 SNOW 0  
LIGHT SNOW 0 SLEET 0  
FOG 0 FOG W/VIS <= 1/4 MILE 0  
HAZE 4  
 
- INDICATES NEGATIVE NUMBERS.  
R INDICATES RECORD WAS SET OR TIED.  
MM INDICATES DATA IS MISSING.  
T INDICATES TRACE AMOUNT.  
 

 
 
CLICK HERE TO GO TO PREVIOUS BULLETINS.

The Nexlab OR Page
The Nexlab WA Page Main Text Page

The Nexlab OR Page
The Nexlab WA Page Main Text Page