482  
CXUS56 KPDT 012034  
CLMRDM  
 
CLIMATE REPORT  
NATIONAL WEATHER SERVICE PENDLETON, OR  
1234 PM PST WED FEB 01 2023  
   
...............................
 
 
   
..THE REDMOND OR CLIMATE SUMMARY FOR THE MONTH OF JANUARY 2023
 
 
CLIMATE NORMAL PERIOD 1991 TO 2020  
CLIMATE RECORD PERIOD 1949 TO 2023  
 
WEATHER OBSERVED NORMAL DEPART LAST YEAR'S  
VALUE DATE(S) VALUE FROM VALUE DATE(S)  
NORMAL    
............................................................
 
 
TEMPERATURE (F)  
RECORD  
HIGH 70 01/29/2018  
LOW -27 01/22/1962  
HIGHEST 60 01/26 63 01/23  
LOWEST -7 01/30 -5 01/01  
AVG. MAXIMUM 45.7 44.2 1.5 49.5  
AVG. MINIMUM 24.0 25.3 -1.3 25.4  
MEAN 34.9 34.8 0.1 37.5  
DAYS MAX >= 90 0 0.0 0.0 0  
DAYS MAX <= 32 1 4.3 -3.3 1  
DAYS MIN <= 32 25 25.8 -0.8 24  
DAYS MIN <= 0 2 1.0 1.0 1  
 
PRECIPITATION (INCHES)  
RECORD  
MAXIMUM 3.07 1970  
MINIMUM 0.01 2022  
TOTALS 0.24 0.98 -0.74 0.01  
DAILY AVG. 0.01 0.03 -0.02 0.02  
DAYS >= .01 5 8.7 -3.7 0  
DAYS >= .10 0 3.0 -3.0 0  
DAYS >= .50 0 0.1 -0.1 0  
DAYS >= 1.00 0 0.0 0.0 0  
GREATEST  
24 HR. TOTAL 0.08 01/11 TO 01/11 0.01 01/30 TO 01/30  
 
DEGREE DAYS  
HEATING TOTAL 926 938 -12 849  
SINCE 7/1 3419 3510 -91 MM  
COOLING TOTAL 0 0 0 0  
SINCE 1/1 0 0 0 MM    
............................................................
 
 
WIND (MPH)  
AVERAGE WIND SPEED 7.0  
RESULTANT WIND SPEED/DIRECTION 3/150  
HIGHEST WIND SPEED/DIRECTION 30/210 DATE 01/08  
30/260 01/09  
HIGHEST GUST SPEED/DIRECTION 42/230 DATE 01/08  
 
AVERAGE RH (PERCENT) 64  
 
WEATHER CONDITIONS. NUMBER OF DAYS WITH  
THUNDERSTORM 0 MIXED PRECIP 0  
HEAVY RAIN 0 RAIN 1  
LIGHT RAIN 7 FREEZING RAIN 0  
LT FREEZING RAIN 0 HAIL 0  
HEAVY SNOW 0 SNOW 0  
LIGHT SNOW 6 SLEET 0  
FOG 6 FOG W/VIS <= 1/4 MILE 2  
HAZE 1  
 
- INDICATES NEGATIVE NUMBERS.  
R INDICATES RECORD WAS SET OR TIED.  
MM INDICATES DATA IS MISSING.  
T INDICATES TRACE AMOUNT.  
 

 
 
CLICK HERE TO GO TO PREVIOUS BULLETINS.

The Nexlab OR Page
The Nexlab WA Page Main Text Page