836  
CXUS56 KSEW 011514 CCA  
CLMHQM  
 
CLIMATE REPORT...CORRECTED  
NATIONAL WEATHER SERVICE SEATTLE  
714 AM PST WED FEB 01 2023  
   
...............................
 
 
...THE HOQUIAM WA AIRPORT CLIMATE SUMMARY FOR THE MONTH OF JANUARY 2023...  
 
CLIMATE NORMAL PERIOD 1991 TO 2020  
CLIMATE RECORD PERIOD 1953 TO 2023  
 
WEATHER OBSERVED NORMAL DEPART LAST YEAR'S  
VALUE DATE(S) VALUE FROM VALUE DATE(S)  
NORMAL    
............................................................
 
 
TEMPERATURE (F)  
RECORD  
HIGH 63 01/20/1961  
LOW 16 01/07/1974  
01/27/1957  
HIGHEST 56 01/10 MM MM 57 01/12  
LOWEST 27 01/30 MM MM 27 01/01  
AVG. MAXIMUM 49.9 47.5 2.4 49.8  
AVG. MINIMUM 40.9 38.0 2.9 38.4  
MEAN 45.4 42.8 2.6 44.1  
DAYS MAX >= 90 0 0.0 0.0 0  
DAYS MAX <= 32 0 0.1 -0.1 0  
DAYS MIN <= 32 3 6.0 -3.0 3  
DAYS MIN <= 0 0 0.0 0.0 0  
 
PRECIPITATION (INCHES)  
RECORD  
MAXIMUM 23.46 2006  
MINIMUM 0.41 1985  
TOTALS 8.01 10.91 -2.90 15.42  
DAILY AVG. 0.26 0.35 -0.09 0.50  
DAYS >= .01 22 21.8 0.2 18  
DAYS >= .10 15 16.9 -1.9 14  
DAYS >= .50 5 8.0 -3.0 8  
DAYS >= 1.00 2 3.1 -1.1 4  
GREATEST  
24 HR. TOTAL 1.71 01/08 TO 01/09  
 
DEGREE DAYS  
HEATING TOTAL 542 690 -148 642  
SINCE 7/1 2140 2829 -689 MM  
COOLING TOTAL 0 0 0 0  
SINCE 1/1 0 0 0 MM    
............................................................
 
 
WIND (MPH)  
AVERAGE WIND SPEED 9.6  
HIGHEST WIND SPEED/DIRECTION 41/290 DATE 01/21  
HIGHEST GUST SPEED/DIRECTION 59/280 DATE 01/21  
 
SKY COVER  
POSSIBLE SUNSHINE (PERCENT) MM  
AVERAGE SKY COVER 0.75  
NUMBER OF DAYS FAIR 3  
NUMBER OF DAYS PC 9  
NUMBER OF DAYS CLOUDY 19  
 
AVERAGE RH (PERCENT) 81  
 
WEATHER CONDITIONS. NUMBER OF DAYS WITH  
THUNDERSTORM 1 MIXED PRECIP 0  
HEAVY RAIN 1 RAIN 7  
LIGHT RAIN 23 FREEZING RAIN 0  
LT FREEZING RAIN 0 HAIL 0  
HEAVY SNOW 0 SNOW 0  
LIGHT SNOW 0 SLEET 0  
FOG 26 FOG W/VIS <= 1/4 MILE 1  
HAZE 7  
 
- INDICATES NEGATIVE NUMBERS.  
R INDICATES RECORD WAS SET OR TIED.  
MM INDICATES DATA IS MISSING.  
T INDICATES TRACE AMOUNT.  
 

 
 
CLICK HERE TO GO TO PREVIOUS BULLETINS.

The Nexlab WA Page Main Text Page