632  
CXUS53 KGRB 010841  
CLMAUW  
 
CLIMATE REPORT  
NATIONAL WEATHER SERVICE GREEN BAY  
241 AM CST WED FEB 01 2023  
   
...............................
 
 
   
..THE WAUSAU WI CLIMATE SUMMARY FOR THE MONTH OF JANUARY 2023
 
 
CLIMATE NORMAL PERIOD: 1991 TO 2020  
CLIMATE RECORD PERIOD: 1896 TO 2023  
 
WEATHER OBSERVED NORMAL DEPART LAST YEAR'S  
VALUE DATE(S) VALUE FROM VALUE DATE(S)  
NORMAL    
............................................................
 
 
TEMPERATURE (F)  
RECORD  
HIGH 54 01/24/1942  
LOW -40 01/30/1951  
01/18/1948  
HIGHEST 39 01/15 40 -1 37 01/18  
LOWEST -15 01/31 -19 4 -22 01/26  
AVG. MAXIMUM 28.0 22.8 5.2 20.4  
AVG. MINIMUM 18.9 6.7 12.2 1.8  
MEAN 23.5 14.8 8.7 11.1  
DAYS MAX >= 90 0 0.0 0.0 0  
DAYS MAX <= 32 19 24.6 -5.6 29  
DAYS MIN <= 32 28 30.6 -2.6 31  
DAYS MIN <= 0 3 10.3 -7.3 14  
 
PRECIPITATION (INCHES)  
RECORD  
MAXIMUM 3.12 1967  
MINIMUM 0.07 1981  
TOTALS 1.58 1.20 0.38 0.68  
DAYS >= .01 11 10.5 0.5 9  
DAYS >= .10 5 4.0 1.0 1  
DAYS >= .50 1 0.3 0.7  
DAYS >= 1.00 0 0.0 0.0 0  
GREATEST  
STORM TOTAL 0.64  
(MM/DD(HH))  
 
SNOWFALL (INCHES)  
RECORDS  
TOTAL 32.9 1929  
24 HR TOTAL MM  
TOTALS 10.8 14.8 -4.0 12.1  
SINCE 7/1 38.3 36.6 1.7 MM  
DAYS >= TRACE 15 11.3 3.7  
DAYS >= 1.0 3 4.9 -1.9 5  
GREATEST  
SNOW DEPTH 11R 01/29 11 01/29  
01/30  
01/31  
01/30  
01/31  
24 HR TOTAL MM  
 
DEGREE DAYS  
HEATING TOTAL 1282 1558 -276 1665  
SINCE 7/1 4206 4748 -542 MM  
COOLING TOTAL 0 0 0 0  
SINCE 1/1 0 0 0 MM    
............................................................
 
 
WIND (MPH)  
AVERAGE WIND SPEED 7.0  
HIGHEST WIND SPEED/DIRECTION 26/270 DATE 01/27  
HIGHEST GUST SPEED/DIRECTION 35/280 DATE 01/27  
 
SKY COVER  
POSSIBLE SUNSHINE (PERCENT) MM  
AVERAGE SKY COVER 0.78  
NUMBER OF DAYS FAIR 4  
NUMBER OF DAYS PC 4  
NUMBER OF DAYS CLOUDY 23  
 
AVERAGE RH (PERCENT) 77  
 
WEATHER CONDITIONS. NUMBER OF DAYS WITH  
THUNDERSTORM 0 MIXED PRECIP 0  
HEAVY RAIN 1 RAIN 1  
LIGHT RAIN 5 FREEZING RAIN 0  
LT FREEZING RAIN 2 HAIL 0  
HEAVY SNOW 1 SNOW 1  
LIGHT SNOW 14 SLEET 0  
FOG 24 FOG W/VIS <= 1/4 MILE 2  
HAZE 19  
 
- INDICATES NEGATIVE NUMBERS.  
R INDICATES RECORD WAS SET OR TIED.  
MM INDICATES DATA IS MISSING.  
T INDICATES TRACE AMOUNT.  
 

 
 
CLICK HERE TO GO TO PREVIOUS BULLETINS.

The Nexlab WI Page Main Text Page