088  
CXUS53 KGRB 010705  
CLMRHI  
 
CLIMATE REPORT  
NATIONAL WEATHER SERVICE GREEN BAY  
203 AM CDT SAT AUG 1 2020  
   
...............................
 
 
   
..THE RHINELANDER WI CLIMATE SUMMARY FOR THE MONTH OF JULY 2020
 
 
CLIMATE NORMAL PERIOD 1981 TO 2010  
CLIMATE RECORD PERIOD 1908 TO 2020  
 
WEATHER OBSERVED NORMAL DEPART LAST YEAR'S  
VALUE DATE(S) VALUE FROM VALUE DATE(S)  
NORMAL    
............................................................
 
 
TEMPERATURE (F)  
RECORD  
HIGH 108 07/13/1936  
LOW 31 07/13/1930  
HIGHEST 92 07/04 90 2 89 07/19  
LOWEST 47 07/13 42 5 40 07/31  
AVG. MAXIMUM 81.3 79.0 2.3 81.4  
AVG. MINIMUM 57.6 54.5 3.1 56.1  
MEAN 69.5 66.8 2.7 68.7  
DAYS MAX >= 90 4 1.0 3.0 0  
DAYS MAX <= 32 0 0.0 0.0 0  
DAYS MIN <= 32 0 0.0 0.0 0  
DAYS MIN <= 0 0 0.0 0.0 0  
 
PRECIPITATION (INCHES)  
RECORD  
MAXIMUM 10.24 2000  
MINIMUM 0.63 1989  
TOTALS 9.31 4.02 5.29 5.01  
DAILY AVG. 0.30 0.13 0.17 0.16  
DAYS >= .01 11 MM MM 12  
DAYS >= .10 10 MM MM 6  
DAYS >= .50 6 MM MM 3  
DAYS >= 1.00 3 MM MM 1  
GREATEST  
STORM TOTAL MM  
(MM/DD(HH)) MM  
 
SNOWFALL (INCHES)  
RECORDS  
TOTAL 0.0 MM  
TOTALS 0.0 MM MM 0.0  
SINCE 7/1 0.0 MM MM 0.0  
DAYS >= TRACE 0 MM MM 0  
DAYS >= 1.0 0 MM MM 0  
GREATEST  
SNOW DEPTH 0 MM 0 MM  
24 HR TOTAL 0.0 07/31 TO 07/31  
 
DEGREE_DAYS  
HEATING TOTAL 15 51 -36 17  
SINCE 7/1 15 51 -36 17  
COOLING TOTAL 162 105 57 139  
SINCE 1/1 260 170 90 210    
.............................................................
 
 
WIND (MPH)  
AVERAGE WIND SPEED 5.2  
HIGHEST WIND SPEED/DIRECTION 25/330 DATE 07/08  
HIGHEST GUST SPEED/DIRECTION 46/240 DATE 07/14  
 
SKY COVER  
POSSIBLE SUNSHINE (PERCENT) MM  
AVERAGE SKY COVER 0.30  
NUMBER OF DAYS FAIR 23  
NUMBER OF DAYS PC 5  
NUMBER OF DAYS CLOUDY 3  
 
AVERAGE RH (PERCENT) 71  
 
 
- INDICATES NEGATIVE NUMBERS.  
R INDICATES RECORD WAS SET OR TIED.  
MM INDICATES DATA IS MISSING.  
T INDICATES TRACE AMOUNT.  
 

 
 
CLICK HERE TO GO TO PREVIOUS BULLETINS.

The Nexlab WI Page Main Text Page