453  
CXUS53 KGRB 010629  
CLMRHI  
 
CLIMATE REPORT  
NATIONAL WEATHER SERVICE GREEN BAY  
129 AM CDT THU APR 01 2021  
   
...............................
 
 
   
..THE RHINELANDER WI CLIMATE SUMMARY FOR THE MONTH OF MARCH 2021
 
 
CLIMATE NORMAL PERIOD: 1981 TO 2010  
CLIMATE RECORD PERIOD: 1908 TO 2021  
 
WEATHER OBSERVED NORMAL DEPART LAST YEAR'S  
VALUE DATE(S) VALUE FROM VALUE DATE(S)  
NORMAL    
............................................................
 
 
TEMPERATURE (F)  
RECORD  
HIGH 79 03/29/1910  
LOW -34 03/11/1948  
HIGHEST 62 03/21 60 2 50 03/27  
03/08  
LOWEST 03/01 -11 10 1 03/21  
AVG. MAXIMUM 45.0 37.2 7.8 38.6  
AVG. MINIMUM 21.8 17.1 4.7 22.8  
MEAN 33.4 27.1 6.3 30.7  
DAYS MAX >= 90 0 0.0 0.0 0  
DAYS MAX <= 32 2 10.4 -8.4 4  
DAYS MIN <= 32 27 27.6 -0.6 27  
DAYS MIN <= 0 1 3.3 -2.3 0  
 
PRECIPITATION (INCHES)  
RECORD  
MAXIMUM 5.75 1942  
MINIMUM 0.15 1978  
TOTALS 1.19 1.57 -0.38 2.89  
DAYS >= .01 7 MM MM 9  
DAYS >= .10 4 MM MM 6  
DAYS >= .50 0 MM MM 3  
DAYS >= 1.00 0 MM MM 0  
GREATEST  
STORM TOTAL 0.38  
(MM/DD(HH))  
 
SNOWFALL (INCHES)  
RECORDS  
TOTAL 27.6 2011  
TOTALS 3.7 MM MM 4.3  
SINCE 7/1 53.6 MM MM MM  
DAYS >= TRACE 7 MM MM 14  
DAYS >= 1.0 2 MM MM 1  
GREATEST  
SNOW DEPTH 14 03/01 15 03/06  
03/05  
24 HR TOTAL MM  
 
DEGREE DAYS  
HEATING TOTAL 970 1173 -203 1059  
SINCE 7/1 7482 7794 -312 7547  
COOLING TOTAL 0 0 0 0  
SINCE 1/1 0 0 0 0    
............................................................
 
 
WIND (MPH)  
AVERAGE WIND SPEED 8.1  
HIGHEST WIND SPEED/DIRECTION 32/270 DATE 03/11  
HIGHEST GUST SPEED/DIRECTION 50/230 DATE 03/11  
 
SKY COVER  
POSSIBLE SUNSHINE (PERCENT) MM  
AVERAGE SKY COVER 0.38  
NUMBER OF DAYS FAIR 18  
NUMBER OF DAYS PC 7  
NUMBER OF DAYS CLOUDY 6  
 
AVERAGE RH (PERCENT) 60  
 
WEATHER CONDITIONS. NUMBER OF DAYS WITH  
THUNDERSTORM 0 MIXED PRECIP 0  
HEAVY RAIN 0 RAIN 3  
LIGHT RAIN 4 FREEZING RAIN 0  
LT FREEZING RAIN 0 HAIL 0  
HEAVY SNOW 0 SNOW 1  
LIGHT SNOW 8 SLEET 0  
FOG 12 FOG W/VIS <= 1/4 MILE 1  
HAZE 1  
 
- INDICATES NEGATIVE NUMBERS.  
R INDICATES RECORD WAS SET OR TIED.  
MM INDICATES DATA IS MISSING.  
T INDICATES TRACE AMOUNT.  
 

 
 
CLICK HERE TO GO TO PREVIOUS BULLETINS.

The Nexlab WI Page Main Text Page