221  
CXUS53 KMKX 011553  
CLMMSN  
 
CLIMATE REPORT  
NATIONAL WEATHER SERVICE IN MILWAUKEE  
1009 AM CDT SAT AUG 1 2020  
   
...............................
 
 
   
..THE MADISON WI CLIMATE SUMMARY FOR THE MONTH OF JULY 2020
 
 
CLIMATE NORMAL PERIOD 1981 TO 2010  
CLIMATE RECORD PERIOD 1871 TO 2020  
 
WEATHER OBSERVED NORMAL DEPART LAST YEAR'S  
VALUE DATE(S) VALUE FROM VALUE DATE(S)  
NORMAL    
............................................................
 
 
TEMPERATURE (F)  
RECORD  
HIGH 107 07/14/1936  
LOW 36 07/06/1965  
HIGHEST 92 07/26 93 -1 93 07/19  
LOWEST 56 07/23 51 5 53 07/31  
AVG. MAXIMUM 85.0 81.6 3.4 85.1  
AVG. MINIMUM 65.0 61.0 4.0 65.3  
MEAN 75.0 71.3 3.7 75.2  
DAYS MAX >= 90 7 2.8 4.2 5  
DAYS MAX <= 32 0 0.0 0.0 0  
DAYS MIN <= 32 0 0.0 0.0 0  
DAYS MIN <= 0 0 0.0 0.0 0  
 
PRECIPITATION (INCHES)  
RECORD  
MAXIMUM 10.93 1950  
MINIMUM 0.29 1909  
TOTALS 7.59 4.18 3.41 5.77  
DAILY AVG. 0.24 0.13 0.11 0.19  
DAYS >= .01 7 10.6 -3.6 11  
DAYS >= .10 7 6.6 0.4 8  
DAYS >= .50 5 2.8 2.2 3  
DAYS >= 1.00 3 1.3 1.7 3  
GREATEST  
24 HR. TOTAL 2.17 07/07 TO 07/07 2.76  
 
DEGREE_DAYS  
HEATING TOTAL 0 10 -10 0  
SINCE 7/1 0 10 -10 0  
COOLING TOTAL 317 206 111 323  
SINCE 1/1 526 356 170 441    
.............................................................
 
 
WIND (MPH)  
AVERAGE WIND SPEED 5.5  
HIGHEST WIND SPEED/DIRECTION 30/360 DATE 07/07  
HIGHEST GUST SPEED/DIRECTION 40/360 DATE 07/07  
 
SKY COVER  
POSSIBLE SUNSHINE (PERCENT) MM  
AVERAGE SKY COVER 0.50  
NUMBER OF DAYS FAIR 4  
NUMBER OF DAYS PC 26  
NUMBER OF DAYS CLOUDY 1  
 
AVERAGE RH (PERCENT) 74  
 
WEATHER CONDITIONS. NUMBER OF DAYS WITH  
0  
6  
0  
0  
0  
0  
1  
HAZE 3  
 
- INDICATES NEGATIVE NUMBERS.  
R INDICATES RECORD WAS SET OR TIED.  
MM INDICATES DATA IS MISSING.  
T INDICATES TRACE AMOUNT.  
 

 
 
CLICK HERE TO GO TO PREVIOUS BULLETINS.

The Nexlab WI Page Main Text Page

The Nexlab WI Page Main Text Page