726  
CXUS53 KMPX 012041  
CLMSTC  
 
CLIMATE REPORT  
NATIONAL WEATHER SERVICE TWIN CITIES/CHANHASSEN MN  
241 PM CST WED FEB 01 2023  
   
...............................
 
 
   
..THE ST CLOUD MN CLIMATE SUMMARY FOR THE MONTH OF JANUARY 2023
 
 
CLIMATE NORMAL PERIOD 1991 TO 2020  
CLIMATE RECORD PERIOD 1893 TO 2023  
 
WEATHER OBSERVED NORMAL DEPART LAST YEAR'S  
VALUE DATE(S) VALUE FROM VALUE DATE(S)  
NORMAL    
............................................................
 
 
TEMPERATURE (F)  
RECORD  
HIGH 56 01/24/1981  
LOW -43 01/09/1977  
HIGHEST 38 01/15 33 5 42 01/18  
LOWEST -18 01/30 -15 -3 -28 01/07  
01/31  
AVG. MAXIMUM 24.3 20.7 3.6 18.5  
AVG. MINIMUM 10.2 2.9 7.3 -5.1  
MEAN 17.2 11.8 5.4 6.7  
DAYS MAX >= 90 0 0.0 0.0 0  
DAYS MAX <= 32 26 25.3 0.7 25  
DAYS MIN <= 32 31 30.8 0.2 31  
DAYS MIN <= 0 10 13.9 -3.9 20  
 
PRECIPITATION (INCHES)  
RECORD  
MAXIMUM 2.75 1897  
MINIMUM T 1898  
TOTALS 1.60 0.67 0.93 0.58  
DAILY AVG. 0.05 0.02 0.03 0.02  
DAYS >= .01 10 7.8 2.2 MM  
DAYS >= .10 5 2.1 2.9 MM  
DAYS >= .50 1 0.2 0.8 MM  
DAYS >= 1.00 0 0.0 0.0 MM  
GREATEST  
24 HR. TOTAL 0.63 01/03 TO 01/03  
 
SNOWFALL (INCHES)  
RECORDS  
TOTAL 29.5 5  
TOTALS 18.6 8.8 9.8 10.8  
SINCE 7/1 46.3 26.0 20.3 MM  
SNOWDEPTH AVG. 13 7  
DAYS >= 1.0 4 3.2 0.8 MM  
GREATEST  
SNOW DEPTH 16 01/08 9 01/29  
01/09  
01/10  
01/30  
01/31  
24 HR TOTAL 7.0R 01/04 TO 01/04  
 
DEGREE DAYS  
HEATING TOTAL 1474 1649 -175 1800  
SINCE 7/1 4639 4998 -359 MM  
COOLING TOTAL 0 0 0 0  
SINCE 1/1 0 0 0 MM    
............................................................
 
 
WIND (MPH)  
AVERAGE WIND SPEED 7.3  
HIGHEST WIND SPEED/DIRECTION 35/300 DATE 01/27  
HIGHEST GUST SPEED/DIRECTION 43/310 DATE 01/27  
 
SKY COVER  
POSSIBLE SUNSHINE (PERCENT) MM  
AVERAGE SKY COVER 0.65  
NUMBER OF DAYS FAIR 9  
NUMBER OF DAYS PC 6  
NUMBER OF DAYS CLOUDY 16  
 
AVERAGE RH (PERCENT) 82  
 
WEATHER CONDITIONS. NUMBER OF DAYS WITH  
THUNDERSTORM 0 MIXED PRECIP 0  
HEAVY RAIN 0 RAIN 0  
LIGHT RAIN 1 FREEZING RAIN 0  
LT FREEZING RAIN 1 HAIL 0  
HEAVY SNOW 1 SNOW 2  
LIGHT SNOW 11 SLEET 0  
FOG 23 FOG W/VIS <= 1/4 MILE 3  
HAZE 8  
 
- INDICATES NEGATIVE NUMBERS.  
R INDICATES RECORD WAS SET OR TIED.  
MM INDICATES DATA IS MISSING.  
T INDICATES TRACE AMOUNT.  
 

 
 
CLICK HERE TO GO TO PREVIOUS BULLETINS.

The Nexlab MN Page
The Nexlab WI Page Main Text Page