824  
CXUS53 KMPX 010809  
CLMMPX  
 
CLIMATE REPORT  
NATIONAL WEATHER SERVICE TWIN CITIES/CHANHASSEN MN  
309 AM CDT THU APR 01 2021  
   
...............................
 
 
   
..THE CHANHASSEN MN CLIMATE SUMMARY FOR THE MONTH OF MARCH 2021
 
 
CLIMATE NORMAL PERIOD 1981 TO 2010  
CLIMATE RECORD PERIOD 1995 TO 2021  
 
WEATHER OBSERVED NORMAL DEPART LAST YEAR'S  
VALUE DATE(S) VALUE FROM VALUE DATE(S)  
NORMAL    
............................................................
 
 
TEMPERATURE (F)  
HIGHEST 71 03/29 MM MM 58 03/08  
03/27  
03/30  
LOWEST 11 03/01 MM MM 16 03/21  
AVG. MAXIMUM 48.2 40.1 8.1 43.0  
AVG. MINIMUM 28.8 22.4 6.4 28.1  
MEAN 38.5 31.3 7.2 35.5  
DAYS MAX >= 90 0 0  
DAYS MAX <= 32 1 1  
DAYS MIN <= 32 21 23  
DAYS MIN <= 0 0 0  
 
PRECIPITATION (INCHES)  
TOTALS 2.37R 1.78 0.59 2.88  
DAILY AVG. 0.08 0.09  
DAYS >= .01 9 10  
DAYS >= .10 5 4  
DAYS >= .50 2 1  
DAYS >= 1.00 0 1  
GREATEST  
24 HR. TOTAL 0.63 03/24 TO 03/24 1.57  
 
SNOWFALL (INCHES)  
TOTALS 6.4 10.8 -4.4 3.4  
SINCE 7/1 48.6 50.5 -1.9 MM  
SNOWDEPTH AVG. 1 1  
DAYS >= 1.0 2 3  
GREATEST  
SNOW DEPTH 7 03/01 5 MM  
03/02  
24 HR TOTAL MM  
 
DEGREE DAYS  
HEATING TOTAL 813 1046 -233 907  
SINCE 7/1 6798 7059 -261 MM  
COOLING TOTAL 0 0 0 0  
SINCE 1/1 0 0 0 MM    
............................................................
 
 
- INDICATES NEGATIVE NUMBERS.  
R INDICATES RECORD WAS SET OR TIED.  
MM INDICATES DATA IS MISSING.  
T INDICATES TRACE AMOUNT.  
 

 
 
CLICK HERE TO GO TO PREVIOUS BULLETINS.

The Nexlab MN Page
The Nexlab WI Page Main Text Page