899  
CXUS52 KMFL 011155 CCA  
CLMFLL  
 
CLIMATE REPORT  
NATIONAL WEATHER SERVICE MIAMI, FL  
745 AM EDT FRI JUN 1 2018  
   
...............................
 
 
   
..THE FORT LAUDERDALE CLIMATE SUMMARY FOR THE MONTH OF MAY 2018
 
 
CLIMATE NORMAL PERIOD 1981 TO 2010  
CLIMATE RECORD PERIOD 1912 TO 2018  
 
WEATHER OBSERVED NORMAL DEPART LAST YEAR'S  
VALUE DATE(S) VALUE FROM VALUE  
NORMAL    
.........................................................
 
 
TEMPERATURE (F)  
RECORD  
HIGH 96 05/20/2008  
05/18/2008  
05/11/2008  
LOW 49 05/05/1921  
HIGHEST 87 05/30 95  
05/15  
05/07  
LOWEST 70 05/15 62  
05/13  
AVG. MAXIMUM 83.4 86.2 -2.8 87.3  
AVG. MINIMUM 73.5 74.2 -0.7 73.8  
MEAN 78.5 80.2 -1.7 80.6  
DAYS MAX >= 90 0 7  
DAYS MAX <= 32 0 0  
DAYS MIN <= 32 0 0  
DAYS MIN <= 0 0 0  
 
PRECIPITATION (INCHES)  
RECORD  
MAXIMUM 17.85 2003  
MINIMUM 0.06 1941  
TOTALS 15.15 4.65 10.50 2.82  
DAILY AVG. 0.49 0.15 0.34 0.09  
DAYS >= .01 20 9  
DAYS >= .10 18 8  
DAYS >= .50 9 2  
DAYS >= 1.00 4 0  
GREATEST  
24 HR. TOTAL 5.27 05/20 TO 05/20 0.86  
 
DEGREE_DAYS  
HEATING TOTAL 0 0 0 0  
SINCE 7/1 141 112 29 35  
COOLING TOTAL 426 471 -45 491  
SINCE 1/1 1404 1418 -14 1577    
..........................................................
 
 
WIND (MPH)  
AVERAGE WIND SPEED 11.8  
HIGHEST WIND SPEED/DIRECTION 35/160 DATE 05/20  
HIGHEST GUST SPEED/DIRECTION 44/120 DATE 05/20  
 
SKY COVER  
POSSIBLE SUNSHINE (PERCENT) MM  
AVERAGE SKY COVER 0.70  
NUMBER OF DAYS FAIR 0  
NUMBER OF DAYS PC 15  
NUMBER OF DAYS CLOUDY 16  
 
AVERAGE RH (PERCENT) 83  
 
WEATHER CONDITIONS. NUMBER OF DAYS WITH  
THUNDERSTORM 8 MIXED PRECIP 0  
HEAVY RAIN 11 RAIN 12  
LIGHT RAIN 21 FREEZING RAIN 0  
LT FREEZING RAIN 0 HAIL 0  
HEAVY SNOW 0 SNOW 0  
LIGHT SNOW 0 SLEET 0  
FOG 17 FOG W/VIS <= 1/4 MILE 0  
HAZE 1  
 
- INDICATES NEGATIVE NUMBERS.  
R INDICATES RECORD WAS SET OR TIED.  
MM INDICATES DATA IS MISSING.  
T INDICATES TRACE AMOUNT.  
 

 
 
CLICK HERE TO GO TO PREVIOUS BULLETINS.

The Nexlab FL Page Main Text Page