484  
CXUS55 KCYS 052254  
CLMRWL  
 
CLIMATE REPORT  
NATIONAL WEATHER SERVICE CHEYENNE WY  
449 PM MDT THU APR 5 2018  
   
...............................
 
 
 
...THE RAWLINS WY AIRPORT CLIMATE SUMMARY FOR THE MONTH OF MARCH 2018...  
 
CLIMATE NORMAL PERIOD 1981 TO 2010  
CLIMATE RECORD PERIOD 1951 TO 2018  
 
WEATHER OBSERVED NORMAL DEPART LAST YEAR'S  
VALUE DATE(S) VALUE FROM VALUE  
NORMAL    
.........................................................
 
 
TEMPERATURE (F)  
RECORD  
HIGH 73 03/31/2012  
LOW -23 03/08/1998  
HIGHEST 62 03/22 MM MM 71  
LOWEST 11 03/06 MM MM 11  
AVG. MAXIMUM 45.9 43.6 2.3 51.7  
AVG. MINIMUM 22.1 20.9 1.2 30.4  
MEAN 34.0 32.3 1.7 41.1  
DAYS MAX >= 90 0 0.0 0  
DAYS MAX <= 32 1 4.6 2  
DAYS MIN <= 32 29 27.7 18  
DAYS MIN <= 0 0 1.4 0  
 
PRECIPITATION (INCHES)  
RECORD  
MAXIMUM 2.09 1998  
MINIMUM 0.00 2000  
TOTALS 0.32 0.68 -0.36 0.30  
DAYS >= .01 6 7.4 -1.4 8  
DAYS >= .10 1 2.1 -1.1 1  
DAYS >= .50 0 0.1 -0.1 0  
DAYS >= 1.00 0 0.0 0.0 0  
GREATEST  
24 HR. TOTAL 0.14 03/15 TO 03/15  
 
DEGREE_DAYS  
HEATING TOTAL 924 1015 -91 736  
SINCE 7/1 6244 6972 -728 6232  
COOLING TOTAL 0 0 0 0  
SINCE 1/1 0 0 0 0    
..........................................................
 
 
WIND (MPH)  
AVERAGE WIND SPEED 14.2  
HIGHEST WIND SPEED/DIRECTION 47/250 DATE 03/30  
HIGHEST GUST SPEED/DIRECTION 59/250 DATE 03/30  
 
SKY COVER  
POSSIBLE SUNSHINE (PERCENT) 0  
AVERAGE SKY COVER 0.30  
NUMBER OF DAYS FAIR 18  
NUMBER OF DAYS PC 9  
NUMBER OF DAYS CLOUDY 3  
 
AVERAGE RH (PERCENT) 56  
 
- INDICATES NEGATIVE NUMBERS.  
R INDICATES RECORD WAS SET OR TIED.  
MM INDICATES DATA IS MISSING.  
T INDICATES TRACE AMOUNT.  
 

 
 
CLICK HERE TO GO TO PREVIOUS BULLETINS.

The Nexlab WY Page
The Nexlab NE Page Main Text Page